{"id":1065,"date":"2014-05-06T23:07:04","date_gmt":"2014-05-06T21:07:04","guid":{"rendered":"http:\/\/www.ssaki.eu\/?page_id=1065"},"modified":"2014-05-06T23:11:04","modified_gmt":"2014-05-06T21:11:04","slug":"zo-zapisnice-z-24-4-2014","status":"publish","type":"page","link":"https:\/\/www.ssaki.eu\/?page_id=1065","title":{"rendered":"Zo z\u00e1pisnice z 24.4.2014"},"content":{"rendered":"<p dir=\"ltr\">Pr\u00edtomn\u00ed: \u00a0Pru\u017einec, Vrl\u00edk, Petriskov\u00e1, Koss\u00e1rov\u00e1, Hrubi\u0161ko, Hochmuth, Ko\u0161turiak, Lap\u0161ansk\u00e1, Schvalbov\u00e1, Dzurillov\u00e1, Barlov\u00e1<\/p>\n<p dir=\"ltr\">Hos\u0165: \u00a0Michali\u010dkov\u00e1<\/p>\n<p dir=\"ltr\">Ospravedlnen\u00ed: \u010ci\u017en\u00e1r, Kov\u00e1\u010dov\u00e1<\/p>\n<p dir=\"ltr\">Program:<\/p>\n<ol>\n<li dir=\"ltr\">\n<p dir=\"ltr\">Ods\u00fahlasenie stanoviska odbornej skupiny o\u00a0\u201eS\u00fa\u010dasnej situ\u00e1cii v\u00a0oblasti povinn\u00e9ho o\u010dkovania\u201c, podp\u00edsan\u00e9 predsedom v\u00fdboru SSAKI-materi\u00e1l \u00a0pre MZSR \u00a0pre katedru epidemiol\u00f3gie SZU- Doc.Kri\u0161t\u00fafkovej<\/p>\n<\/li>\n<li dir=\"ltr\">\n<p dir=\"ltr\">\u010eakovn\u00fd list od prof. \u0160pi\u010d\u00e1ka predsedovi SSAKI<\/p>\n<\/li>\n<li dir=\"ltr\">\n<p dir=\"ltr\">Pos\u00fadenie zoznamu alerg\u00e9nov zaslan\u00fdch z\u00a0UZI\u0160 &#8211; u \u00a0od \u00a0Mgr. Timei Brziakovej. Vyjadrenie poradn\u00e9ho zboru a V\u00fdboru: \u201cPoskytnut\u00fd Zoznam alerg\u00e9nov pova\u017eujeme za neodborn\u00fd, nezodpoved\u00e1 s\u00fa\u010dasn\u00e9mu deleniu alerg\u00e9nov-antig\u00e9nov. \u017diadame \u00a0Va\u0161e vyjadrenie ,na ak\u00e9 \u00fa\u010dely m\u00e1 uveden\u00fd zoznam sl\u00fa\u017ei\u0165. N\u00e1sledne poskytneme s\u00fa\u010dasne platn\u00fd, vedecky podlo\u017een\u00fd \u00a0a\u00a0v\u00a0praxi pou\u017e\u00edvan\u00fd zoznam alerg\u00e9nov.<\/p>\n<\/li>\n<li dir=\"ltr\">\n<p dir=\"ltr\">\u010eal\u0161ia sch\u00f4dza v\u00fdboru a\u00a0poradn\u00e9ho zboru SSAKI je 19. &#8211; 21. j\u00fana (Val\u010dianska dolina,hotel Impozant )<\/p>\n<\/li>\n<li dir=\"ltr\">\n<p dir=\"ltr\">Po\u010fakovanie organiz\u00e1torom za \u00faspe\u0161n\u00e9 usporiadanie MDI 2014. \u00a0V\u00fdbor potvrdzuje pr\u00e1vo \u00a0odborn\u00e9ho predsedn\u00edctva sekcie na odborn\u00e9 usmernenie \u00a0predn\u00e1\u0161aj\u00facich.<\/p>\n<\/li>\n<li dir=\"ltr\">\n<p dir=\"ltr\">Odborn\u00fd \u010dasopis \u201c Klinick\u00e1 imunol\u00f3gia a alergol\u00f3gia (registrovan\u00fd Excerpta Medica), kde bol odborn\u00fdm \u00a0recenzentom doposia\u013e \u00a0prof. Feren\u010d\u00edk ( t\u00fato funkciu u\u017e 3 roky nevykon\u00e1va), je n\u00e1vrh na roz\u0161\u00edrenie \u00a0okruhu \u00a0recenzentov. \u00a0Navrhnut\u00ed boli a\u00a0menovanie prijali \u00a0Hrubi\u0161ko, Ko\u0161turiak, Hochmuth &#8211; t\u00edto s\u00fa\u010dasne bud\u00fa m\u00f4c\u0165 ur\u010di\u0165 &#8211; po\u017eiada\u0165 in\u00fdch kolegov o recenziu.<\/p>\n<\/li>\n<li dir=\"ltr\">\n<p dir=\"ltr\">Dr. Michali\u010dkov\u00e1, krajsk\u00e1 odborn\u00ed\u010dka pre \u00a0Tren\u010d\u00edn, navrhovala na zverejnenie v\u00a0\u010dasopise Klinick\u00e1 imunol\u00f3gia \u010dl\u00e1nok o\u00a0aspl\u00e9nii, vypracovan\u00fd \u00a0Dr. Vir\u010d\u00edkom, rovnako navrhovala Dr. \u00a0Koss\u00e1rov\u00e1, krajsk\u00e1 odborn\u00ed\u010dka pre Bratislavu, zverejni\u0165 s\u00e9riu \u00a0\u010dl\u00e1nkov o alergii na nesteroidn\u00e9 protiz\u00e1palov\u00e9 lieky od autoriek, ktor\u00e9 t\u00fato problematiku odprezentovali na bratislavskom semin\u00e1ri &#8211; n\u00e1vrhy sa prijali.<\/p>\n<\/li>\n<li dir=\"ltr\">\n<p dir=\"ltr\">Program navrhovan\u00fd na podujatie Alergia 2014: \u00a0Ko\u0161turiak: Anafylaxia up to date; Koss\u00e1rov\u00e1: Bakteriof\u00e1gy v\u00a0obdob\u00ed antibiotickej rezistencie; Hrubi\u0161ko: Probiotik\u00e1 funguj\u00fa? ; Michali\u010dkov\u00e1: Kazuistika; \u00a0Dzurillov\u00e1 \u017daneta: S\u00fa\u010dasn\u00e9 mo\u017enosti diagnostiky neplodn\u00e9ho p\u00e1ru na Slovensku. Lap\u0161ansk\u00e1: Alergia zn\u00e1ma-nezn\u00e1ma.<\/p>\n<\/li>\n<li dir=\"ltr\">\n<p dir=\"ltr\">Pl\u00e1novan\u00fd term\u00edn kongresu \u00a0SSAKI- \u010cSAKI -\u017dilina \u00a021-24. okt\u00f3ber 2015<\/p>\n<\/li>\n<li dir=\"ltr\">\n<p dir=\"ltr\">MDI \u00a025-27.3.2015 Martin<\/p>\n<\/li>\n<li dir=\"ltr\">\n<p dir=\"ltr\">N\u00e1vrhy na metodick\u00e9 usmernenia \u00a0v\u00a0odbore post\u00fapi hlavn\u00fd odborn\u00edk na MzSR v\u00a0tematick\u00fdch \u00a0oblastiach<\/p>\n<\/li>\n<\/ol>\n<ol>\n<li dir=\"ltr\">\n<p dir=\"ltr\">Protialergick\u00e1 pr\u00edprava pacienta na kontratsn\u00e9 vy\u0161etrenia (\u010ci\u017en\u00e1r, Mikler, Hrubi\u0161ko, Koss\u00e1rov\u00e1)<\/p>\n<\/li>\n<li dir=\"ltr\">\n<p dir=\"ltr\">Aktu\u00e1lne z\u00e1sady stravovania det\u00ed do 1 roku \u017eivota a di\u00e9ta pri alergii na BKM (\u010ci\u017en\u00e1r, Koss\u00e1rov\u00e1, Lap\u0161ansk\u00e1, Abaffyov\u00e1)<\/p>\n<\/li>\n<li dir=\"ltr\">\n<p dir=\"ltr\">Food \u00a0testy (pou\u017e\u00edvan\u00e9 v\u00a0poslednej dobe \u010doraz \u010dastej\u0161ie, neodborn\u00edkmi z\u00a0imunol\u00f3gie, na priamu \u00fahradu pacientom aj hraden\u00e9 ur\u010dit\u00fdm centr\u00e1m a\u00a0jednotlivcom pois\u0165ov\u0148ou!, bez z\u00e1verov &#8211; interpret\u00e1cie &#8211; ponechan\u00e9 na n\u00e1s &#8211; odborn\u00edkov = vyhodnoti\u0165 testy, ktor\u00e9 sme nerobili a ktor\u00e9 nemaj\u00fa validitu) \u00a0&#8211; protil\u00e1tky proti potravinov\u00fdm antig\u00e9nom v triede IgG a\u00a0IgA . Na\u0161e stanovisko: Tieto vy\u0161etrenia nesp\u013a\u0148aj\u00fa po\u017eiadavky EBM, nie s\u00fa odpor\u00fa\u010dan\u00e9 ani eur\u00f3pskymi \u010di \u00a0in\u00fdmi svetov\u00fdmi odborn\u00fdmi spolo\u010dnos\u0165ami (EAACI, AAACI, ESPGHAN\u2026), (pripravia: Hrubi\u0161ko, Koss\u00e1rov\u00e1, &#8230;)<\/p>\n<\/li>\n<\/ol>\n<ol start=\"12\">\n<li dir=\"ltr\">\n<p dir=\"ltr\">Vyjadrenie pr\u00e1vnikov o\u00a0ot\u00e1zkach povinn\u00e9ho o\u010dkovania : Vakcin\u00e1cia \u00a0v\u00a0s\u00fa\u010dasnosti \u00a0obmedzuje pr\u00e1vo na s\u00fakromie\/slobodn\u00e9 rozhodovanie, av\u0161ak obmedzenie tohto pr\u00e1va m\u00f4\u017ee nasta\u0165 len v\u00a0pr\u00edpade verejn\u00e9ho z\u00e1ujmu. \u00da\u010delom povinn\u00e9ho o\u010dkovania je prevencia \u0161\u00edrenia prenosn\u00fdch chor\u00f4b, a teda ochrana pr\u00e1v in\u00fdch \u2013 pr\u00e1va na zdravie , \u010di dokonca aj pr\u00e1va na \u017eivot, ale o\u010dkovanie zah\u0155\u0148a aj ur\u010dit\u00e9 zdravotn\u00e9 rizik\u00e1 pre o\u010dkovan\u00e9 osoby. (Cit\u00e1t z\u00a0index. pr\u00e1vnick\u00e9ho \u010dasopisu). Tak\u00e9to obmedzenie osobn\u00fdch pr\u00e1v v\u0161ak mus\u00ed by\u0165 v legislat\u00edve zakotven\u00e9 normou zodpovedaj\u00faceho v\u00fdznamu \u00a0&#8211; z\u00e1konom. Aktu\u00e1lne sa o\u010dkovaniu venuje \u201ciba\u201d vyhl\u00e1\u0161ka MZ SR.<\/p>\n<\/li>\n<\/ol>\n<ol start=\"13\">\n<li dir=\"ltr\">\n<p dir=\"ltr\">Poradn\u00fd zbor a V\u00fdbor SSAKI schva\u013euje vytvorenie centra \u00a0reproduk\u010dnej imunol\u00f3gie pre spolo\u010dnos\u0165 Imunoalergol\u00f3gia Dzurilla s.r.o v Nitre. Objedn\u00e1vanie p\u00e1rov na vy\u0161etrenie je na recepcii spolo\u010dnosti denne od 13,30 do 15,00 hod na tel.037 7930260<\/p>\n<\/li>\n<\/ol>\n<ol start=\"14\">\n<li dir=\"ltr\">\n<p dir=\"ltr\">Tren\u010diansky kraj &#8211; ch\u00fdbaj\u00fa traja imunol\u00f3govia, Bratislava \u2013 ch\u00fdba \u00a0imunol\u00f3g na miesto \u00a0Dr.Kov\u00e1\u010dovej. Nast\u00fapen\u00e1 Dr. Bergendiov\u00e1 (ktor\u00e1 dostala cel\u00fd kme\u0148 pacientov od V\u0160ZP po Dr.Kov\u00e1\u010dovej), pracuje za ro\u010dn\u00e9 predplatn\u00e9 od pacienta, \u010do je pre v\u00e4\u010d\u0161inu poistencov finan\u010dne ne\u00fanosn\u00e9 (inform\u00e1cia krajskej odborn\u00ed\u010dky). V tejto s\u00favislosti vyjadruje V\u00fdbor znepokojenie nad n\u00e1rastom pou\u017e\u00edvania tzv. alternat\u00edvnych metod\u00edk v \u0161pecializovan\u00fdch ambulanci\u00e1ch (homeopatia, biorezonancia..). T\u00fato problematiku budeme pozorne sledova\u0165 a bude nutn\u00e9 zopakova\u0165 niektor\u00e9 predn\u00e1\u0161ky (Pru\u017einec &#8211; homeopatia, Alergia 2014 a i.).<\/p>\n<\/li>\n<\/ol>\n<ol start=\"15\">\n<li dir=\"ltr\">\n<p dir=\"ltr\">V\u00fdbor zv\u00e1\u017eil ponuku prepojenia na str\u00e1nku www. Imunologia. sk . Vzh\u013eadom na aktu\u00e1lnu nav\u0161tevovanos\u0165 str\u00e1nky SSAKI, pova\u017eujeme s\u00fa\u010dasn\u00fd stav za vyhovuj\u00faci a prepojenie za m\u00e1lo pr\u00ednosn\u00e9 z poh\u013eadu s\u00fa\u010dasn\u00e9ho odborn\u00e9ho obsahu uveden\u00e9ho webu.<\/p>\n<\/li>\n<\/ol>\n<ol start=\"16\">\n<li dir=\"ltr\">\n<p dir=\"ltr\">Hrubi\u0161ko po\u0161le elektronick\u00fa verziu cestovn\u00e9ho pr\u00edkazu pre \u010dlenov v\u00fdboru SSAKI<\/p>\n<\/li>\n<\/ol>\n<ol start=\"17\">\n<li dir=\"ltr\">\n<p dir=\"ltr\">Dzurillov\u00e1 po\u0161le \u00a0formul\u00e1r potrebn\u00fd pre zamestnanca pri pou\u017e\u00edvan\u00ed firemn\u00e9ho vozidla.<\/p>\n<\/li>\n<\/ol>\n<ol start=\"18\">\n<li dir=\"ltr\">\n<p dir=\"ltr\">Kongresov\u00fd grant poskytnut\u00fd \u00a0lek\u00e1rom cez SLS \u00a0zav\u00e4zuje \u00a0\u00fa\u010dastn\u00edka poda\u0165 \u00a0spr\u00e1vu z\u00a0kongresu niektor\u00fdm z uveden\u00fdch sp\u00f4sobov:<\/p>\n<\/li>\n<\/ol>\n<p dir=\"ltr\">&#8211; \u010dl\u00e1nok \u00a0do \u010dasopisu Klinick\u00e1 imunol\u00f3gia alebo na web str\u00e1nku SSAKI<\/p>\n<p dir=\"ltr\">&#8211; predn\u00e1\u0161ka \u00a0na \u00a0kongrese, MDI alebo \u00a0na krajsk\u00fdch semin\u00e1roch<\/p>\n<p dir=\"ltr\">&#8211; inform\u00e1ciu poda\u0165 osobne na v\u00fdbore \u00a0SSAKI<\/p>\n<p dir=\"ltr\">Pri nesplnen\u00ed tejto podmienky nebud\u00fa n\u00e1klady refundovan\u00e9.<\/p>\n<p>Zap\u00edsala \u00a0\u00a0\u00a0MUDr. Kl\u00e1ra Koss\u00e1rov\u00e1<\/p>\n","protected":false},"excerpt":{"rendered":"<p>Pr\u00edtomn\u00ed: \u00a0Pru\u017einec, Vrl\u00edk, Petriskov\u00e1, Koss\u00e1rov\u00e1, Hrubi\u0161ko, Hochmuth, Ko\u0161turiak, Lap\u0161ansk\u00e1, Schvalbov\u00e1, Dzurillov\u00e1, Barlov\u00e1 Hos\u0165: \u00a0Michali\u010dkov\u00e1 Ospravedlnen\u00ed: \u010ci\u017en\u00e1r, Kov\u00e1\u010dov\u00e1 Program: Ods\u00fahlasenie stanoviska odbornej skupiny o\u00a0\u201eS\u00fa\u010dasnej situ\u00e1cii v\u00a0oblasti povinn\u00e9ho o\u010dkovania\u201c, podp\u00edsan\u00e9 predsedom v\u00fdboru SSAKI-materi\u00e1l \u00a0pre MZSR \u00a0pre&#46;&#46;&#46;<\/p>\n","protected":false},"author":1,"featured_media":0,"parent":19,"menu_order":0,"comment_status":"closed","ping_status":"closed","template":"","meta":{"footnotes":""},"class_list":["post-1065","page","type-page","status-publish","hentry"],"yoast_head":"<!-- This site is optimized with the Yoast SEO plugin v27.4 - https:\/\/yoast.com\/product\/yoast-seo-wordpress\/ -->\n<title>Zo z\u00e1pisnice z 24.4.2014 - Slovensk\u00e1 spolo\u010dnos\u0165 alergol\u00f3gie a klinickej imunol\u00f3gie<\/title>\n<meta name=\"description\" content=\"Sme odborn\u00e1 splo\u010dnos\u0165, ktor\u00e1 zdru\u017euje klinick\u00fdch imunol\u00f3gov a alergol\u00f3gov, ako aj in\u00fdch odborn\u00edkov so z\u00e1ujmom o tento odbor. Na\u0161a spolo\u010dnos\u0165 je hlavn\u00fdm organiz\u00e1torom kontunu\u00e1lneho vzdel\u00e1vania v tomto odbore na Slovensku.\" \/>\n<meta name=\"robots\" content=\"index, follow, max-snippet:-1, max-image-preview:large, max-video-preview:-1\" \/>\n<link rel=\"canonical\" href=\"https:\/\/www.ssaki.eu\/?page_id=1065\" \/>\n<meta property=\"og:locale\" content=\"sk_SK\" \/>\n<meta property=\"og:type\" content=\"article\" \/>\n<meta property=\"og:title\" content=\"Zo z\u00e1pisnice z 24.4.2014 - Slovensk\u00e1 spolo\u010dnos\u0165 alergol\u00f3gie a klinickej imunol\u00f3gie\" \/>\n<meta property=\"og:description\" content=\"Sme odborn\u00e1 splo\u010dnos\u0165, ktor\u00e1 zdru\u017euje klinick\u00fdch imunol\u00f3gov a alergol\u00f3gov, ako aj in\u00fdch odborn\u00edkov so z\u00e1ujmom o tento odbor. Na\u0161a spolo\u010dnos\u0165 je hlavn\u00fdm organiz\u00e1torom kontunu\u00e1lneho vzdel\u00e1vania v tomto odbore na Slovensku.\" \/>\n<meta property=\"og:url\" content=\"https:\/\/www.ssaki.eu\/?page_id=1065\" \/>\n<meta property=\"og:site_name\" content=\"Slovensk\u00e1 spolo\u010dnos\u0165 alergol\u00f3gie a klinickej imunol\u00f3gie\" \/>\n<meta property=\"article:publisher\" content=\"https:\/\/www.facebook.com\/alergologoviaimunologoviaSK\" \/>\n<meta property=\"article:modified_time\" content=\"2014-05-06T21:11:04+00:00\" \/>\n<meta property=\"og:image\" content=\"https:\/\/www.ssaki.eu\/wp-content\/uploads\/2021\/01\/STOP_COVID_SSAKI-e1609772027682.png\" \/>\n\t<meta property=\"og:image:width\" content=\"640\" \/>\n\t<meta property=\"og:image:height\" content=\"360\" \/>\n\t<meta property=\"og:image:type\" content=\"image\/png\" \/>\n<meta name=\"twitter:card\" content=\"summary_large_image\" \/>\n<meta name=\"twitter:label1\" content=\"Predpokladan\u00fd \u010das \u010d\u00edtania\" \/>\n\t<meta name=\"twitter:data1\" content=\"5 min\u00fat\" \/>\n<script type=\"application\/ld+json\" class=\"yoast-schema-graph\">{\"@context\":\"https:\\\/\\\/schema.org\",\"@graph\":[{\"@type\":[\"WebPage\",\"MedicalWebPage\"],\"@id\":\"https:\\\/\\\/www.ssaki.eu\\\/?page_id=1065\",\"url\":\"https:\\\/\\\/www.ssaki.eu\\\/?page_id=1065\",\"name\":\"Zo z\u00e1pisnice z 24.4.2014 - Slovensk\u00e1 spolo\u010dnos\u0165 alergol\u00f3gie a klinickej imunol\u00f3gie\",\"isPartOf\":{\"@id\":\"https:\\\/\\\/www.ssaki.eu\\\/#website\"},\"datePublished\":\"2014-05-06T21:07:04+00:00\",\"dateModified\":\"2014-05-06T21:11:04+00:00\",\"description\":\"Sme odborn\u00e1 splo\u010dnos\u0165, ktor\u00e1 zdru\u017euje klinick\u00fdch imunol\u00f3gov a alergol\u00f3gov, ako aj in\u00fdch odborn\u00edkov so z\u00e1ujmom o tento odbor. Na\u0161a spolo\u010dnos\u0165 je hlavn\u00fdm organiz\u00e1torom kontunu\u00e1lneho vzdel\u00e1vania v tomto odbore na Slovensku.\",\"breadcrumb\":{\"@id\":\"https:\\\/\\\/www.ssaki.eu\\\/?page_id=1065#breadcrumb\"},\"inLanguage\":\"sk-SK\",\"potentialAction\":[{\"@type\":\"ReadAction\",\"target\":[\"https:\\\/\\\/www.ssaki.eu\\\/?page_id=1065\"]}]},{\"@type\":\"BreadcrumbList\",\"@id\":\"https:\\\/\\\/www.ssaki.eu\\\/?page_id=1065#breadcrumb\",\"itemListElement\":[{\"@type\":\"ListItem\",\"position\":1,\"name\":\"Domovsk\u00e1 str\u00e1nka\",\"item\":\"https:\\\/\\\/www.ssaki.eu\\\/\"},{\"@type\":\"ListItem\",\"position\":2,\"name\":\"V\u00fdbor spolo\u010dnosti\",\"item\":\"https:\\\/\\\/www.ssaki.eu\\\/?page_id=11\"},{\"@type\":\"ListItem\",\"position\":3,\"name\":\"Zo z\u00e1pisn\u00edc\",\"item\":\"https:\\\/\\\/www.ssaki.eu\\\/?page_id=19\"},{\"@type\":\"ListItem\",\"position\":4,\"name\":\"Zo z\u00e1pisnice z 24.4.2014\"}]},{\"@type\":\"WebSite\",\"@id\":\"https:\\\/\\\/www.ssaki.eu\\\/#website\",\"url\":\"https:\\\/\\\/www.ssaki.eu\\\/\",\"name\":\"Slovensk\u00e1 spolo\u010dnos\u0165 alergol\u00f3gie a klinickej imunol\u00f3gie\",\"description\":\"\",\"publisher\":{\"@id\":\"https:\\\/\\\/www.ssaki.eu\\\/#organization\"},\"potentialAction\":[{\"@type\":\"SearchAction\",\"target\":{\"@type\":\"EntryPoint\",\"urlTemplate\":\"https:\\\/\\\/www.ssaki.eu\\\/?s={search_term_string}\"},\"query-input\":{\"@type\":\"PropertyValueSpecification\",\"valueRequired\":true,\"valueName\":\"search_term_string\"}}],\"inLanguage\":\"sk-SK\"},{\"@type\":\"Organization\",\"@id\":\"https:\\\/\\\/www.ssaki.eu\\\/#organization\",\"name\":\"Slovensk\u00e1 spolo\u010dnos\u0165 alergol\u00f3gie a klinickej imunol\u00f3gie\",\"url\":\"https:\\\/\\\/www.ssaki.eu\\\/\",\"logo\":{\"@type\":\"ImageObject\",\"inLanguage\":\"sk-SK\",\"@id\":\"https:\\\/\\\/www.ssaki.eu\\\/#\\\/schema\\\/logo\\\/image\\\/\",\"url\":\"https:\\\/\\\/www.ssaki.eu\\\/wp-content\\\/uploads\\\/2021\\\/01\\\/LOGO-1.png\",\"contentUrl\":\"https:\\\/\\\/www.ssaki.eu\\\/wp-content\\\/uploads\\\/2021\\\/01\\\/LOGO-1.png\",\"width\":1280,\"height\":720,\"caption\":\"Slovensk\u00e1 spolo\u010dnos\u0165 alergol\u00f3gie a klinickej imunol\u00f3gie\"},\"image\":{\"@id\":\"https:\\\/\\\/www.ssaki.eu\\\/#\\\/schema\\\/logo\\\/image\\\/\"},\"sameAs\":[\"https:\\\/\\\/www.facebook.com\\\/alergologoviaimunologoviaSK\"]}]}<\/script>\n<!-- \/ Yoast SEO plugin. -->","yoast_head_json":{"title":"Zo z\u00e1pisnice z 24.4.2014 - Slovensk\u00e1 spolo\u010dnos\u0165 alergol\u00f3gie a klinickej imunol\u00f3gie","description":"Sme odborn\u00e1 splo\u010dnos\u0165, ktor\u00e1 zdru\u017euje klinick\u00fdch imunol\u00f3gov a alergol\u00f3gov, ako aj in\u00fdch odborn\u00edkov so z\u00e1ujmom o tento odbor. Na\u0161a spolo\u010dnos\u0165 je hlavn\u00fdm organiz\u00e1torom kontunu\u00e1lneho vzdel\u00e1vania v tomto odbore na Slovensku.","robots":{"index":"index","follow":"follow","max-snippet":"max-snippet:-1","max-image-preview":"max-image-preview:large","max-video-preview":"max-video-preview:-1"},"canonical":"https:\/\/www.ssaki.eu\/?page_id=1065","og_locale":"sk_SK","og_type":"article","og_title":"Zo z\u00e1pisnice z 24.4.2014 - Slovensk\u00e1 spolo\u010dnos\u0165 alergol\u00f3gie a klinickej imunol\u00f3gie","og_description":"Sme odborn\u00e1 splo\u010dnos\u0165, ktor\u00e1 zdru\u017euje klinick\u00fdch imunol\u00f3gov a alergol\u00f3gov, ako aj in\u00fdch odborn\u00edkov so z\u00e1ujmom o tento odbor. Na\u0161a spolo\u010dnos\u0165 je hlavn\u00fdm organiz\u00e1torom kontunu\u00e1lneho vzdel\u00e1vania v tomto odbore na Slovensku.","og_url":"https:\/\/www.ssaki.eu\/?page_id=1065","og_site_name":"Slovensk\u00e1 spolo\u010dnos\u0165 alergol\u00f3gie a klinickej imunol\u00f3gie","article_publisher":"https:\/\/www.facebook.com\/alergologoviaimunologoviaSK","article_modified_time":"2014-05-06T21:11:04+00:00","og_image":[{"width":640,"height":360,"url":"https:\/\/www.ssaki.eu\/wp-content\/uploads\/2021\/01\/STOP_COVID_SSAKI-e1609772027682.png","type":"image\/png"}],"twitter_card":"summary_large_image","twitter_misc":{"Predpokladan\u00fd \u010das \u010d\u00edtania":"5 min\u00fat"},"schema":{"@context":"https:\/\/schema.org","@graph":[{"@type":["WebPage","MedicalWebPage"],"@id":"https:\/\/www.ssaki.eu\/?page_id=1065","url":"https:\/\/www.ssaki.eu\/?page_id=1065","name":"Zo z\u00e1pisnice z 24.4.2014 - Slovensk\u00e1 spolo\u010dnos\u0165 alergol\u00f3gie a klinickej imunol\u00f3gie","isPartOf":{"@id":"https:\/\/www.ssaki.eu\/#website"},"datePublished":"2014-05-06T21:07:04+00:00","dateModified":"2014-05-06T21:11:04+00:00","description":"Sme odborn\u00e1 splo\u010dnos\u0165, ktor\u00e1 zdru\u017euje klinick\u00fdch imunol\u00f3gov a alergol\u00f3gov, ako aj in\u00fdch odborn\u00edkov so z\u00e1ujmom o tento odbor. Na\u0161a spolo\u010dnos\u0165 je hlavn\u00fdm organiz\u00e1torom kontunu\u00e1lneho vzdel\u00e1vania v tomto odbore na Slovensku.","breadcrumb":{"@id":"https:\/\/www.ssaki.eu\/?page_id=1065#breadcrumb"},"inLanguage":"sk-SK","potentialAction":[{"@type":"ReadAction","target":["https:\/\/www.ssaki.eu\/?page_id=1065"]}]},{"@type":"BreadcrumbList","@id":"https:\/\/www.ssaki.eu\/?page_id=1065#breadcrumb","itemListElement":[{"@type":"ListItem","position":1,"name":"Domovsk\u00e1 str\u00e1nka","item":"https:\/\/www.ssaki.eu\/"},{"@type":"ListItem","position":2,"name":"V\u00fdbor spolo\u010dnosti","item":"https:\/\/www.ssaki.eu\/?page_id=11"},{"@type":"ListItem","position":3,"name":"Zo z\u00e1pisn\u00edc","item":"https:\/\/www.ssaki.eu\/?page_id=19"},{"@type":"ListItem","position":4,"name":"Zo z\u00e1pisnice z 24.4.2014"}]},{"@type":"WebSite","@id":"https:\/\/www.ssaki.eu\/#website","url":"https:\/\/www.ssaki.eu\/","name":"Slovensk\u00e1 spolo\u010dnos\u0165 alergol\u00f3gie a klinickej imunol\u00f3gie","description":"","publisher":{"@id":"https:\/\/www.ssaki.eu\/#organization"},"potentialAction":[{"@type":"SearchAction","target":{"@type":"EntryPoint","urlTemplate":"https:\/\/www.ssaki.eu\/?s={search_term_string}"},"query-input":{"@type":"PropertyValueSpecification","valueRequired":true,"valueName":"search_term_string"}}],"inLanguage":"sk-SK"},{"@type":"Organization","@id":"https:\/\/www.ssaki.eu\/#organization","name":"Slovensk\u00e1 spolo\u010dnos\u0165 alergol\u00f3gie a klinickej imunol\u00f3gie","url":"https:\/\/www.ssaki.eu\/","logo":{"@type":"ImageObject","inLanguage":"sk-SK","@id":"https:\/\/www.ssaki.eu\/#\/schema\/logo\/image\/","url":"https:\/\/www.ssaki.eu\/wp-content\/uploads\/2021\/01\/LOGO-1.png","contentUrl":"https:\/\/www.ssaki.eu\/wp-content\/uploads\/2021\/01\/LOGO-1.png","width":1280,"height":720,"caption":"Slovensk\u00e1 spolo\u010dnos\u0165 alergol\u00f3gie a klinickej imunol\u00f3gie"},"image":{"@id":"https:\/\/www.ssaki.eu\/#\/schema\/logo\/image\/"},"sameAs":["https:\/\/www.facebook.com\/alergologoviaimunologoviaSK"]}]}},"_links":{"self":[{"href":"https:\/\/www.ssaki.eu\/index.php?rest_route=\/wp\/v2\/pages\/1065","targetHints":{"allow":["GET"]}}],"collection":[{"href":"https:\/\/www.ssaki.eu\/index.php?rest_route=\/wp\/v2\/pages"}],"about":[{"href":"https:\/\/www.ssaki.eu\/index.php?rest_route=\/wp\/v2\/types\/page"}],"author":[{"embeddable":true,"href":"https:\/\/www.ssaki.eu\/index.php?rest_route=\/wp\/v2\/users\/1"}],"replies":[{"embeddable":true,"href":"https:\/\/www.ssaki.eu\/index.php?rest_route=%2Fwp%2Fv2%2Fcomments&post=1065"}],"version-history":[{"count":3,"href":"https:\/\/www.ssaki.eu\/index.php?rest_route=\/wp\/v2\/pages\/1065\/revisions"}],"predecessor-version":[{"id":1069,"href":"https:\/\/www.ssaki.eu\/index.php?rest_route=\/wp\/v2\/pages\/1065\/revisions\/1069"}],"up":[{"embeddable":true,"href":"https:\/\/www.ssaki.eu\/index.php?rest_route=\/wp\/v2\/pages\/19"}],"wp:attachment":[{"href":"https:\/\/www.ssaki.eu\/index.php?rest_route=%2Fwp%2Fv2%2Fmedia&parent=1065"}],"curies":[{"name":"wp","href":"https:\/\/api.w.org\/{rel}","templated":true}]}}