{"id":1745413,"date":"2016-11-24T22:49:39","date_gmt":"2016-11-24T20:49:39","guid":{"rendered":"http:\/\/www.ssaki.eu\/?page_id=1745413"},"modified":"2016-11-24T22:49:39","modified_gmt":"2016-11-24T20:49:39","slug":"zo-zapisnice-z-11-11-2016","status":"publish","type":"page","link":"https:\/\/www.ssaki.eu\/?page_id=1745413","title":{"rendered":"Zo z\u00e1pisnice z 11.11.2016"},"content":{"rendered":"<p><b>Z\u00e1pisnica zo zasadnutia v\u00fdboru a poradn\u00e9ho zboru SSAKI zo d\u0148a 11.11.2016 Vr\u00e1tna dolina<\/b><\/p>\n<p>&nbsp;<\/p>\n<p><b>Pr\u00edtomn\u00ed: <\/b>Pru\u017einec, Hrubi\u0161ko, Dzurillov\u00e1, Mikler, Hochmuth, Lap\u0161ansk\u00e1,\u00a0Ko\u0161turiak, Hlinka, Koss\u00e1rov\u00e1, Petriskov\u00e1, Schvalbov\u00e1, Smie\u0161kov\u00e1<\/p>\n<p><b>Ospravedlnen\u00ed: <\/b><span style=\"font-weight: 300;\">Jese\u0148\u00e1k, \u010ci\u017en\u00e1r<\/span><\/p>\n<p><b>Hos\u0165: <\/b>Michali\u010dkov\u00e1<\/p>\n<p><b>1.\u00a0<\/b><b>Zhodnotenie kongresu v Plzni.\u00a0<\/b>V\u00fdbor hodnot\u00ed kongres vysoko pozit\u00edvne po odbornej aj spolo\u010denskej str\u00e1nke.<\/p>\n<p><b>2. Kongres SSAKI, \u010cSAKI, \u010cIS, SIMS<\/b><\/p>\n<p>-ubytovanie cez CK Cesta (Petriskov\u00e1)<\/p>\n<p>-miesto konania- hotel Bellevue-Tatry<\/p>\n<p><b>-pozvan\u00ed hostia <\/b>&#8211; Prof.Gawlik (Po\u013esko) pozve Pru\u017einec ,prof.Farkas (Ma\u010farsko)pozve Hrubi\u0161ko, doc.Luk\u00e1\u010d pozve Pru\u017einec , prof.Jar\u010du\u0161ka (infekcia a imunita) &#8211; pozve Schvalbov\u00e1, zahrani\u010dn\u00fd hos\u0165 z\u00a0Talianska alebo Po\u013eska &#8211; pozve Jese\u0148\u00e1k, Hlava\u010dkov\u00e1-oftalmol\u00f3g, Kostoln\u00e1 (detsk\u00fd oftalmol\u00f3g), Oltman-pozve Kossarova, Skladan\u00fd (GIT a imunita) pozve Hochmuth, \u0160ediv\u00e1 (PID) pozve Pru\u017einec<\/p>\n<p>&#8211; <b>akt\u00edvni \u00fa\u010dastn\u00edci a prv\u00ed autori<\/b> neplatia registra\u010dn\u00fd poplatok, o zaraden\u00ed predn\u00e1\u0161ky resp. posteru rozhoduje organiza\u010dn\u00fd v\u00fdbor<\/p>\n<p>&#8211; v organiza\u010dnom v\u00fdbore\u00a0 bud\u00fa za \u010cSAKI &#8211; V.Petru a\u00a0podpredsedovia (over\u00ed Schvalbov\u00e1)<\/p>\n<p>&#8211; <b>prv\u00fd spolo\u010densk\u00fd ve\u010der<\/b>&#8211; hotel Bellevue+raut<\/p>\n<p>&#8211; <b>ve\u010der v\u00fdborov SSAKI a \u010cSAKI<\/b>&#8211; koliba (Lap\u0161ansk\u00e1)<\/p>\n<p>&#8211; <b>druh\u00fd spolo\u010densk\u00fd ve\u010der<\/b> -uva\u017euje sa o \u0161portovej hale Ar\u00e9na, zisti\u0165 kapacitu rezervovan\u00fdch hotelov oh\u013eadne piatkov\u00e9ho ve\u010dera (CK Cesta , Petriskov\u00e1), preferujeme hotel Grand- Star\u00fd Smokovec<\/p>\n<p><b>3.<\/b> v\u00fdbor poveruje Pru\u017einca, aby overil <b>opodstatnenos\u0165 poplatkov<\/b> <b>nepe\u0148a\u017en\u00e9ho plnenia MDI a reumatologick\u00e9ho semin\u00e1ra na SLS<\/b><\/p>\n<p><b>4.<\/b> Vzh\u013eadom na poplatky, ktor\u00e9 pod\u013ea n\u00e1\u0161ho n\u00e1zoru SLS opakovane vyrubuje na\u0161im \u010dlenom neopr\u00e1vnene, sa v\u00fdbor SSAKI s kone\u010dnou platnos\u0165ou\u00a0 rozhodol <b>zalo\u017ei\u0165 OZ<\/b> s n\u00e1zvom O.Z.SSAKI, ktor\u00e9 bude odborne pokr\u00fdva\u0165 odborn\u00e9 a\u00a0 vzdel\u00e1vacie aktivity.<\/p>\n<p><b>5.<\/b> Predseda o.z. MUDr.Ko\u0161turiak, Bo\u010dn\u00e1 10, Nitra<\/p>\n<p><b>6.<\/b> Zoznam zdravotn\u00fdch v\u00fdkonov \u2013 Dzurillov\u00e1 &#8211; \u00a0informovala o\u00a0postupe pr\u00e1c v\u00a0subkomisii pre v\u00fdkony. \u010clenom v\u00fdboru SSAKI bol rozoslan\u00fd materi\u00e1l mailom koncom okt\u00f3bra. Pripomienky boli zapracovan\u00e9 a\u00a0predlo\u017een\u00e9 na rokovan\u00ed v\u00fdboru SSAKI, ktor\u00fd materi\u00e1l schv\u00e1lil a\u00a0odporu\u010dil na predlo\u017eenie MZSR.<\/p>\n<p><b>7.<\/b> Rokovanie o atetest\u00e1ci\u00e1ch a anal\u00fdza s\u00fa\u010dasnej situ\u00e1cie<\/p>\n<p>&nbsp;<\/p>\n<p>zap\u00edsala M. Schvalbov\u00e1<\/p>\n","protected":false},"excerpt":{"rendered":"<p>Z\u00e1pisnica zo zasadnutia v\u00fdboru a poradn\u00e9ho zboru SSAKI zo d\u0148a 11.11.2016 Vr\u00e1tna dolina &nbsp; Pr\u00edtomn\u00ed: Pru\u017einec, Hrubi\u0161ko, Dzurillov\u00e1, Mikler, Hochmuth, Lap\u0161ansk\u00e1,\u00a0Ko\u0161turiak, Hlinka, Koss\u00e1rov\u00e1, Petriskov\u00e1, Schvalbov\u00e1, Smie\u0161kov\u00e1 Ospravedlnen\u00ed: Jese\u0148\u00e1k, \u010ci\u017en\u00e1r Hos\u0165: Michali\u010dkov\u00e1 1.\u00a0Zhodnotenie kongresu v&#46;&#46;&#46;<\/p>\n","protected":false},"author":1,"featured_media":0,"parent":19,"menu_order":0,"comment_status":"closed","ping_status":"closed","template":"","meta":{"footnotes":""},"class_list":["post-1745413","page","type-page","status-publish","hentry"],"yoast_head":"<!-- This site is optimized with the Yoast SEO plugin v27.4 - https:\/\/yoast.com\/product\/yoast-seo-wordpress\/ -->\n<title>Zo z\u00e1pisnice z 11.11.2016 - Slovensk\u00e1 spolo\u010dnos\u0165 alergol\u00f3gie a klinickej imunol\u00f3gie<\/title>\n<meta name=\"description\" content=\"Sme odborn\u00e1 splo\u010dnos\u0165, ktor\u00e1 zdru\u017euje klinick\u00fdch imunol\u00f3gov a alergol\u00f3gov, ako aj in\u00fdch odborn\u00edkov so z\u00e1ujmom o tento odbor. Na\u0161a spolo\u010dnos\u0165 je hlavn\u00fdm organiz\u00e1torom kontunu\u00e1lneho vzdel\u00e1vania v tomto odbore na Slovensku.\" \/>\n<meta name=\"robots\" content=\"index, follow, max-snippet:-1, max-image-preview:large, max-video-preview:-1\" \/>\n<link rel=\"canonical\" href=\"https:\/\/www.ssaki.eu\/?page_id=1745413\" \/>\n<meta property=\"og:locale\" content=\"sk_SK\" \/>\n<meta property=\"og:type\" content=\"article\" \/>\n<meta property=\"og:title\" content=\"Zo z\u00e1pisnice z 11.11.2016 - Slovensk\u00e1 spolo\u010dnos\u0165 alergol\u00f3gie a klinickej imunol\u00f3gie\" \/>\n<meta property=\"og:description\" content=\"Sme odborn\u00e1 splo\u010dnos\u0165, ktor\u00e1 zdru\u017euje klinick\u00fdch imunol\u00f3gov a alergol\u00f3gov, ako aj in\u00fdch odborn\u00edkov so z\u00e1ujmom o tento odbor. Na\u0161a spolo\u010dnos\u0165 je hlavn\u00fdm organiz\u00e1torom kontunu\u00e1lneho vzdel\u00e1vania v tomto odbore na Slovensku.\" \/>\n<meta property=\"og:url\" content=\"https:\/\/www.ssaki.eu\/?page_id=1745413\" \/>\n<meta property=\"og:site_name\" content=\"Slovensk\u00e1 spolo\u010dnos\u0165 alergol\u00f3gie a klinickej imunol\u00f3gie\" \/>\n<meta property=\"article:publisher\" content=\"https:\/\/www.facebook.com\/alergologoviaimunologoviaSK\" \/>\n<meta property=\"og:image\" content=\"https:\/\/www.ssaki.eu\/wp-content\/uploads\/2021\/01\/STOP_COVID_SSAKI-e1609772027682.png\" \/>\n\t<meta property=\"og:image:width\" content=\"640\" \/>\n\t<meta property=\"og:image:height\" content=\"360\" \/>\n\t<meta property=\"og:image:type\" content=\"image\/png\" \/>\n<meta name=\"twitter:card\" content=\"summary_large_image\" \/>\n<meta name=\"twitter:label1\" content=\"Predpokladan\u00fd \u010das \u010d\u00edtania\" \/>\n\t<meta name=\"twitter:data1\" content=\"2 min\u00faty\" \/>\n<script type=\"application\/ld+json\" class=\"yoast-schema-graph\">{\"@context\":\"https:\\\/\\\/schema.org\",\"@graph\":[{\"@type\":[\"WebPage\",\"MedicalWebPage\"],\"@id\":\"https:\\\/\\\/www.ssaki.eu\\\/?page_id=1745413\",\"url\":\"https:\\\/\\\/www.ssaki.eu\\\/?page_id=1745413\",\"name\":\"Zo z\u00e1pisnice z 11.11.2016 - Slovensk\u00e1 spolo\u010dnos\u0165 alergol\u00f3gie a klinickej imunol\u00f3gie\",\"isPartOf\":{\"@id\":\"https:\\\/\\\/www.ssaki.eu\\\/#website\"},\"datePublished\":\"2016-11-24T20:49:39+00:00\",\"description\":\"Sme odborn\u00e1 splo\u010dnos\u0165, ktor\u00e1 zdru\u017euje klinick\u00fdch imunol\u00f3gov a alergol\u00f3gov, ako aj in\u00fdch odborn\u00edkov so z\u00e1ujmom o tento odbor. Na\u0161a spolo\u010dnos\u0165 je hlavn\u00fdm organiz\u00e1torom kontunu\u00e1lneho vzdel\u00e1vania v tomto odbore na Slovensku.\",\"breadcrumb\":{\"@id\":\"https:\\\/\\\/www.ssaki.eu\\\/?page_id=1745413#breadcrumb\"},\"inLanguage\":\"sk-SK\",\"potentialAction\":[{\"@type\":\"ReadAction\",\"target\":[\"https:\\\/\\\/www.ssaki.eu\\\/?page_id=1745413\"]}]},{\"@type\":\"BreadcrumbList\",\"@id\":\"https:\\\/\\\/www.ssaki.eu\\\/?page_id=1745413#breadcrumb\",\"itemListElement\":[{\"@type\":\"ListItem\",\"position\":1,\"name\":\"Domovsk\u00e1 str\u00e1nka\",\"item\":\"https:\\\/\\\/www.ssaki.eu\\\/\"},{\"@type\":\"ListItem\",\"position\":2,\"name\":\"V\u00fdbor spolo\u010dnosti\",\"item\":\"https:\\\/\\\/www.ssaki.eu\\\/?page_id=11\"},{\"@type\":\"ListItem\",\"position\":3,\"name\":\"Zo z\u00e1pisn\u00edc\",\"item\":\"https:\\\/\\\/www.ssaki.eu\\\/?page_id=19\"},{\"@type\":\"ListItem\",\"position\":4,\"name\":\"Zo z\u00e1pisnice z 11.11.2016\"}]},{\"@type\":\"WebSite\",\"@id\":\"https:\\\/\\\/www.ssaki.eu\\\/#website\",\"url\":\"https:\\\/\\\/www.ssaki.eu\\\/\",\"name\":\"Slovensk\u00e1 spolo\u010dnos\u0165 alergol\u00f3gie a klinickej imunol\u00f3gie\",\"description\":\"\",\"publisher\":{\"@id\":\"https:\\\/\\\/www.ssaki.eu\\\/#organization\"},\"potentialAction\":[{\"@type\":\"SearchAction\",\"target\":{\"@type\":\"EntryPoint\",\"urlTemplate\":\"https:\\\/\\\/www.ssaki.eu\\\/?s={search_term_string}\"},\"query-input\":{\"@type\":\"PropertyValueSpecification\",\"valueRequired\":true,\"valueName\":\"search_term_string\"}}],\"inLanguage\":\"sk-SK\"},{\"@type\":\"Organization\",\"@id\":\"https:\\\/\\\/www.ssaki.eu\\\/#organization\",\"name\":\"Slovensk\u00e1 spolo\u010dnos\u0165 alergol\u00f3gie a klinickej imunol\u00f3gie\",\"url\":\"https:\\\/\\\/www.ssaki.eu\\\/\",\"logo\":{\"@type\":\"ImageObject\",\"inLanguage\":\"sk-SK\",\"@id\":\"https:\\\/\\\/www.ssaki.eu\\\/#\\\/schema\\\/logo\\\/image\\\/\",\"url\":\"https:\\\/\\\/www.ssaki.eu\\\/wp-content\\\/uploads\\\/2021\\\/01\\\/LOGO-1.png\",\"contentUrl\":\"https:\\\/\\\/www.ssaki.eu\\\/wp-content\\\/uploads\\\/2021\\\/01\\\/LOGO-1.png\",\"width\":1280,\"height\":720,\"caption\":\"Slovensk\u00e1 spolo\u010dnos\u0165 alergol\u00f3gie a klinickej imunol\u00f3gie\"},\"image\":{\"@id\":\"https:\\\/\\\/www.ssaki.eu\\\/#\\\/schema\\\/logo\\\/image\\\/\"},\"sameAs\":[\"https:\\\/\\\/www.facebook.com\\\/alergologoviaimunologoviaSK\"]}]}<\/script>\n<!-- \/ Yoast SEO plugin. -->","yoast_head_json":{"title":"Zo z\u00e1pisnice z 11.11.2016 - Slovensk\u00e1 spolo\u010dnos\u0165 alergol\u00f3gie a klinickej imunol\u00f3gie","description":"Sme odborn\u00e1 splo\u010dnos\u0165, ktor\u00e1 zdru\u017euje klinick\u00fdch imunol\u00f3gov a alergol\u00f3gov, ako aj in\u00fdch odborn\u00edkov so z\u00e1ujmom o tento odbor. Na\u0161a spolo\u010dnos\u0165 je hlavn\u00fdm organiz\u00e1torom kontunu\u00e1lneho vzdel\u00e1vania v tomto odbore na Slovensku.","robots":{"index":"index","follow":"follow","max-snippet":"max-snippet:-1","max-image-preview":"max-image-preview:large","max-video-preview":"max-video-preview:-1"},"canonical":"https:\/\/www.ssaki.eu\/?page_id=1745413","og_locale":"sk_SK","og_type":"article","og_title":"Zo z\u00e1pisnice z 11.11.2016 - Slovensk\u00e1 spolo\u010dnos\u0165 alergol\u00f3gie a klinickej imunol\u00f3gie","og_description":"Sme odborn\u00e1 splo\u010dnos\u0165, ktor\u00e1 zdru\u017euje klinick\u00fdch imunol\u00f3gov a alergol\u00f3gov, ako aj in\u00fdch odborn\u00edkov so z\u00e1ujmom o tento odbor. Na\u0161a spolo\u010dnos\u0165 je hlavn\u00fdm organiz\u00e1torom kontunu\u00e1lneho vzdel\u00e1vania v tomto odbore na Slovensku.","og_url":"https:\/\/www.ssaki.eu\/?page_id=1745413","og_site_name":"Slovensk\u00e1 spolo\u010dnos\u0165 alergol\u00f3gie a klinickej imunol\u00f3gie","article_publisher":"https:\/\/www.facebook.com\/alergologoviaimunologoviaSK","og_image":[{"width":640,"height":360,"url":"https:\/\/www.ssaki.eu\/wp-content\/uploads\/2021\/01\/STOP_COVID_SSAKI-e1609772027682.png","type":"image\/png"}],"twitter_card":"summary_large_image","twitter_misc":{"Predpokladan\u00fd \u010das \u010d\u00edtania":"2 min\u00faty"},"schema":{"@context":"https:\/\/schema.org","@graph":[{"@type":["WebPage","MedicalWebPage"],"@id":"https:\/\/www.ssaki.eu\/?page_id=1745413","url":"https:\/\/www.ssaki.eu\/?page_id=1745413","name":"Zo z\u00e1pisnice z 11.11.2016 - Slovensk\u00e1 spolo\u010dnos\u0165 alergol\u00f3gie a klinickej imunol\u00f3gie","isPartOf":{"@id":"https:\/\/www.ssaki.eu\/#website"},"datePublished":"2016-11-24T20:49:39+00:00","description":"Sme odborn\u00e1 splo\u010dnos\u0165, ktor\u00e1 zdru\u017euje klinick\u00fdch imunol\u00f3gov a alergol\u00f3gov, ako aj in\u00fdch odborn\u00edkov so z\u00e1ujmom o tento odbor. Na\u0161a spolo\u010dnos\u0165 je hlavn\u00fdm organiz\u00e1torom kontunu\u00e1lneho vzdel\u00e1vania v tomto odbore na Slovensku.","breadcrumb":{"@id":"https:\/\/www.ssaki.eu\/?page_id=1745413#breadcrumb"},"inLanguage":"sk-SK","potentialAction":[{"@type":"ReadAction","target":["https:\/\/www.ssaki.eu\/?page_id=1745413"]}]},{"@type":"BreadcrumbList","@id":"https:\/\/www.ssaki.eu\/?page_id=1745413#breadcrumb","itemListElement":[{"@type":"ListItem","position":1,"name":"Domovsk\u00e1 str\u00e1nka","item":"https:\/\/www.ssaki.eu\/"},{"@type":"ListItem","position":2,"name":"V\u00fdbor spolo\u010dnosti","item":"https:\/\/www.ssaki.eu\/?page_id=11"},{"@type":"ListItem","position":3,"name":"Zo z\u00e1pisn\u00edc","item":"https:\/\/www.ssaki.eu\/?page_id=19"},{"@type":"ListItem","position":4,"name":"Zo z\u00e1pisnice z 11.11.2016"}]},{"@type":"WebSite","@id":"https:\/\/www.ssaki.eu\/#website","url":"https:\/\/www.ssaki.eu\/","name":"Slovensk\u00e1 spolo\u010dnos\u0165 alergol\u00f3gie a klinickej imunol\u00f3gie","description":"","publisher":{"@id":"https:\/\/www.ssaki.eu\/#organization"},"potentialAction":[{"@type":"SearchAction","target":{"@type":"EntryPoint","urlTemplate":"https:\/\/www.ssaki.eu\/?s={search_term_string}"},"query-input":{"@type":"PropertyValueSpecification","valueRequired":true,"valueName":"search_term_string"}}],"inLanguage":"sk-SK"},{"@type":"Organization","@id":"https:\/\/www.ssaki.eu\/#organization","name":"Slovensk\u00e1 spolo\u010dnos\u0165 alergol\u00f3gie a klinickej imunol\u00f3gie","url":"https:\/\/www.ssaki.eu\/","logo":{"@type":"ImageObject","inLanguage":"sk-SK","@id":"https:\/\/www.ssaki.eu\/#\/schema\/logo\/image\/","url":"https:\/\/www.ssaki.eu\/wp-content\/uploads\/2021\/01\/LOGO-1.png","contentUrl":"https:\/\/www.ssaki.eu\/wp-content\/uploads\/2021\/01\/LOGO-1.png","width":1280,"height":720,"caption":"Slovensk\u00e1 spolo\u010dnos\u0165 alergol\u00f3gie a klinickej imunol\u00f3gie"},"image":{"@id":"https:\/\/www.ssaki.eu\/#\/schema\/logo\/image\/"},"sameAs":["https:\/\/www.facebook.com\/alergologoviaimunologoviaSK"]}]}},"_links":{"self":[{"href":"https:\/\/www.ssaki.eu\/index.php?rest_route=\/wp\/v2\/pages\/1745413","targetHints":{"allow":["GET"]}}],"collection":[{"href":"https:\/\/www.ssaki.eu\/index.php?rest_route=\/wp\/v2\/pages"}],"about":[{"href":"https:\/\/www.ssaki.eu\/index.php?rest_route=\/wp\/v2\/types\/page"}],"author":[{"embeddable":true,"href":"https:\/\/www.ssaki.eu\/index.php?rest_route=\/wp\/v2\/users\/1"}],"replies":[{"embeddable":true,"href":"https:\/\/www.ssaki.eu\/index.php?rest_route=%2Fwp%2Fv2%2Fcomments&post=1745413"}],"version-history":[{"count":1,"href":"https:\/\/www.ssaki.eu\/index.php?rest_route=\/wp\/v2\/pages\/1745413\/revisions"}],"predecessor-version":[{"id":1745414,"href":"https:\/\/www.ssaki.eu\/index.php?rest_route=\/wp\/v2\/pages\/1745413\/revisions\/1745414"}],"up":[{"embeddable":true,"href":"https:\/\/www.ssaki.eu\/index.php?rest_route=\/wp\/v2\/pages\/19"}],"wp:attachment":[{"href":"https:\/\/www.ssaki.eu\/index.php?rest_route=%2Fwp%2Fv2%2Fmedia&parent=1745413"}],"curies":[{"name":"wp","href":"https:\/\/api.w.org\/{rel}","templated":true}]}}