{"id":1893090,"date":"2017-02-02T21:41:05","date_gmt":"2017-02-02T19:41:05","guid":{"rendered":"http:\/\/www.ssaki.eu\/?page_id=1893090"},"modified":"2017-02-02T21:41:05","modified_gmt":"2017-02-02T19:41:05","slug":"zo-zapisnice-z-20-1-2017","status":"publish","type":"page","link":"https:\/\/www.ssaki.eu\/?page_id=1893090","title":{"rendered":"Zo z\u00e1pisnice z 20.1.2017"},"content":{"rendered":"<p dir=\"ltr\"><strong>Z\u00e1pisnica zo zasadnutia \u00a0v\u00fdboru a poradn\u00e9ho zboru SSAKI 20.1.2017 Doln\u00fd Smokovec<\/strong><\/p>\n<p dir=\"ltr\">Pr\u00edtomn\u00ed: Pru\u017einec, Hrubi\u0161ko, Petriskov\u00e1, Ko\u0161turiak, Koss\u00e1rov\u00e1, Mikler, Hochmuth, Schvalbov\u00e1, Dzurillov\u00e1, Smie\u0161kov\u00e1, Jese\u0148\u00e1k, Hlinka, Lap\u0161ansk\u00e1<\/p>\n<p dir=\"ltr\">Ospravedlnen\u00ed: \u010ci\u017en\u00e1r<\/p>\n<p dir=\"ltr\"><strong>Organiz\u00e1cia XXXIV. kongresu SSAKI, \u010cSAKI, SIMS, \u010cIS 18-21.10.2017, Grandhotel Bellevue, Star\u00fd Smokovec :<\/strong><\/p>\n<p dir=\"ltr\">Prv\u00e1 inform\u00e1cia sa distribuovala na kongrese v Plzni, vtedy s nejasnou \u00fa\u010das\u0165ou SIMS, \u00a0Hrubi\u0161ko ale v\u00fdbor informoval o\u00a0potvrden\u00ed \u00fa\u010dasti zo strany SIMS, kongresu sa teda z\u00fa\u010dastnia okrem z\u00e1stupcov SSAKI \/ \u010cSAKI aj SIMS a \u010cIS, ubytovanie \u00a0poskytneme \u00a0zdarma pre predsedov &#8211; prof. \u0158\u00edhovej a \u00a0prof. Nov\u00e1kovi.<\/p>\n<p dir=\"ltr\">Predstavitelia v\u00fdboru SIMS a \u010cIS nebud\u00fa plati\u0165 kongresov\u00fd poplatok, takisto nebud\u00fa plati\u0165 tento poplatok predn\u00e1\u0161atelia (t\u00fdka sa iba prv\u00fdch autorov akceptovan\u00fdch predn\u00e1\u0161ok).<\/p>\n<p dir=\"ltr\">Zahrani\u010dn\u00ed hostia: poz\u00fdva Jese\u0148\u00e1k (prof. Farkas, + Taliansko), Pru\u017einec (Gavlik), Koss\u00e1rov\u00e1 (Ma\u010farsko).<\/p>\n<p dir=\"ltr\"><span style=\"font-weight: 300;\">Spolo\u010densk\u00fd program<\/span><\/p>\n<p dir=\"ltr\">Predve\u010der kongresu (stretnutie v\u00fdborov): m\u00f4\u017ee \u00a0organizova\u0165 (pon\u00faknu\u0165) SD CZ<\/p>\n<p dir=\"ltr\">19.10. Spolo\u010dn\u00fd ve\u010der v\u00fdborov: Koliba Star\u00e1 Lesn\u00e1 (vybavuje Hlinka), pr\u00edpadn\u00fdch sponzorov h\u013eadaj\u00fa Hrubi\u0161ko, Pru\u017einec.<\/p>\n<p dir=\"ltr\">I. spolo\u010densk\u00fd ve\u010der-hotel Bellevue, II.spolo\u010densk\u00fd ve\u010der- Grand hotel Smokovec;<\/p>\n<p dir=\"ltr\">Kult\u00farny program: \u00davod harmonik\u00e1r \u010cervienka, hudobn\u00e1 skupina z Pre\u0161ova &#8211; poz\u00fdva Smie\u0161kov\u00e1,<\/p>\n<p dir=\"ltr\">\u00a0v z\u00e1vere \u00favodn\u00e9ho d\u0148a Fragile (zabezpe\u010duje Pru\u017einec)<\/p>\n<p dir=\"ltr\">\u00a0Program kongresu:<\/p>\n<p dir=\"ltr\">Prezident Hrubi\u0161ko: ozn\u00e1mi SIMS a \u010cIS, \u017ee d\u00e1vame \u00a0priestor na predn\u00e1\u0161ky 2&#215;1,5 (2,5? &#8211; bude predmetom rokovania so SIMS a \u010cIS) hodiny;<\/p>\n<p dir=\"ltr\">Ko\u0161turiak: doplni\u0165 inform\u00e1cie na web str\u00e1nke<\/p>\n<p dir=\"ltr\">Ceny registra\u010dn\u00fdch poplatkov: do 31. augusta 50 EUR, od 1.septembra 60 EUR, na mieste 70 Eur, ne\u010dlenovia SSAKI a \u010cSAKI pod\u013ea d\u00e1tumov 60, 70, 80 EUR, lek\u00e1ri do 35 rokov a d\u00f4chodcovia 25 EUR,<\/p>\n<p dir=\"ltr\">sestry (SZP) zdarma, napl\u00e1nova\u0165 a\u00a0zahl\u00e1si\u0165 hlavnej sestre komory, aby sa akceptovali pre nich kredity (Petriskov\u00e1 po\u0161le kontakt prezidentovi, ktor\u00fd bude kontaktova\u0165 ved\u00facu komory sestier)<\/p>\n<p><span style=\"font-weight: 300;\">Predsedn\u00edctva &#8211; n\u00e1vrhy t\u00e9m a predsedov:<\/span><\/p>\n<p><span style=\"font-weight: 300;\">Astma: Schvalbov\u00e1, Hochmuth, \u010c\u00e1p, Pohunek<\/span><\/p>\n<p>Laborat\u00f3rne met\u00f3dy: Lochman, Tibensk\u00e1, Bla\u017ei\u010dkov\u00e1, Kr\u00e1l<\/p>\n<p dir=\"ltr\">Liekov\u00e9 alergie: Smie\u0161kov\u00e1, Hlinka, Novotn\u00e1<\/p>\n<p dir=\"ltr\">Ak\u00fatne alergick\u00e9 stavy: Mikler, Petru, Kocan, Ku\u010dera<\/p>\n<p dir=\"ltr\">Reproduk\u010dn\u00e1 imunol\u00f3gia: Dzurillov\u00e1, Ul\u010dov\u00e1, Mal\u00ed\u010dkov\u00e1, Novotn\u00e1<\/p>\n<p dir=\"ltr\">PID: \u0160ediv\u00e1, \u010cizn\u00e1r, Jese\u0148\u00e1k, Litzman<\/p>\n<p dir=\"ltr\">SID (+AI ochorenia): Koss\u00e1rov\u00e1, Bystro\u0148, St\u0159\u00ed\u017e<\/p>\n<p dir=\"ltr\">Urtik\u00e1ria a angioed\u00e9m z r\u00f4znych poh\u013eadov: Hrubi\u0161ko, Jese\u0148\u00e1k, Hakl<\/p>\n<p dir=\"ltr\">Imunol\u00f3gia v dermatol\u00f3gii: Hochmuth, Pru\u017einec, Kozub<\/p>\n<p dir=\"ltr\">Imunol\u00f3gia interdisciplin\u00e1rny odbor: Ko\u0161turiak, Hrubi\u0161ko, Kr\u010dmov\u00e1<\/p>\n<p dir=\"ltr\">Potravinov\u00e1 alergia: Fuchs, Rennerov\u00e1, Petriskov\u00e1<\/p>\n<p dir=\"ltr\">Mikr\u00f3by a imunita: Pru\u017einec, Tlaskalov\u00e1, Jar\u010du\u0161ka<\/p>\n<p dir=\"ltr\">Gastro-hepatol\u00f3gia: Oltmann, Koss\u00e1rov\u00e1, Ku\u010dera?<\/p>\n<p dir=\"ltr\">Prevent\u00edvna alergol\u00f3gia: Lap\u0161ansk\u00e1, Panzner, Seberov\u00e1 (ev. \u00favodn\u00fa predn\u00e1\u0161ku vyzva\u0165 prof. \u0160pi\u010d\u00e1ka &#8211; Hrubi\u0161ko)<\/p>\n<p dir=\"ltr\">Ekoimunol\u00f3gia: Hochmuth, Rybn\u00ed\u010dek, Jilek,<\/p>\n<p dir=\"ltr\">Sekcie &#8211; trvanie 1.5 hod.<\/p>\n<p><strong>\u00a0Ukon\u010denie \u00a0odosielania predn\u00e1\u0161ok do 30.6.2017<\/strong><\/p>\n<p dir=\"ltr\">Predbe\u017en\u00fd odborn\u00fd \u00a0program priprav\u00ed Petriskov\u00e1 &#8211; predlo\u017e\u00ed \u00a0na \u010fal\u0161om pl\u00e1novanom v\u00fdbore (10.8. \u00a0Malat\u00edny &#8211; schv\u00e1lenie definit\u00edvneho odborn\u00e9ho programu).<\/p>\n<p dir=\"ltr\">Zasadnutie v\u00fdboru pred konan\u00edm zjazdu &#8211; Penzi\u00f3n Ferrata, Martin 21. &#8211; 23. 9. (vybavuje Mikler) &#8211; schv\u00e1lenie kone\u010dn\u00e9ho programu (odborn\u00e1 \u010das\u0165, sprievodn\u00e9 akcie,&#8230;)<\/p>\n<p><span style=\"font-weight: 300;\">Programov\u00fd v\u00fdbor si vyhradzuje pr\u00e1vo na v\u00fdber predn\u00e1\u0161ok a posterov.<\/span><\/p>\n<p dir=\"ltr\">Zv\u00e1\u017ei\u0165 organizovanie posterovej sekcie (kr\u00e1tke prednesy asi 5-6 min\u00fat) &#8211; rozhode sa aj pod\u013ea po\u010dtu a zauj\u00edmavosti prihl\u00e1sen\u00fdch (z predn\u00e1\u0161ok preraden\u00fdch) posterov.<\/p>\n<p dir=\"ltr\">Plen\u00e1rne zasadnutie:<\/p>\n<p dir=\"ltr\">15.00 hod otvorenie &#8211; prezident kiongresu<\/p>\n<p dir=\"ltr\">Film o Tatr\u00e1ch (4-5min. (vybavuj\u00fa Lap\u0161ansk\u00e1, Hlinka)<\/p>\n<p dir=\"ltr\">Zdravice, vyznamenania&#8230; (Predsedovia)<\/p>\n<p dir=\"ltr\">Plen\u00e1rne predn\u00e1\u0161ky (\u00e1 20 min.): Hrubi\u0161ko, Pru\u017einec, Bart\u016f\u0148kov\u00e1, Nov\u00e1k, \u0158\u00edhov\u00e1, Petr\u016f.<\/p>\n<p dir=\"ltr\">Kult\u00farny program (Pru\u017einec, Smie\u0161kov\u00e1)<\/p>\n<p dir=\"ltr\">Raut<\/p>\n<p><span style=\"font-weight: 300;\">Postgradu\u00e1l 21.10.2017<\/span><\/p>\n<p dir=\"ltr\">Praktick\u00e1 imuno-alergol\u00f3gia &#8211; klinick\u00e1 diagnostika: oslovia predn\u00e1\u0161aj\u00facich: Pru\u017einec, Hrubi\u0161ko<\/p>\n<p dir=\"ltr\">(n\u00e1vrh: vyrobi\u0165 eduka\u010dn\u00e9 postre &#8211; vyrob\u00ed Pru\u017einec vo ve\u013ekom a v malom preveden\u00ed)<\/p>\n<p dir=\"ltr\">T\u00e9my: epikut\u00e1nne testy (Cajchanov\u00e1, Pru\u017einec), liekov\u00e1 alergia (Hlinka, Smie\u0161kov\u00e1), spirometria (Matula, Hochmuth) Potraviny (\u010ci\u017en\u00e1r,) &#8211; ekonomick\u00e9 aspekty na\u0161ej pr\u00e1ce &#8211; Dzurillov\u00e1 &#8211; ako spr\u00e1vne bodova\u0165? \u010co n\u00e1m unik\u00e1?<\/p>\n<p><span style=\"font-weight: 300;\">II.Ostatn\u00e9:<\/span><\/p>\n<ol>\n<li dir=\"ltr\">\n<p dir=\"ltr\">V\u00fdbor SSAKI berie na vedomie vznik ob\u010dianskeho zdru\u017eenia SAKI, s ktor\u00fdm je pripraven\u00fd spolupracova\u0165 na organiz\u00e1cii vzdel\u00e1vac\u00edch podujat\u00ed v odbore. V\u00fdbor SSAKI chce zastre\u0161ova\u0165 obsahov\u00fa a odborn\u00fa str\u00e1nku spolo\u010dn\u00fdch akci\u00ed.<\/p>\n<\/li>\n<li dir=\"ltr\">\n<p dir=\"ltr\">V\u00fdbor SSAKI deleguje organiza\u010dn\u00e9 zabezpe\u010denie MDI na SAKI o.z. &#8211; predn\u00e1\u0161ky ohl\u00e1si\u0165 najnesk\u00f4r do 15.3. Petriskovej<\/p>\n<\/li>\n<li dir=\"ltr\">\n<p dir=\"ltr\">Vyznamenania &#8211; jubilea: (Schvalbov\u00e1) &#8211; nezverejnen\u00e9<\/p>\n<\/li>\n<li dir=\"ltr\">\n<p dir=\"ltr\">&#8211; 6. nezverej\u0148ujeme na webe (z\u00e1pisnica dostupn\u00e1 na SLS)<span style=\"font-weight: 300;\">\u00a0<\/span><\/p>\n<\/li>\n<li dir=\"ltr\">\n<p dir=\"ltr\">Program letnej \u0161koly imunol\u00f3gie &#8211; n\u00e1vrhy t\u00e9m<\/p>\n<\/li>\n<\/ol>\n<ul>\n<li dir=\"ltr\">\n<p dir=\"ltr\">O\u010dkovanie a\u00a0paradigmy ne\u017eiaducich \u00fa\u010dinkov &#8230;.autizmus \u00a0(Jese\u0148\u00e1k)<\/p>\n<\/li>\n<li dir=\"ltr\">\n<p dir=\"ltr\">Ekol\u00f3gia \u00a0a\u00a0imunita (Hochmuth)<\/p>\n<\/li>\n<\/ul>\n<p dir=\"ltr\">III. Kalend\u00e1r podujat\u00ed:<\/p>\n<p dir=\"ltr\">\u00a010.2 .-11.2 \u00a0Poruchy imunity &#8211; Tren\u010d\u00edn (Imuna)<\/p>\n<p dir=\"ltr\">\u00a010.3.-11.3 \u00a0Alergosummit &#8211; \u00a0Vigla\u0161 (Mylan)<\/p>\n<p dir=\"ltr\">\u00a015.3. \u00a0\u00a0\u00a0\u00a0\u00a0Panel expertov (Phadia)<\/p>\n<p dir=\"ltr\">\u00a024.3.-25.3. \u00a0Burza \u00a0PID \u00a0Bansk\u00e1 \u0160tiavnica \/ Ghurov\u00e9 dni<\/p>\n<p dir=\"ltr\">\u00a05-7.4. \u00a0\u00a0\u00a0MDI<\/p>\n<p dir=\"ltr\">\u00a03.5. \u00a0PID Bratislava<\/p>\n<p dir=\"ltr\">\u00a04-6.5 \u00a0\u00a0Bardejov II. pneumol.kongres<\/p>\n<p dir=\"ltr\">\u00a012.5-13.5. \u00a0\u00a0Litomy\u0161l<\/p>\n<p dir=\"ltr\">\u00a026.5 &#8211; 27.5. \u00a0Alergia 2017 Bratislava<\/p>\n<p dir=\"ltr\">\u00a017.6.-21.6. EAACI Helsinky<\/p>\n<p dir=\"ltr\">\u00a011.8.-13.8. \u00a0Letn\u00e1 \u0161kola imunol\u00f3gie august<\/p>\n<p dir=\"ltr\">\u00a09-13.9. \u00a0ERS &#8211; Milano<\/p>\n<p dir=\"ltr\">\u00a021.-23.9. zasadnutie v\u00fdboru SSAKI &#8211; Martin<\/p>\n<p dir=\"ltr\">\u00a027-28.9. PID Ko\u0161ice<\/p>\n<p dir=\"ltr\">\u00a026-28. okt. PAAM<\/p>\n<p>\u00a011.-14.4. 2018 MDI<\/p>\n<p dir=\"ltr\">zap\u00edsala MUDr. Kl\u00e1ra Koss\u00e1rov\u00e1<\/p>\n","protected":false},"excerpt":{"rendered":"<p>Z\u00e1pisnica zo zasadnutia \u00a0v\u00fdboru a poradn\u00e9ho zboru SSAKI 20.1.2017 Doln\u00fd Smokovec Pr\u00edtomn\u00ed: Pru\u017einec, Hrubi\u0161ko, Petriskov\u00e1, Ko\u0161turiak, Koss\u00e1rov\u00e1, Mikler, Hochmuth, Schvalbov\u00e1, Dzurillov\u00e1, Smie\u0161kov\u00e1, Jese\u0148\u00e1k, Hlinka, Lap\u0161ansk\u00e1 Ospravedlnen\u00ed: \u010ci\u017en\u00e1r Organiz\u00e1cia XXXIV. kongresu SSAKI, \u010cSAKI, SIMS, \u010cIS&#46;&#46;&#46;<\/p>\n","protected":false},"author":1,"featured_media":0,"parent":19,"menu_order":0,"comment_status":"closed","ping_status":"closed","template":"","meta":{"footnotes":""},"class_list":["post-1893090","page","type-page","status-publish","hentry"],"yoast_head":"<!-- This site is optimized with the Yoast SEO plugin v27.3 - https:\/\/yoast.com\/product\/yoast-seo-wordpress\/ -->\n<title>Zo z\u00e1pisnice z 20.1.2017 - Slovensk\u00e1 spolo\u010dnos\u0165 alergol\u00f3gie a klinickej imunol\u00f3gie<\/title>\n<meta name=\"description\" content=\"Sme odborn\u00e1 splo\u010dnos\u0165, ktor\u00e1 zdru\u017euje klinick\u00fdch imunol\u00f3gov a alergol\u00f3gov, ako aj in\u00fdch odborn\u00edkov so z\u00e1ujmom o tento odbor. Na\u0161a spolo\u010dnos\u0165 je hlavn\u00fdm organiz\u00e1torom kontunu\u00e1lneho vzdel\u00e1vania v tomto odbore na Slovensku.\" \/>\n<meta name=\"robots\" content=\"index, follow, max-snippet:-1, max-image-preview:large, max-video-preview:-1\" \/>\n<link rel=\"canonical\" href=\"https:\/\/www.ssaki.eu\/?page_id=1893090\" \/>\n<meta property=\"og:locale\" content=\"sk_SK\" \/>\n<meta property=\"og:type\" content=\"article\" \/>\n<meta property=\"og:title\" content=\"Zo z\u00e1pisnice z 20.1.2017 - Slovensk\u00e1 spolo\u010dnos\u0165 alergol\u00f3gie a klinickej imunol\u00f3gie\" \/>\n<meta property=\"og:description\" content=\"Sme odborn\u00e1 splo\u010dnos\u0165, ktor\u00e1 zdru\u017euje klinick\u00fdch imunol\u00f3gov a alergol\u00f3gov, ako aj in\u00fdch odborn\u00edkov so z\u00e1ujmom o tento odbor. Na\u0161a spolo\u010dnos\u0165 je hlavn\u00fdm organiz\u00e1torom kontunu\u00e1lneho vzdel\u00e1vania v tomto odbore na Slovensku.\" \/>\n<meta property=\"og:url\" content=\"https:\/\/www.ssaki.eu\/?page_id=1893090\" \/>\n<meta property=\"og:site_name\" content=\"Slovensk\u00e1 spolo\u010dnos\u0165 alergol\u00f3gie a klinickej imunol\u00f3gie\" \/>\n<meta property=\"article:publisher\" content=\"https:\/\/www.facebook.com\/alergologoviaimunologoviaSK\" \/>\n<meta property=\"og:image\" content=\"https:\/\/www.ssaki.eu\/wp-content\/uploads\/2021\/01\/STOP_COVID_SSAKI-e1609772027682.png\" \/>\n\t<meta property=\"og:image:width\" content=\"640\" \/>\n\t<meta property=\"og:image:height\" content=\"360\" \/>\n\t<meta property=\"og:image:type\" content=\"image\/png\" \/>\n<meta name=\"twitter:card\" content=\"summary_large_image\" \/>\n<meta name=\"twitter:label1\" content=\"Predpokladan\u00fd \u010das \u010d\u00edtania\" \/>\n\t<meta name=\"twitter:data1\" content=\"4 min\u00faty\" \/>\n<script type=\"application\/ld+json\" class=\"yoast-schema-graph\">{\"@context\":\"https:\\\/\\\/schema.org\",\"@graph\":[{\"@type\":[\"WebPage\",\"MedicalWebPage\"],\"@id\":\"https:\\\/\\\/www.ssaki.eu\\\/?page_id=1893090\",\"url\":\"https:\\\/\\\/www.ssaki.eu\\\/?page_id=1893090\",\"name\":\"Zo z\u00e1pisnice z 20.1.2017 - Slovensk\u00e1 spolo\u010dnos\u0165 alergol\u00f3gie a klinickej imunol\u00f3gie\",\"isPartOf\":{\"@id\":\"https:\\\/\\\/www.ssaki.eu\\\/#website\"},\"datePublished\":\"2017-02-02T19:41:05+00:00\",\"description\":\"Sme odborn\u00e1 splo\u010dnos\u0165, ktor\u00e1 zdru\u017euje klinick\u00fdch imunol\u00f3gov a alergol\u00f3gov, ako aj in\u00fdch odborn\u00edkov so z\u00e1ujmom o tento odbor. Na\u0161a spolo\u010dnos\u0165 je hlavn\u00fdm organiz\u00e1torom kontunu\u00e1lneho vzdel\u00e1vania v tomto odbore na Slovensku.\",\"breadcrumb\":{\"@id\":\"https:\\\/\\\/www.ssaki.eu\\\/?page_id=1893090#breadcrumb\"},\"inLanguage\":\"sk-SK\",\"potentialAction\":[{\"@type\":\"ReadAction\",\"target\":[\"https:\\\/\\\/www.ssaki.eu\\\/?page_id=1893090\"]}]},{\"@type\":\"BreadcrumbList\",\"@id\":\"https:\\\/\\\/www.ssaki.eu\\\/?page_id=1893090#breadcrumb\",\"itemListElement\":[{\"@type\":\"ListItem\",\"position\":1,\"name\":\"Domovsk\u00e1 str\u00e1nka\",\"item\":\"https:\\\/\\\/www.ssaki.eu\\\/\"},{\"@type\":\"ListItem\",\"position\":2,\"name\":\"V\u00fdbor spolo\u010dnosti\",\"item\":\"https:\\\/\\\/www.ssaki.eu\\\/?page_id=11\"},{\"@type\":\"ListItem\",\"position\":3,\"name\":\"Zo z\u00e1pisn\u00edc\",\"item\":\"https:\\\/\\\/www.ssaki.eu\\\/?page_id=19\"},{\"@type\":\"ListItem\",\"position\":4,\"name\":\"Zo z\u00e1pisnice z 20.1.2017\"}]},{\"@type\":\"WebSite\",\"@id\":\"https:\\\/\\\/www.ssaki.eu\\\/#website\",\"url\":\"https:\\\/\\\/www.ssaki.eu\\\/\",\"name\":\"Slovensk\u00e1 spolo\u010dnos\u0165 alergol\u00f3gie a klinickej imunol\u00f3gie\",\"description\":\"\",\"publisher\":{\"@id\":\"https:\\\/\\\/www.ssaki.eu\\\/#organization\"},\"potentialAction\":[{\"@type\":\"SearchAction\",\"target\":{\"@type\":\"EntryPoint\",\"urlTemplate\":\"https:\\\/\\\/www.ssaki.eu\\\/?s={search_term_string}\"},\"query-input\":{\"@type\":\"PropertyValueSpecification\",\"valueRequired\":true,\"valueName\":\"search_term_string\"}}],\"inLanguage\":\"sk-SK\"},{\"@type\":\"Organization\",\"@id\":\"https:\\\/\\\/www.ssaki.eu\\\/#organization\",\"name\":\"Slovensk\u00e1 spolo\u010dnos\u0165 alergol\u00f3gie a klinickej imunol\u00f3gie\",\"url\":\"https:\\\/\\\/www.ssaki.eu\\\/\",\"logo\":{\"@type\":\"ImageObject\",\"inLanguage\":\"sk-SK\",\"@id\":\"https:\\\/\\\/www.ssaki.eu\\\/#\\\/schema\\\/logo\\\/image\\\/\",\"url\":\"https:\\\/\\\/www.ssaki.eu\\\/wp-content\\\/uploads\\\/2021\\\/01\\\/LOGO-1.png\",\"contentUrl\":\"https:\\\/\\\/www.ssaki.eu\\\/wp-content\\\/uploads\\\/2021\\\/01\\\/LOGO-1.png\",\"width\":1280,\"height\":720,\"caption\":\"Slovensk\u00e1 spolo\u010dnos\u0165 alergol\u00f3gie a klinickej imunol\u00f3gie\"},\"image\":{\"@id\":\"https:\\\/\\\/www.ssaki.eu\\\/#\\\/schema\\\/logo\\\/image\\\/\"},\"sameAs\":[\"https:\\\/\\\/www.facebook.com\\\/alergologoviaimunologoviaSK\"]}]}<\/script>\n<!-- \/ Yoast SEO plugin. -->","yoast_head_json":{"title":"Zo z\u00e1pisnice z 20.1.2017 - Slovensk\u00e1 spolo\u010dnos\u0165 alergol\u00f3gie a klinickej imunol\u00f3gie","description":"Sme odborn\u00e1 splo\u010dnos\u0165, ktor\u00e1 zdru\u017euje klinick\u00fdch imunol\u00f3gov a alergol\u00f3gov, ako aj in\u00fdch odborn\u00edkov so z\u00e1ujmom o tento odbor. Na\u0161a spolo\u010dnos\u0165 je hlavn\u00fdm organiz\u00e1torom kontunu\u00e1lneho vzdel\u00e1vania v tomto odbore na Slovensku.","robots":{"index":"index","follow":"follow","max-snippet":"max-snippet:-1","max-image-preview":"max-image-preview:large","max-video-preview":"max-video-preview:-1"},"canonical":"https:\/\/www.ssaki.eu\/?page_id=1893090","og_locale":"sk_SK","og_type":"article","og_title":"Zo z\u00e1pisnice z 20.1.2017 - Slovensk\u00e1 spolo\u010dnos\u0165 alergol\u00f3gie a klinickej imunol\u00f3gie","og_description":"Sme odborn\u00e1 splo\u010dnos\u0165, ktor\u00e1 zdru\u017euje klinick\u00fdch imunol\u00f3gov a alergol\u00f3gov, ako aj in\u00fdch odborn\u00edkov so z\u00e1ujmom o tento odbor. Na\u0161a spolo\u010dnos\u0165 je hlavn\u00fdm organiz\u00e1torom kontunu\u00e1lneho vzdel\u00e1vania v tomto odbore na Slovensku.","og_url":"https:\/\/www.ssaki.eu\/?page_id=1893090","og_site_name":"Slovensk\u00e1 spolo\u010dnos\u0165 alergol\u00f3gie a klinickej imunol\u00f3gie","article_publisher":"https:\/\/www.facebook.com\/alergologoviaimunologoviaSK","og_image":[{"width":640,"height":360,"url":"https:\/\/www.ssaki.eu\/wp-content\/uploads\/2021\/01\/STOP_COVID_SSAKI-e1609772027682.png","type":"image\/png"}],"twitter_card":"summary_large_image","twitter_misc":{"Predpokladan\u00fd \u010das \u010d\u00edtania":"4 min\u00faty"},"schema":{"@context":"https:\/\/schema.org","@graph":[{"@type":["WebPage","MedicalWebPage"],"@id":"https:\/\/www.ssaki.eu\/?page_id=1893090","url":"https:\/\/www.ssaki.eu\/?page_id=1893090","name":"Zo z\u00e1pisnice z 20.1.2017 - Slovensk\u00e1 spolo\u010dnos\u0165 alergol\u00f3gie a klinickej imunol\u00f3gie","isPartOf":{"@id":"https:\/\/www.ssaki.eu\/#website"},"datePublished":"2017-02-02T19:41:05+00:00","description":"Sme odborn\u00e1 splo\u010dnos\u0165, ktor\u00e1 zdru\u017euje klinick\u00fdch imunol\u00f3gov a alergol\u00f3gov, ako aj in\u00fdch odborn\u00edkov so z\u00e1ujmom o tento odbor. Na\u0161a spolo\u010dnos\u0165 je hlavn\u00fdm organiz\u00e1torom kontunu\u00e1lneho vzdel\u00e1vania v tomto odbore na Slovensku.","breadcrumb":{"@id":"https:\/\/www.ssaki.eu\/?page_id=1893090#breadcrumb"},"inLanguage":"sk-SK","potentialAction":[{"@type":"ReadAction","target":["https:\/\/www.ssaki.eu\/?page_id=1893090"]}]},{"@type":"BreadcrumbList","@id":"https:\/\/www.ssaki.eu\/?page_id=1893090#breadcrumb","itemListElement":[{"@type":"ListItem","position":1,"name":"Domovsk\u00e1 str\u00e1nka","item":"https:\/\/www.ssaki.eu\/"},{"@type":"ListItem","position":2,"name":"V\u00fdbor spolo\u010dnosti","item":"https:\/\/www.ssaki.eu\/?page_id=11"},{"@type":"ListItem","position":3,"name":"Zo z\u00e1pisn\u00edc","item":"https:\/\/www.ssaki.eu\/?page_id=19"},{"@type":"ListItem","position":4,"name":"Zo z\u00e1pisnice z 20.1.2017"}]},{"@type":"WebSite","@id":"https:\/\/www.ssaki.eu\/#website","url":"https:\/\/www.ssaki.eu\/","name":"Slovensk\u00e1 spolo\u010dnos\u0165 alergol\u00f3gie a klinickej imunol\u00f3gie","description":"","publisher":{"@id":"https:\/\/www.ssaki.eu\/#organization"},"potentialAction":[{"@type":"SearchAction","target":{"@type":"EntryPoint","urlTemplate":"https:\/\/www.ssaki.eu\/?s={search_term_string}"},"query-input":{"@type":"PropertyValueSpecification","valueRequired":true,"valueName":"search_term_string"}}],"inLanguage":"sk-SK"},{"@type":"Organization","@id":"https:\/\/www.ssaki.eu\/#organization","name":"Slovensk\u00e1 spolo\u010dnos\u0165 alergol\u00f3gie a klinickej imunol\u00f3gie","url":"https:\/\/www.ssaki.eu\/","logo":{"@type":"ImageObject","inLanguage":"sk-SK","@id":"https:\/\/www.ssaki.eu\/#\/schema\/logo\/image\/","url":"https:\/\/www.ssaki.eu\/wp-content\/uploads\/2021\/01\/LOGO-1.png","contentUrl":"https:\/\/www.ssaki.eu\/wp-content\/uploads\/2021\/01\/LOGO-1.png","width":1280,"height":720,"caption":"Slovensk\u00e1 spolo\u010dnos\u0165 alergol\u00f3gie a klinickej imunol\u00f3gie"},"image":{"@id":"https:\/\/www.ssaki.eu\/#\/schema\/logo\/image\/"},"sameAs":["https:\/\/www.facebook.com\/alergologoviaimunologoviaSK"]}]}},"_links":{"self":[{"href":"https:\/\/www.ssaki.eu\/index.php?rest_route=\/wp\/v2\/pages\/1893090","targetHints":{"allow":["GET"]}}],"collection":[{"href":"https:\/\/www.ssaki.eu\/index.php?rest_route=\/wp\/v2\/pages"}],"about":[{"href":"https:\/\/www.ssaki.eu\/index.php?rest_route=\/wp\/v2\/types\/page"}],"author":[{"embeddable":true,"href":"https:\/\/www.ssaki.eu\/index.php?rest_route=\/wp\/v2\/users\/1"}],"replies":[{"embeddable":true,"href":"https:\/\/www.ssaki.eu\/index.php?rest_route=%2Fwp%2Fv2%2Fcomments&post=1893090"}],"version-history":[{"count":1,"href":"https:\/\/www.ssaki.eu\/index.php?rest_route=\/wp\/v2\/pages\/1893090\/revisions"}],"predecessor-version":[{"id":1893091,"href":"https:\/\/www.ssaki.eu\/index.php?rest_route=\/wp\/v2\/pages\/1893090\/revisions\/1893091"}],"up":[{"embeddable":true,"href":"https:\/\/www.ssaki.eu\/index.php?rest_route=\/wp\/v2\/pages\/19"}],"wp:attachment":[{"href":"https:\/\/www.ssaki.eu\/index.php?rest_route=%2Fwp%2Fv2%2Fmedia&parent=1893090"}],"curies":[{"name":"wp","href":"https:\/\/api.w.org\/{rel}","templated":true}]}}