{"id":3306485,"date":"2019-06-26T23:02:59","date_gmt":"2019-06-26T21:02:59","guid":{"rendered":"http:\/\/www.ssaki.eu\/?page_id=3306485"},"modified":"2019-06-26T23:02:59","modified_gmt":"2019-06-26T21:02:59","slug":"zo-zapisnice-z-17-5-2019","status":"publish","type":"page","link":"https:\/\/www.ssaki.eu\/?page_id=3306485","title":{"rendered":"Zo z\u00e1pisnice z 17.5.2019"},"content":{"rendered":"\n<p>Z\u00e1pisnica zo zasadnutia V\u00fdboru  SSAKI a Poradn\u00e9ho zboru hlavn\u00e9ho odborn\u00edka MZ SR 17.5.2019-Liptovsk\u00fd hr\u00e1dok<br>\nPr\u00edtomn\u00ed: \u010ci\u017en\u00e1r, Dzurillov\u00e1, Hlinka, Hrubi\u0161ko, Jese\u0148\u00e1k, Koss\u00e1rov\u00e1, Ko\u0161turiak, Lap\u0161ansk\u00e1, Mikler, Petriskov\u00e1, Pru\u017einec, Schvalbov\u00e1, Smie\u0161kov\u00e1<br>\nOspravedlnen\u00ed: Hochmuth<\/p>\n\n\n\n<p>I. Otvorenie zasadnutia a zhrnutie \u010dinnosti medzi zasadnutiami (Hrubi\u0161ko, Pru\u017einec).<\/p>\n\n\n\n<p>II. XXXVI.zjazd SSAKI a \u010cSAKI 2.-5.10.2019-Vysok\u00e9 Tatry<\/p>\n\n\n\n<p>Tvorba odborn\u00e9ho programu, postupn\u00e9 dop\u013a\u0148anie predsedaj\u00facich jednotliv\u00fdch sekci\u00ed a jednotliv\u00fdch prezent\u00e1ci\u00ed<\/p>\n\n\n\n<ul class=\"wp-block-list\"><li>jednotliv\u00e9 bloky sa u\u017e \u010drtaj\u00fa ( v ka\u017edom s\u00fa u\u017e dohodnut\u00e9 minim\u00e1lne 2-3 konkr\u00e9tne predn\u00e1\u0161ky, predsedovia e\u0161te dokomunikuj\u00fa spolupredsedov z \u010cR a s nimi pr\u00edpadne e\u0161te doplni \u010fal\u0161ie predn\u00e1\u0161ky, pod\u013ea naplnenia bloku sa doplnia blok event. predn\u00e1\u0161kami prihl\u00e1sen\u00fdch &#8211; prv\u00ed \u00fa\u010dastn\u00edci sa u\u017e prihlasuj\u00fa)<\/li><li>pl\u00e1n: na bud\u00facom V\u00fdbore v j\u00fani ma\u0165 u\u017e na 90% bloky hotov\u00e9, na V\u00fdbore v auguste u\u017e zverejni\u0165 viac-menej definit\u00edvny program)<\/li><\/ul>\n\n\n\n<p>T\u00e9ma: Kde s\u00fa hranice klinickej imunol\u00f3gie \u2013 alergol\u00f3gie<\/p>\n\n\n\n<p>Sekcie:<\/p>\n\n\n\n<ol class=\"wp-block-list\"><li>Alergol\u00f3gia v postfaktickej dobe &#8211; Hochmuth, Ko\u0161turiak<\/li><li>Astma bronchiale &#8211; Hrubi\u0161ko, Schvalbov\u00e1, Pohunek<\/li><li>Imunol\u00f3gia v neurol\u00f3gii &#8211; Kl\u00edmov\u00e1, Kr\u00e1l, Smie\u0161kov\u00e1<\/li><li>Imunol\u00f3gia v gastroenterologii &#8211; Buc, Koss\u00e1rov\u00e1, Oltman<\/li><li>Alergia na jed blanokr\u00eddleho hmyzu &#8211; Hlinka, Hrubi\u0161ko<\/li><li>Imunol\u00f3gia infek\u010dn\u00fdch ochoren\u00ed &#8211; Jese\u0148\u00e1k, Ostr\u00f3<\/li><li>Imunodeficiencie &#8211; \u010ci\u017en\u00e1r, Jese\u0148\u00e1k<\/li><li>Ak\u00fatne stavy &#8211; Mikler, Ku\u010dera, Petru<\/li><li>Imunol\u00f3gia v dermatol\u00f3gii &#8211; Pru\u017einec, Buchvald<\/li><li>Angioed\u00e9m &#8211; Farkas, Jese\u0148\u00e1k<\/li><li>Potravinov\u00e1 alergia v pediatrii &#8211; \u010ci\u017en\u00e1r<\/li><li>Sekcia sestier &#8211; Chleb\u00e1kov\u00e1, Lap\u0161ansk\u00e1, \u0160imon\u00ed\u010dkov\u00e1<\/li><li>Liekov\u00e1 alergia &#8211; Smie\u0161kov\u00e1, Hlinka<\/li><li>Reproduk\u010dn\u00e1 imunol\u00f3gia &#8211; Dzurillov\u00e1<\/li><\/ol>\n\n\n\n<p>Postgradu\u00e1l: O\u010dkovanie &#8211; Jese\u0148\u00e1k<\/p>\n\n\n\n<p>Sympozi\u00e1lne predn\u00e1\u0161ky 2.10.2019 &#8211; Smie\u0161ko (Basel)<br>\nPanzner (\u010cesk\u00e1 R.), Hrubi\u0161ko, Pru\u017einec, Stanekov\u00e1<\/p>\n\n\n\n<p>Prihlasovanie na kongres je mo\u017en\u00e9 iba elektronicky<\/p>\n\n\n\n<p>kone\u010dn\u00fd term\u00edn  na akt\u00edvnu \u00fa\u010das\u0165 30.6.2019<\/p>\n\n\n\n<p>III: R\u00f4zne <\/p>\n\n\n\n<ul class=\"wp-block-list\"><li>Hrubi\u0161ko informoval o komunik\u00e1cii s EAACI a odkaze na str\u00e1nky EAACI aj na webovej str\u00e1nke na\u0161ej spolo\u010dnosti<\/li><li>Petriskov\u00e1 informovala oh\u013eadne term\u00ednov odborn\u00fdch akci\u00ed:<\/li><li>stretnutie ASL &#8211; 8.11.- Martin<\/li><li>F\u00f3rum AIT &#8211; 22.-23.11.- Gbe\u013eany<\/li><li>Medif\u00f3rum &#8211; 29.11.- hotel Chopok<br>\nV\u00fdbor participuje na tvorbe programu uveden\u00fdch akci\u00ed.<\/li><\/ul>\n\n\n\n<p>Hrubi\u0161ko informoval o potrebe iniciova\u0165 na p\u00f4de SLS a SLK zmenu z\u00e1kona, ktor\u00fd uklad\u00e1 povinnos\u0165 poskytovate\u013eom zdravotnej starostlivosti  odovzd\u00e1va\u0165 koncoro\u010dn\u00e9 \u0161tatistick\u00e9 \u00fadaje tak, aby tieto \u0161tatistick\u00e9 \u00fadaje poskytovalo N\u00e1rodn\u00e9 centrum zdravotn\u00edckych inform\u00e1ci\u00ed (NCZI), ktor\u00e9 m\u00e1 v\u0161etky inform\u00e1cie po zaveden\u00ed E-health k dispoz\u00edcii, spresnili by sa t\u00fdm \u0161tatistick\u00e9 \u00fadaj (jednotn\u00e1 metodik), s\u00fa\u010dasn\u00e1 po\u017eiadavka je v dobe e-zdravia anachronizmom a neod\u00f4vodnenou z\u00e1\u0165a\u017eou lek\u00e1rov.<\/p>\n\n\n\n<p>Zap\u00edsala Schvalbov\u00e1<br>\nSkontroloval a schv\u00e1lil Hrubi\u0161ko<\/p>\n\r\n","protected":false},"excerpt":{"rendered":"<p>Z\u00e1pisnica zo zasadnutia V\u00fdboru SSAKI a Poradn\u00e9ho zboru hlavn\u00e9ho odborn\u00edka MZ SR 17.5.2019-Liptovsk\u00fd hr\u00e1dok Pr\u00edtomn\u00ed: \u010ci\u017en\u00e1r, Dzurillov\u00e1, Hlinka, Hrubi\u0161ko, Jese\u0148\u00e1k, Koss\u00e1rov\u00e1, Ko\u0161turiak, Lap\u0161ansk\u00e1, Mikler, Petriskov\u00e1, Pru\u017einec, Schvalbov\u00e1, Smie\u0161kov\u00e1 Ospravedlnen\u00ed: Hochmuth I. Otvorenie zasadnutia a&#46;&#46;&#46;<\/p>\n","protected":false},"author":1,"featured_media":0,"parent":0,"menu_order":0,"comment_status":"closed","ping_status":"closed","template":"","meta":{"footnotes":""},"class_list":["post-3306485","page","type-page","status-publish","hentry"],"yoast_head":"<!-- This site is optimized with the Yoast SEO plugin v27.4 - https:\/\/yoast.com\/product\/yoast-seo-wordpress\/ -->\n<title>Zo z\u00e1pisnice z 17.5.2019 - Slovensk\u00e1 spolo\u010dnos\u0165 alergol\u00f3gie a klinickej imunol\u00f3gie<\/title>\n<meta name=\"description\" content=\"Sme odborn\u00e1 splo\u010dnos\u0165, ktor\u00e1 zdru\u017euje klinick\u00fdch imunol\u00f3gov a alergol\u00f3gov, ako aj in\u00fdch odborn\u00edkov so z\u00e1ujmom o tento odbor. Na\u0161a spolo\u010dnos\u0165 je hlavn\u00fdm organiz\u00e1torom kontunu\u00e1lneho vzdel\u00e1vania v tomto odbore na Slovensku.\" \/>\n<meta name=\"robots\" content=\"index, follow, max-snippet:-1, max-image-preview:large, max-video-preview:-1\" \/>\n<link rel=\"canonical\" href=\"https:\/\/www.ssaki.eu\/?page_id=3306485\" \/>\n<meta property=\"og:locale\" content=\"sk_SK\" \/>\n<meta property=\"og:type\" content=\"article\" \/>\n<meta property=\"og:title\" content=\"Zo z\u00e1pisnice z 17.5.2019 - Slovensk\u00e1 spolo\u010dnos\u0165 alergol\u00f3gie a klinickej imunol\u00f3gie\" \/>\n<meta property=\"og:description\" content=\"Sme odborn\u00e1 splo\u010dnos\u0165, ktor\u00e1 zdru\u017euje klinick\u00fdch imunol\u00f3gov a alergol\u00f3gov, ako aj in\u00fdch odborn\u00edkov so z\u00e1ujmom o tento odbor. Na\u0161a spolo\u010dnos\u0165 je hlavn\u00fdm organiz\u00e1torom kontunu\u00e1lneho vzdel\u00e1vania v tomto odbore na Slovensku.\" \/>\n<meta property=\"og:url\" content=\"https:\/\/www.ssaki.eu\/?page_id=3306485\" \/>\n<meta property=\"og:site_name\" content=\"Slovensk\u00e1 spolo\u010dnos\u0165 alergol\u00f3gie a klinickej imunol\u00f3gie\" \/>\n<meta property=\"article:publisher\" content=\"https:\/\/www.facebook.com\/alergologoviaimunologoviaSK\" \/>\n<meta property=\"og:image\" content=\"https:\/\/www.ssaki.eu\/wp-content\/uploads\/2021\/01\/STOP_COVID_SSAKI-e1609772027682.png\" \/>\n\t<meta property=\"og:image:width\" content=\"640\" \/>\n\t<meta property=\"og:image:height\" content=\"360\" \/>\n\t<meta property=\"og:image:type\" content=\"image\/png\" \/>\n<meta name=\"twitter:card\" content=\"summary_large_image\" \/>\n<meta name=\"twitter:label1\" content=\"Predpokladan\u00fd \u010das \u010d\u00edtania\" \/>\n\t<meta name=\"twitter:data1\" content=\"2 min\u00faty\" \/>\n<script type=\"application\/ld+json\" class=\"yoast-schema-graph\">{\"@context\":\"https:\\\/\\\/schema.org\",\"@graph\":[{\"@type\":[\"WebPage\",\"MedicalWebPage\"],\"@id\":\"https:\\\/\\\/www.ssaki.eu\\\/?page_id=3306485\",\"url\":\"https:\\\/\\\/www.ssaki.eu\\\/?page_id=3306485\",\"name\":\"Zo z\u00e1pisnice z 17.5.2019 - Slovensk\u00e1 spolo\u010dnos\u0165 alergol\u00f3gie a klinickej imunol\u00f3gie\",\"isPartOf\":{\"@id\":\"https:\\\/\\\/www.ssaki.eu\\\/#website\"},\"datePublished\":\"2019-06-26T21:02:59+00:00\",\"description\":\"Sme odborn\u00e1 splo\u010dnos\u0165, ktor\u00e1 zdru\u017euje klinick\u00fdch imunol\u00f3gov a alergol\u00f3gov, ako aj in\u00fdch odborn\u00edkov so z\u00e1ujmom o tento odbor. Na\u0161a spolo\u010dnos\u0165 je hlavn\u00fdm organiz\u00e1torom kontunu\u00e1lneho vzdel\u00e1vania v tomto odbore na Slovensku.\",\"breadcrumb\":{\"@id\":\"https:\\\/\\\/www.ssaki.eu\\\/?page_id=3306485#breadcrumb\"},\"inLanguage\":\"sk-SK\",\"potentialAction\":[{\"@type\":\"ReadAction\",\"target\":[\"https:\\\/\\\/www.ssaki.eu\\\/?page_id=3306485\"]}]},{\"@type\":\"BreadcrumbList\",\"@id\":\"https:\\\/\\\/www.ssaki.eu\\\/?page_id=3306485#breadcrumb\",\"itemListElement\":[{\"@type\":\"ListItem\",\"position\":1,\"name\":\"Domovsk\u00e1 str\u00e1nka\",\"item\":\"https:\\\/\\\/www.ssaki.eu\\\/\"},{\"@type\":\"ListItem\",\"position\":2,\"name\":\"Zo z\u00e1pisnice z 17.5.2019\"}]},{\"@type\":\"WebSite\",\"@id\":\"https:\\\/\\\/www.ssaki.eu\\\/#website\",\"url\":\"https:\\\/\\\/www.ssaki.eu\\\/\",\"name\":\"Slovensk\u00e1 spolo\u010dnos\u0165 alergol\u00f3gie a klinickej imunol\u00f3gie\",\"description\":\"\",\"publisher\":{\"@id\":\"https:\\\/\\\/www.ssaki.eu\\\/#organization\"},\"potentialAction\":[{\"@type\":\"SearchAction\",\"target\":{\"@type\":\"EntryPoint\",\"urlTemplate\":\"https:\\\/\\\/www.ssaki.eu\\\/?s={search_term_string}\"},\"query-input\":{\"@type\":\"PropertyValueSpecification\",\"valueRequired\":true,\"valueName\":\"search_term_string\"}}],\"inLanguage\":\"sk-SK\"},{\"@type\":\"Organization\",\"@id\":\"https:\\\/\\\/www.ssaki.eu\\\/#organization\",\"name\":\"Slovensk\u00e1 spolo\u010dnos\u0165 alergol\u00f3gie a klinickej imunol\u00f3gie\",\"url\":\"https:\\\/\\\/www.ssaki.eu\\\/\",\"logo\":{\"@type\":\"ImageObject\",\"inLanguage\":\"sk-SK\",\"@id\":\"https:\\\/\\\/www.ssaki.eu\\\/#\\\/schema\\\/logo\\\/image\\\/\",\"url\":\"https:\\\/\\\/www.ssaki.eu\\\/wp-content\\\/uploads\\\/2021\\\/01\\\/LOGO-1.png\",\"contentUrl\":\"https:\\\/\\\/www.ssaki.eu\\\/wp-content\\\/uploads\\\/2021\\\/01\\\/LOGO-1.png\",\"width\":1280,\"height\":720,\"caption\":\"Slovensk\u00e1 spolo\u010dnos\u0165 alergol\u00f3gie a klinickej imunol\u00f3gie\"},\"image\":{\"@id\":\"https:\\\/\\\/www.ssaki.eu\\\/#\\\/schema\\\/logo\\\/image\\\/\"},\"sameAs\":[\"https:\\\/\\\/www.facebook.com\\\/alergologoviaimunologoviaSK\"]}]}<\/script>\n<!-- \/ Yoast SEO plugin. -->","yoast_head_json":{"title":"Zo z\u00e1pisnice z 17.5.2019 - Slovensk\u00e1 spolo\u010dnos\u0165 alergol\u00f3gie a klinickej imunol\u00f3gie","description":"Sme odborn\u00e1 splo\u010dnos\u0165, ktor\u00e1 zdru\u017euje klinick\u00fdch imunol\u00f3gov a alergol\u00f3gov, ako aj in\u00fdch odborn\u00edkov so z\u00e1ujmom o tento odbor. Na\u0161a spolo\u010dnos\u0165 je hlavn\u00fdm organiz\u00e1torom kontunu\u00e1lneho vzdel\u00e1vania v tomto odbore na Slovensku.","robots":{"index":"index","follow":"follow","max-snippet":"max-snippet:-1","max-image-preview":"max-image-preview:large","max-video-preview":"max-video-preview:-1"},"canonical":"https:\/\/www.ssaki.eu\/?page_id=3306485","og_locale":"sk_SK","og_type":"article","og_title":"Zo z\u00e1pisnice z 17.5.2019 - Slovensk\u00e1 spolo\u010dnos\u0165 alergol\u00f3gie a klinickej imunol\u00f3gie","og_description":"Sme odborn\u00e1 splo\u010dnos\u0165, ktor\u00e1 zdru\u017euje klinick\u00fdch imunol\u00f3gov a alergol\u00f3gov, ako aj in\u00fdch odborn\u00edkov so z\u00e1ujmom o tento odbor. Na\u0161a spolo\u010dnos\u0165 je hlavn\u00fdm organiz\u00e1torom kontunu\u00e1lneho vzdel\u00e1vania v tomto odbore na Slovensku.","og_url":"https:\/\/www.ssaki.eu\/?page_id=3306485","og_site_name":"Slovensk\u00e1 spolo\u010dnos\u0165 alergol\u00f3gie a klinickej imunol\u00f3gie","article_publisher":"https:\/\/www.facebook.com\/alergologoviaimunologoviaSK","og_image":[{"width":640,"height":360,"url":"https:\/\/www.ssaki.eu\/wp-content\/uploads\/2021\/01\/STOP_COVID_SSAKI-e1609772027682.png","type":"image\/png"}],"twitter_card":"summary_large_image","twitter_misc":{"Predpokladan\u00fd \u010das \u010d\u00edtania":"2 min\u00faty"},"schema":{"@context":"https:\/\/schema.org","@graph":[{"@type":["WebPage","MedicalWebPage"],"@id":"https:\/\/www.ssaki.eu\/?page_id=3306485","url":"https:\/\/www.ssaki.eu\/?page_id=3306485","name":"Zo z\u00e1pisnice z 17.5.2019 - Slovensk\u00e1 spolo\u010dnos\u0165 alergol\u00f3gie a klinickej imunol\u00f3gie","isPartOf":{"@id":"https:\/\/www.ssaki.eu\/#website"},"datePublished":"2019-06-26T21:02:59+00:00","description":"Sme odborn\u00e1 splo\u010dnos\u0165, ktor\u00e1 zdru\u017euje klinick\u00fdch imunol\u00f3gov a alergol\u00f3gov, ako aj in\u00fdch odborn\u00edkov so z\u00e1ujmom o tento odbor. Na\u0161a spolo\u010dnos\u0165 je hlavn\u00fdm organiz\u00e1torom kontunu\u00e1lneho vzdel\u00e1vania v tomto odbore na Slovensku.","breadcrumb":{"@id":"https:\/\/www.ssaki.eu\/?page_id=3306485#breadcrumb"},"inLanguage":"sk-SK","potentialAction":[{"@type":"ReadAction","target":["https:\/\/www.ssaki.eu\/?page_id=3306485"]}]},{"@type":"BreadcrumbList","@id":"https:\/\/www.ssaki.eu\/?page_id=3306485#breadcrumb","itemListElement":[{"@type":"ListItem","position":1,"name":"Domovsk\u00e1 str\u00e1nka","item":"https:\/\/www.ssaki.eu\/"},{"@type":"ListItem","position":2,"name":"Zo z\u00e1pisnice z 17.5.2019"}]},{"@type":"WebSite","@id":"https:\/\/www.ssaki.eu\/#website","url":"https:\/\/www.ssaki.eu\/","name":"Slovensk\u00e1 spolo\u010dnos\u0165 alergol\u00f3gie a klinickej imunol\u00f3gie","description":"","publisher":{"@id":"https:\/\/www.ssaki.eu\/#organization"},"potentialAction":[{"@type":"SearchAction","target":{"@type":"EntryPoint","urlTemplate":"https:\/\/www.ssaki.eu\/?s={search_term_string}"},"query-input":{"@type":"PropertyValueSpecification","valueRequired":true,"valueName":"search_term_string"}}],"inLanguage":"sk-SK"},{"@type":"Organization","@id":"https:\/\/www.ssaki.eu\/#organization","name":"Slovensk\u00e1 spolo\u010dnos\u0165 alergol\u00f3gie a klinickej imunol\u00f3gie","url":"https:\/\/www.ssaki.eu\/","logo":{"@type":"ImageObject","inLanguage":"sk-SK","@id":"https:\/\/www.ssaki.eu\/#\/schema\/logo\/image\/","url":"https:\/\/www.ssaki.eu\/wp-content\/uploads\/2021\/01\/LOGO-1.png","contentUrl":"https:\/\/www.ssaki.eu\/wp-content\/uploads\/2021\/01\/LOGO-1.png","width":1280,"height":720,"caption":"Slovensk\u00e1 spolo\u010dnos\u0165 alergol\u00f3gie a klinickej imunol\u00f3gie"},"image":{"@id":"https:\/\/www.ssaki.eu\/#\/schema\/logo\/image\/"},"sameAs":["https:\/\/www.facebook.com\/alergologoviaimunologoviaSK"]}]}},"_links":{"self":[{"href":"https:\/\/www.ssaki.eu\/index.php?rest_route=\/wp\/v2\/pages\/3306485","targetHints":{"allow":["GET"]}}],"collection":[{"href":"https:\/\/www.ssaki.eu\/index.php?rest_route=\/wp\/v2\/pages"}],"about":[{"href":"https:\/\/www.ssaki.eu\/index.php?rest_route=\/wp\/v2\/types\/page"}],"author":[{"embeddable":true,"href":"https:\/\/www.ssaki.eu\/index.php?rest_route=\/wp\/v2\/users\/1"}],"replies":[{"embeddable":true,"href":"https:\/\/www.ssaki.eu\/index.php?rest_route=%2Fwp%2Fv2%2Fcomments&post=3306485"}],"version-history":[{"count":1,"href":"https:\/\/www.ssaki.eu\/index.php?rest_route=\/wp\/v2\/pages\/3306485\/revisions"}],"predecessor-version":[{"id":3306486,"href":"https:\/\/www.ssaki.eu\/index.php?rest_route=\/wp\/v2\/pages\/3306485\/revisions\/3306486"}],"wp:attachment":[{"href":"https:\/\/www.ssaki.eu\/index.php?rest_route=%2Fwp%2Fv2%2Fmedia&parent=3306485"}],"curies":[{"name":"wp","href":"https:\/\/api.w.org\/{rel}","templated":true}]}}