{"id":3915726,"date":"2020-12-08T00:04:52","date_gmt":"2020-12-07T22:04:52","guid":{"rendered":"http:\/\/www.ssaki.eu\/?page_id=3915726"},"modified":"2020-12-09T18:16:06","modified_gmt":"2020-12-09T16:16:06","slug":"zo-zapisnice-z-4-12-2020","status":"publish","type":"page","link":"https:\/\/www.ssaki.eu\/?page_id=3915726","title":{"rendered":"Zo z\u00e1pisnice z 4.12.2020"},"content":{"rendered":"\n<p>Z\u00e1pisnica zo zasadnutia V\u00fdboru SSAKI a Poradn\u00e9ho zboru hlavn\u00e9ho odborn\u00edka MZ SR 4.12.2020 &#8211; Jasensk\u00e1 dolina<br>Pr\u00edtomn\u00ed:<br>\u010ci\u017en\u00e1r, Hadvabov\u00e1, Hlinka, Hochmuth, Jese\u0148\u00e1k, Koss\u00e1rov\u00e1, Ko\u0161turiak, Lap\u0161ansk\u00e1, Mikler, Petriskov\u00e1, Pru\u017einec, Schvalbov\u00e1, Smie\u0161kov\u00e1<br>Ospravedlnen\u00ed: Hrubi\u0161ko<br>Hostia: Dzurillov\u00e1, Michali\u010dkov\u00e1<\/p>\n\n\n\n<ol class=\"wp-block-list\"><li>Na z\u00e1klade v\u00fdsledkov volieb na volebn\u00e9 obdobie okt\u00f3ber 2020-okt\u00f3ber 2024,ktor\u00e9 s\u00fa zverejnen\u00e9 na webovej str\u00e1nke SSAKI.EU, v\u00fdbor SSAKI na svojom zasadnut\u00ed zvolil v tajn\u00fdch vo\u013eb\u00e1ch z celkov\u00e9ho po\u010dtu 10 platn\u00fdch hlasov 7 hlasmi za prezidenta V\u00fdboru SSAKI prof. MUDr. Milo\u0161a Jese\u0148\u00e1ka PhD. a za vedeck\u00e9ho sekret\u00e1ra SSAKI 9 hlasmi prof. MUDr. Petra Pru\u017einca, CSc.<br>Na priebeh volieb dohliadal predseda rev\u00edznej komisie J. Mikler a jej \u010dlenky S. Hadvabov\u00e1 a A. Smie\u0161kov\u00e1.<\/li><li>Z\u00e1sluhou v\u00fdboru vo volebnom obdob\u00ed 2016-2020 je okrem in\u00e9ho (podrobnej\u0161ie www.ssaki.eu) zv\u00fdhodnen\u00e9 \u010dlenstvo v EAACI pre v\u0161etk\u00fdch \u010dlenov SSAKI, vr\u00e1tane dostupnosti \u010dasopisov a zvidite\u013enenie sa na\u0161ej odbornej spolo\u010dnosti pri tvorbe inicat\u00edvy ARIA v\u010faka M. Hrubi\u0161kovi, ako jedn\u00e9ho zo spoluautorov tohto v\u00fdznamn\u00e9ho dokumentu.<\/li><li>V pr\u00edlohe 1. je vyjadrenie sa hlavn\u00e9ho odborn\u00edka pre KIA MZSR a prezidenta V\u00fdboru SSAKI vo veci \u00fapravy Vyhl\u00e1\u0161ky \u010d.585\/2008 Z.z. platn\u00e9ho od 1.1.2020 v s\u00favislosti s o\u010dkovan\u00edm proti invaz\u00edvnym pneumokokov\u00fdm infekci\u00e1m. Perspekt\u00edvne budeme rie\u0161i\u0165 aj zmenu legislat\u00edvy vo vz\u0165ahu k o\u010dkovaniu proti invaz\u00edvnym meningokokov\u00fdm ochoreniam z poh\u013eadu zaradenie modern\u00fdch vakc\u00edn s ich n\u00e1slednou \u00fahradou.<\/li><li>V\u00fdbor sa zaoberal reakciou M. Hrubi\u0161ka na list od ZP D\u00f4vera (pr\u00edloha 2,3) a prezident SSAKI a hlavn\u00fd odborn\u00edk vyjadria n\u00e1zor V\u00fdboru SSAKI listom. &#8211; pros\u00edm doplni\u0165<\/li><li>V\u00fdbor sa bude zaobera\u0165 eduk\u00e1ciou vlastnej odbornej spolo\u010dnosti (ev. v spolupr\u00e1ci so SPFS aj pneumol\u00f3gov) vo vz\u0165ahu k o\u010dkovaniu proti COVID-19 v nekomer\u010dnom r\u00e1mci. Prvou aktivitou bude realiz\u00e1cia Webin\u00e1ru v \u00favode janu\u00e1ra 2021 (Jese\u0148\u00e1k, Ko\u0161turiak, Hochmuth) a n\u00e1sledne pr\u00edprava eduka\u010dn\u00fdch materi\u00e1lov ev. odborn\u00fdch \u010dl\u00e1nkov (Klinick\u00e1 imunol\u00f3gia a alergol\u00f3gia ev. in\u00e9).<\/li><li>Term\u00edny odborn\u00fdch podujat\u00ed na rok 2021<\/li><\/ol>\n\n\n\n<p>ASL 5.-6.3.-Worhshop Martin<br>MDI 14.-16.4.<br>PID-28.4.-Bratislava<br>Setk\u00e1n\u00ed \u010desk\u00fdch a slovensk\u00fdch l\u00e9ka\u0159u -Litomy\u0161l-14.-15.5.<br>Alergia 2021 -28.-29.5.<br>Burza ID-17.-18.6.-Doln\u00fd Kub\u00edn<br>Letn\u00e1 \u0161kola imunologie -12.-14.8.-Malat\u00edny<br>EAACI-10.-12.7.Krakow on line<br>ERS -4.-7.9 Barcelona<br>XXXVIII. zjazd SSAKI a \u010cSAKI 20.-23.10.-Grand hotel Bellevue- Vysok\u00e9 Tatry<br>Medif\u00f3rum 19.-20.11.<\/p>\n\n\n\n<ol class=\"wp-block-list\" start=\"7\"><li>XXXVIII.zjazd slovensk\u00fdch a \u010desk\u00fdch klinick\u00fdch imunol\u00f3gov a alergol\u00f3gov<br>T\u00e9ma kongresu<br>Medzi pand\u00e9miami (imunita &#8211; k\u013e\u00fa\u010d na zvl\u00e1dnutie infekci\u00ed)<\/li><\/ol>\n\n\n\n<p>Hlavn\u00e9 t\u00e9my:<\/p>\n\n\n\n<ol class=\"wp-block-list\"><li>Imunita,infekcia &#8211; kto z koho alebo kto sk\u00f4r ?<\/li><li>Infekcia v intenz\u00edvnej medic\u00edne &#8211; kde je \u00faloha imunol\u00f3ga<\/li><li>Vroden\u00e9 poruchy imunity<\/li><li>Ke\u010f infekcia (u\u017e) nie je infekciou<\/li><li>Alergia a infekcie<\/li><li>Ak\u00fatne stavy<\/li><li>Infekcie &#8211; pr\u00ed\u010dina neplodnosti<\/li><li>O\u010dkovanie? O\u010dkovanie!<\/li><li>Laborat\u00f3rna diagnostika infekci\u00ed z poh\u013eadu imunol\u00f3ga<\/li><li>\u010co m\u00f4\u017ee, mus\u00ed a nemus\u00ed imunol\u00f3g ?<\/li><li>Infekcie v\u010dera, dnes a zajtra<\/li><li>Potravinov\u00e1 alergia &#8211; m\u00fdty, fakty, realita<\/li><li>Pand\u00e9mia alergi\u00ed<\/li><li>Sekcia sestier a laborantov<\/li><li>Varia<\/li><li>Sekcia mlad\u00fdch imunol\u00f3gov (postery s \u00fastnou prezent\u00e1ciou)<\/li><\/ol>\n\n\n\n<p>T\u00e9ma postgradu\u00e1lu &#8211; Biologick\u00e1 lie\u010dba<\/p>\n\n\n\n<ol class=\"wp-block-list\" start=\"8\"><li>J.Petriskov\u00e1 navrhla vytvorenie pracovnej skupiny laborat\u00f3rnych pracovn\u00edkov v odbore KIA<\/li><li>M. Schvalbov\u00e1 informovala o jubilantoch a V\u00fdbor vybral ocenen\u00fdch<\/li><li>V\u00fdbor SSAKI schv\u00e1lil \u00fahradu za administr\u00e1ciu web str\u00e1nky SSAKI.EU firme Medimpro,s.r.o.<\/li><li>V\u00fdbor schv\u00e1lil \u00fahradu \u010dlensk\u00e9ho v EAACI pre \u010dlenov V\u00fdboru SSAKI<\/li><li>V\u00fdbor sa venoval mo\u017enosti propag\u00e1cie odboru KIA na soci\u00e1lnych sie\u0165ach &#8211; Facebook,Twitter &#8211; v spolupr\u00e1ci so spolo\u010dnos\u0165ou SEESAME.<\/li><li>V\u00fdbor bol informovan\u00fd o hospod\u00e1ren\u00ed a \u010dinnosti ob\u010dianskeho zdru\u017eenia SSAKI o.z.(R.Ko\u0161turiak)<\/li><\/ol>\n\n\n\n<p>Zap\u00edsala M. Schvalbov\u00e1<\/p>\n\r\n","protected":false},"excerpt":{"rendered":"<p>Z\u00e1pisnica zo zasadnutia V\u00fdboru SSAKI a Poradn\u00e9ho zboru hlavn\u00e9ho odborn\u00edka MZ SR 4.12.2020 &#8211; Jasensk\u00e1 dolinaPr\u00edtomn\u00ed:\u010ci\u017en\u00e1r, Hadvabov\u00e1, Hlinka, Hochmuth, Jese\u0148\u00e1k, Koss\u00e1rov\u00e1, Ko\u0161turiak, Lap\u0161ansk\u00e1, Mikler, Petriskov\u00e1, Pru\u017einec, Schvalbov\u00e1, Smie\u0161kov\u00e1Ospravedlnen\u00ed: Hrubi\u0161koHostia: Dzurillov\u00e1, Michali\u010dkov\u00e1 Na z\u00e1klade v\u00fdsledkov&#46;&#46;&#46;<\/p>\n","protected":false},"author":1,"featured_media":0,"parent":19,"menu_order":0,"comment_status":"closed","ping_status":"closed","template":"","meta":{"footnotes":""},"class_list":["post-3915726","page","type-page","status-publish","hentry"],"yoast_head":"<!-- This site is optimized with the Yoast SEO plugin v27.3 - https:\/\/yoast.com\/product\/yoast-seo-wordpress\/ -->\n<title>Zo z\u00e1pisnice z 4.12.2020 - Slovensk\u00e1 spolo\u010dnos\u0165 alergol\u00f3gie a klinickej imunol\u00f3gie<\/title>\n<meta name=\"description\" content=\"Sme odborn\u00e1 splo\u010dnos\u0165, ktor\u00e1 zdru\u017euje klinick\u00fdch imunol\u00f3gov a alergol\u00f3gov, ako aj in\u00fdch odborn\u00edkov so z\u00e1ujmom o tento odbor. Na\u0161a spolo\u010dnos\u0165 je hlavn\u00fdm organiz\u00e1torom kontunu\u00e1lneho vzdel\u00e1vania v tomto odbore na Slovensku.\" \/>\n<meta name=\"robots\" content=\"index, follow, max-snippet:-1, max-image-preview:large, max-video-preview:-1\" \/>\n<link rel=\"canonical\" href=\"https:\/\/www.ssaki.eu\/?page_id=3915726\" \/>\n<meta property=\"og:locale\" content=\"sk_SK\" \/>\n<meta property=\"og:type\" content=\"article\" \/>\n<meta property=\"og:title\" content=\"Zo z\u00e1pisnice z 4.12.2020 - Slovensk\u00e1 spolo\u010dnos\u0165 alergol\u00f3gie a klinickej imunol\u00f3gie\" \/>\n<meta property=\"og:description\" content=\"Sme odborn\u00e1 splo\u010dnos\u0165, ktor\u00e1 zdru\u017euje klinick\u00fdch imunol\u00f3gov a alergol\u00f3gov, ako aj in\u00fdch odborn\u00edkov so z\u00e1ujmom o tento odbor. Na\u0161a spolo\u010dnos\u0165 je hlavn\u00fdm organiz\u00e1torom kontunu\u00e1lneho vzdel\u00e1vania v tomto odbore na Slovensku.\" \/>\n<meta property=\"og:url\" content=\"https:\/\/www.ssaki.eu\/?page_id=3915726\" \/>\n<meta property=\"og:site_name\" content=\"Slovensk\u00e1 spolo\u010dnos\u0165 alergol\u00f3gie a klinickej imunol\u00f3gie\" \/>\n<meta property=\"article:publisher\" content=\"https:\/\/www.facebook.com\/alergologoviaimunologoviaSK\" \/>\n<meta property=\"article:modified_time\" content=\"2020-12-09T16:16:06+00:00\" \/>\n<meta property=\"og:image\" content=\"https:\/\/www.ssaki.eu\/wp-content\/uploads\/2021\/01\/STOP_COVID_SSAKI-e1609772027682.png\" \/>\n\t<meta property=\"og:image:width\" content=\"640\" \/>\n\t<meta property=\"og:image:height\" content=\"360\" \/>\n\t<meta property=\"og:image:type\" content=\"image\/png\" \/>\n<meta name=\"twitter:card\" content=\"summary_large_image\" \/>\n<meta name=\"twitter:label1\" content=\"Predpokladan\u00fd \u010das \u010d\u00edtania\" \/>\n\t<meta name=\"twitter:data1\" content=\"3 min\u00faty\" \/>\n<script type=\"application\/ld+json\" class=\"yoast-schema-graph\">{\"@context\":\"https:\\\/\\\/schema.org\",\"@graph\":[{\"@type\":[\"WebPage\",\"MedicalWebPage\"],\"@id\":\"https:\\\/\\\/www.ssaki.eu\\\/?page_id=3915726\",\"url\":\"https:\\\/\\\/www.ssaki.eu\\\/?page_id=3915726\",\"name\":\"Zo z\u00e1pisnice z 4.12.2020 - Slovensk\u00e1 spolo\u010dnos\u0165 alergol\u00f3gie a klinickej imunol\u00f3gie\",\"isPartOf\":{\"@id\":\"https:\\\/\\\/www.ssaki.eu\\\/#website\"},\"datePublished\":\"2020-12-07T22:04:52+00:00\",\"dateModified\":\"2020-12-09T16:16:06+00:00\",\"description\":\"Sme odborn\u00e1 splo\u010dnos\u0165, ktor\u00e1 zdru\u017euje klinick\u00fdch imunol\u00f3gov a alergol\u00f3gov, ako aj in\u00fdch odborn\u00edkov so z\u00e1ujmom o tento odbor. Na\u0161a spolo\u010dnos\u0165 je hlavn\u00fdm organiz\u00e1torom kontunu\u00e1lneho vzdel\u00e1vania v tomto odbore na Slovensku.\",\"breadcrumb\":{\"@id\":\"https:\\\/\\\/www.ssaki.eu\\\/?page_id=3915726#breadcrumb\"},\"inLanguage\":\"sk-SK\",\"potentialAction\":[{\"@type\":\"ReadAction\",\"target\":[\"https:\\\/\\\/www.ssaki.eu\\\/?page_id=3915726\"]}]},{\"@type\":\"BreadcrumbList\",\"@id\":\"https:\\\/\\\/www.ssaki.eu\\\/?page_id=3915726#breadcrumb\",\"itemListElement\":[{\"@type\":\"ListItem\",\"position\":1,\"name\":\"Domovsk\u00e1 str\u00e1nka\",\"item\":\"https:\\\/\\\/www.ssaki.eu\\\/\"},{\"@type\":\"ListItem\",\"position\":2,\"name\":\"V\u00fdbor spolo\u010dnosti\",\"item\":\"https:\\\/\\\/www.ssaki.eu\\\/?page_id=11\"},{\"@type\":\"ListItem\",\"position\":3,\"name\":\"Zo z\u00e1pisn\u00edc\",\"item\":\"https:\\\/\\\/www.ssaki.eu\\\/?page_id=19\"},{\"@type\":\"ListItem\",\"position\":4,\"name\":\"Zo z\u00e1pisnice z 4.12.2020\"}]},{\"@type\":\"WebSite\",\"@id\":\"https:\\\/\\\/www.ssaki.eu\\\/#website\",\"url\":\"https:\\\/\\\/www.ssaki.eu\\\/\",\"name\":\"Slovensk\u00e1 spolo\u010dnos\u0165 alergol\u00f3gie a klinickej imunol\u00f3gie\",\"description\":\"\",\"publisher\":{\"@id\":\"https:\\\/\\\/www.ssaki.eu\\\/#organization\"},\"potentialAction\":[{\"@type\":\"SearchAction\",\"target\":{\"@type\":\"EntryPoint\",\"urlTemplate\":\"https:\\\/\\\/www.ssaki.eu\\\/?s={search_term_string}\"},\"query-input\":{\"@type\":\"PropertyValueSpecification\",\"valueRequired\":true,\"valueName\":\"search_term_string\"}}],\"inLanguage\":\"sk-SK\"},{\"@type\":\"Organization\",\"@id\":\"https:\\\/\\\/www.ssaki.eu\\\/#organization\",\"name\":\"Slovensk\u00e1 spolo\u010dnos\u0165 alergol\u00f3gie a klinickej imunol\u00f3gie\",\"url\":\"https:\\\/\\\/www.ssaki.eu\\\/\",\"logo\":{\"@type\":\"ImageObject\",\"inLanguage\":\"sk-SK\",\"@id\":\"https:\\\/\\\/www.ssaki.eu\\\/#\\\/schema\\\/logo\\\/image\\\/\",\"url\":\"https:\\\/\\\/www.ssaki.eu\\\/wp-content\\\/uploads\\\/2021\\\/01\\\/LOGO-1.png\",\"contentUrl\":\"https:\\\/\\\/www.ssaki.eu\\\/wp-content\\\/uploads\\\/2021\\\/01\\\/LOGO-1.png\",\"width\":1280,\"height\":720,\"caption\":\"Slovensk\u00e1 spolo\u010dnos\u0165 alergol\u00f3gie a klinickej imunol\u00f3gie\"},\"image\":{\"@id\":\"https:\\\/\\\/www.ssaki.eu\\\/#\\\/schema\\\/logo\\\/image\\\/\"},\"sameAs\":[\"https:\\\/\\\/www.facebook.com\\\/alergologoviaimunologoviaSK\"]}]}<\/script>\n<!-- \/ Yoast SEO plugin. -->","yoast_head_json":{"title":"Zo z\u00e1pisnice z 4.12.2020 - Slovensk\u00e1 spolo\u010dnos\u0165 alergol\u00f3gie a klinickej imunol\u00f3gie","description":"Sme odborn\u00e1 splo\u010dnos\u0165, ktor\u00e1 zdru\u017euje klinick\u00fdch imunol\u00f3gov a alergol\u00f3gov, ako aj in\u00fdch odborn\u00edkov so z\u00e1ujmom o tento odbor. Na\u0161a spolo\u010dnos\u0165 je hlavn\u00fdm organiz\u00e1torom kontunu\u00e1lneho vzdel\u00e1vania v tomto odbore na Slovensku.","robots":{"index":"index","follow":"follow","max-snippet":"max-snippet:-1","max-image-preview":"max-image-preview:large","max-video-preview":"max-video-preview:-1"},"canonical":"https:\/\/www.ssaki.eu\/?page_id=3915726","og_locale":"sk_SK","og_type":"article","og_title":"Zo z\u00e1pisnice z 4.12.2020 - Slovensk\u00e1 spolo\u010dnos\u0165 alergol\u00f3gie a klinickej imunol\u00f3gie","og_description":"Sme odborn\u00e1 splo\u010dnos\u0165, ktor\u00e1 zdru\u017euje klinick\u00fdch imunol\u00f3gov a alergol\u00f3gov, ako aj in\u00fdch odborn\u00edkov so z\u00e1ujmom o tento odbor. Na\u0161a spolo\u010dnos\u0165 je hlavn\u00fdm organiz\u00e1torom kontunu\u00e1lneho vzdel\u00e1vania v tomto odbore na Slovensku.","og_url":"https:\/\/www.ssaki.eu\/?page_id=3915726","og_site_name":"Slovensk\u00e1 spolo\u010dnos\u0165 alergol\u00f3gie a klinickej imunol\u00f3gie","article_publisher":"https:\/\/www.facebook.com\/alergologoviaimunologoviaSK","article_modified_time":"2020-12-09T16:16:06+00:00","og_image":[{"width":640,"height":360,"url":"https:\/\/www.ssaki.eu\/wp-content\/uploads\/2021\/01\/STOP_COVID_SSAKI-e1609772027682.png","type":"image\/png"}],"twitter_card":"summary_large_image","twitter_misc":{"Predpokladan\u00fd \u010das \u010d\u00edtania":"3 min\u00faty"},"schema":{"@context":"https:\/\/schema.org","@graph":[{"@type":["WebPage","MedicalWebPage"],"@id":"https:\/\/www.ssaki.eu\/?page_id=3915726","url":"https:\/\/www.ssaki.eu\/?page_id=3915726","name":"Zo z\u00e1pisnice z 4.12.2020 - Slovensk\u00e1 spolo\u010dnos\u0165 alergol\u00f3gie a klinickej imunol\u00f3gie","isPartOf":{"@id":"https:\/\/www.ssaki.eu\/#website"},"datePublished":"2020-12-07T22:04:52+00:00","dateModified":"2020-12-09T16:16:06+00:00","description":"Sme odborn\u00e1 splo\u010dnos\u0165, ktor\u00e1 zdru\u017euje klinick\u00fdch imunol\u00f3gov a alergol\u00f3gov, ako aj in\u00fdch odborn\u00edkov so z\u00e1ujmom o tento odbor. Na\u0161a spolo\u010dnos\u0165 je hlavn\u00fdm organiz\u00e1torom kontunu\u00e1lneho vzdel\u00e1vania v tomto odbore na Slovensku.","breadcrumb":{"@id":"https:\/\/www.ssaki.eu\/?page_id=3915726#breadcrumb"},"inLanguage":"sk-SK","potentialAction":[{"@type":"ReadAction","target":["https:\/\/www.ssaki.eu\/?page_id=3915726"]}]},{"@type":"BreadcrumbList","@id":"https:\/\/www.ssaki.eu\/?page_id=3915726#breadcrumb","itemListElement":[{"@type":"ListItem","position":1,"name":"Domovsk\u00e1 str\u00e1nka","item":"https:\/\/www.ssaki.eu\/"},{"@type":"ListItem","position":2,"name":"V\u00fdbor spolo\u010dnosti","item":"https:\/\/www.ssaki.eu\/?page_id=11"},{"@type":"ListItem","position":3,"name":"Zo z\u00e1pisn\u00edc","item":"https:\/\/www.ssaki.eu\/?page_id=19"},{"@type":"ListItem","position":4,"name":"Zo z\u00e1pisnice z 4.12.2020"}]},{"@type":"WebSite","@id":"https:\/\/www.ssaki.eu\/#website","url":"https:\/\/www.ssaki.eu\/","name":"Slovensk\u00e1 spolo\u010dnos\u0165 alergol\u00f3gie a klinickej imunol\u00f3gie","description":"","publisher":{"@id":"https:\/\/www.ssaki.eu\/#organization"},"potentialAction":[{"@type":"SearchAction","target":{"@type":"EntryPoint","urlTemplate":"https:\/\/www.ssaki.eu\/?s={search_term_string}"},"query-input":{"@type":"PropertyValueSpecification","valueRequired":true,"valueName":"search_term_string"}}],"inLanguage":"sk-SK"},{"@type":"Organization","@id":"https:\/\/www.ssaki.eu\/#organization","name":"Slovensk\u00e1 spolo\u010dnos\u0165 alergol\u00f3gie a klinickej imunol\u00f3gie","url":"https:\/\/www.ssaki.eu\/","logo":{"@type":"ImageObject","inLanguage":"sk-SK","@id":"https:\/\/www.ssaki.eu\/#\/schema\/logo\/image\/","url":"https:\/\/www.ssaki.eu\/wp-content\/uploads\/2021\/01\/LOGO-1.png","contentUrl":"https:\/\/www.ssaki.eu\/wp-content\/uploads\/2021\/01\/LOGO-1.png","width":1280,"height":720,"caption":"Slovensk\u00e1 spolo\u010dnos\u0165 alergol\u00f3gie a klinickej imunol\u00f3gie"},"image":{"@id":"https:\/\/www.ssaki.eu\/#\/schema\/logo\/image\/"},"sameAs":["https:\/\/www.facebook.com\/alergologoviaimunologoviaSK"]}]}},"_links":{"self":[{"href":"https:\/\/www.ssaki.eu\/index.php?rest_route=\/wp\/v2\/pages\/3915726","targetHints":{"allow":["GET"]}}],"collection":[{"href":"https:\/\/www.ssaki.eu\/index.php?rest_route=\/wp\/v2\/pages"}],"about":[{"href":"https:\/\/www.ssaki.eu\/index.php?rest_route=\/wp\/v2\/types\/page"}],"author":[{"embeddable":true,"href":"https:\/\/www.ssaki.eu\/index.php?rest_route=\/wp\/v2\/users\/1"}],"replies":[{"embeddable":true,"href":"https:\/\/www.ssaki.eu\/index.php?rest_route=%2Fwp%2Fv2%2Fcomments&post=3915726"}],"version-history":[{"count":2,"href":"https:\/\/www.ssaki.eu\/index.php?rest_route=\/wp\/v2\/pages\/3915726\/revisions"}],"predecessor-version":[{"id":3915729,"href":"https:\/\/www.ssaki.eu\/index.php?rest_route=\/wp\/v2\/pages\/3915726\/revisions\/3915729"}],"up":[{"embeddable":true,"href":"https:\/\/www.ssaki.eu\/index.php?rest_route=\/wp\/v2\/pages\/19"}],"wp:attachment":[{"href":"https:\/\/www.ssaki.eu\/index.php?rest_route=%2Fwp%2Fv2%2Fmedia&parent=3915726"}],"curies":[{"name":"wp","href":"https:\/\/api.w.org\/{rel}","templated":true}]}}