{"id":3916157,"date":"2021-06-15T23:34:33","date_gmt":"2021-06-15T21:34:33","guid":{"rendered":"https:\/\/www.ssaki.eu\/?page_id=3916157"},"modified":"2021-06-15T23:34:34","modified_gmt":"2021-06-15T21:34:34","slug":"zo-zapisnice-z-11-6-2021","status":"publish","type":"page","link":"https:\/\/www.ssaki.eu\/?page_id=3916157","title":{"rendered":"Zo z\u00e1pisnice z 11.6.2021"},"content":{"rendered":"\n<p><strong>Z\u00e1pisnica zo zasadnutia V\u00fdboru SSAKI a&nbsp;Poradn\u00e9ho zboru hlavn\u00e9ho odborn\u00edka MZ SR 11.6.2021 &#8211; Martin<\/strong><\/p>\n\n\n\n<p><strong>Pr\u00edtomn\u00ed:<\/strong> &nbsp;<\/p>\n\n\n\n<p>\u010ci\u017en\u00e1r, Hadvabov\u00e1, Hlinka, Hochmuth, Hrubi\u0161ko, Jese\u0148\u00e1k, Koss\u00e1rov\u00e1, Ko\u0161turiak, Lap\u0161ansk\u00e1, Mikler, Petriskov\u00e1, Pru\u017einec, Schvalbov\u00e1, Smie\u0161kov\u00e1<\/p>\n\n\n\n<p><strong>Hostia: <\/strong>Barlov\u00e1, Dzurillov\u00e1, Kov\u00e1\u010dov\u00e1, Michali\u010dkov\u00e1<\/p>\n\n\n\n<p class=\"has-black-color has-text-color\"><strong>I.&nbsp; Pr\u00edprava kongresu SSAKI a&nbsp;\u010cSAKI 20-23.10.2021- Grand hotel Bellevue \u2013 Horn\u00fd Smokovec-Vysok\u00e9 Tatry<\/strong><\/p>\n\n\n\n<p>1. Pozv\u00e1nky na kongres po dohode Pru\u017einca s&nbsp;Panznerom pre \u010dlenov \u010cSAKI poskytneme v&nbsp;elektronickej podobe &nbsp;<\/p>\n\n\n\n<p>2. Priebe\u017en\u00e1 aktualiz\u00e1cia programu, fin\u00e1lny program je potrebn\u00e9 aktualizova\u0165 do 15.8.2021<\/p>\n\n\n\n<p>O doteraz prihl\u00e1sen\u00fdch akt\u00edvnych \u00fa\u010dastn\u00edkoch do jednotliv\u00fdch blokov informovali \u010dlenovia ich predsedn\u00edctiev. Z\u00e1rove\u0148 bol dokompletizovan\u00fd program Postgradu\u00e1lneho kurzu<\/p>\n\n\n\n<p>3. Na postgradu\u00e1l bude pripraven\u00fd handout \u2013 ka\u017ed\u00fd predn\u00e1\u0161aj\u00faci priprav\u00ed stru\u010dn\u00fd odr\u00e1\u017ekov\u00fd \u010dl\u00e1nok v&nbsp;rozsahu 3 strany doplnen\u00fd 3-4 sch\u00e9mami\/obr\u00e1zkami, deadline 15.08.2021, n\u00e1sledne bude spracovan\u00fd, recenzovan\u00fd a&nbsp;vytla\u010den\u00fd v&nbsp;po\u010dte 300 kusov (Pru\u017einec).<\/p>\n\n\n\n<p><strong>II. Harmonogram odborn\u00fdch podujat\u00ed na rok 2021<\/strong><\/p>\n\n\n\n<p>Zasadnutie V\u00fdboru SSAKI -12.8. &#8211; Malat\u00edny<\/p>\n\n\n\n<p>Letn\u00e1 \u0161kola imunol\u00f3gie &#8211; 13.-14.8. &#8211; Malat\u00edny<\/p>\n\n\n\n<p>Bardejovsk\u00e9 pneumologick\u00e9 dni &#8211; 2.-4.9.<\/p>\n\n\n\n<p>Martinsk\u00e9 dni imunol\u00f3gie &#8211; 15.-17.9.<\/p>\n\n\n\n<p>Kongres SSAKI a&nbsp;\u010cSAKI &#8211; 20.-23.10. -Vysok\u00e9 Tatry<\/p>\n\n\n\n<p>Burza IDS &#8211; 8.-9.10. &#8211; Doln\u00fd Kub\u00edn<\/p>\n\n\n\n<p>Medif\u00f3rum -19.-20.11. &#8211; Jasn\u00e1<\/p>\n\n\n\n<p>Zasadnutie v\u00fdboru SSAKI &#8211; 9.12. &#8211; Jasensk\u00e1 dolina<\/p>\n\n\n\n<p><strong>III. R\u00f4zne<\/strong><\/p>\n\n\n\n<p>&#8211; projekt O\u010dkovanie &nbsp;v&nbsp;lek\u00e1r\u0148ach &#8211; vznikla odborn\u00e1 skupina z&nbsp;\u010dlenov komory farmaceutov, epidemiol\u00f3gov, za SSAKI je \u010dlenom Jese\u0148\u00e1k, predseda prof. Klimas \u2013 cie\u013eom bude pripravi\u0165 podklady pre legislat\u00edvne zmeny umo\u017e\u0148uj\u00face zavies\u0165 o\u010dkovanie v&nbsp;lek\u00e1r\u0148ach (v prvej l\u00ednii o\u010dkovanie proti chr\u00edpke), a&nbsp;to vr\u00e1tane eduka\u010dn\u00fdch aktiv\u00edt, SSAKI je partnerom projektu.<\/p>\n\n\n\n<p>&#8211; Od 1.6.2021 je &nbsp;kategorizovan\u00e1 23valentn\u00e1 polysacharidov\u00e1 pneumokokov\u00e1 vakc\u00edna-Pneumovax ur\u010den\u00e1 pre pacientov od 2 rokov, pracovn\u00e1 skupina pre o\u010dkovanie SSAKI priprav\u00ed metodick\u00fd list o&nbsp;jej pou\u017eit\u00ed v&nbsp;klinickej praxi<\/p>\n\n\n\n<p>&#8211; Inform\u00e1cia o&nbsp;\u010dinnosti &nbsp;pracovn\u00fdch skup\u00edn \u2013 aktu\u00e1lne v&nbsp;stave rozpracovanie \u0160DTP VIT, v&nbsp;pr\u00edprave Hypersenzitivita na kontrastn\u00e9 l\u00e1tky<\/p>\n\n\n\n<p>&#8211; V\u00fdbor SSAKI &nbsp;schv\u00e1lil akt\u00edvnu \u00fa\u010das\u0165 na spolo\u010dnom&nbsp; stretnut\u00ed &nbsp;stredoeur\u00f3pskych imunologick\u00fdch spolo\u010dnost\u00ed v Prahe<\/p>\n\n\n\n<p>-\u010cinnos\u0165 pacientskej&nbsp; organiz\u00e1cie Slovensk\u00e1 asoci\u00e1cia alergologick\u00fdch a&nbsp;astmatick\u00fdch pacientov (SAAAP) \u2013 aktu\u00e1lne prebieha projekt monitoringu situ\u00e1cie v&nbsp;oblasti alergi\u00ed v&nbsp;pracovnom prostred\u00ed (bude v\u00fdstup dostupn\u00fd pre SSAKI \u2013 partner projektu), podobne chystan\u00e9 aj \u010fal\u0161ie eduka\u010dn\u00e9 aktivity v&nbsp;spolupr\u00e1ci so SSAKI (podcasty, webov\u00e9 posty a&nbsp;pod.)<\/p>\n\n\n\n<p>&#8211; \u0160DTP VIT &#8211; vypracoval Hochmuth<\/p>\n\n\n\n<p>&#8211; Re-call centr\u00e1 pre PID screening v&nbsp;r\u00e1mci novorodeneck\u00e9ho skr\u00edningu bud\u00fa v Bratislave, Martine a&nbsp;v&nbsp;Ko\u0161iciach \u2013 bude ozn\u00e1men\u00e9 N\u00e1rodn\u00e9mu skr\u00edningov\u00e9mu centru v&nbsp;Banskej Bystrici<\/p>\n\n\n\n<p>&#8211; Inform\u00e1cia o&nbsp;novom akreditovanom pracovisku pre odbor Klinick\u00e1 imunol\u00f3gia a&nbsp;alergol\u00f3gia na Lek\u00e1rskej fakulte UK v&nbsp;Bratislave (\u010ci\u017en\u00e1r)<\/p>\n\n\n\n<p>&#8211; Pravideln\u00e9 informovanie \u010dlenov v\u00fdboru &nbsp;o&nbsp;po\u010dte zaraden\u00fdch do odboru a&nbsp;po\u010det atestovan\u00fdch v&nbsp;odbore KIA (Jese\u0148\u00e1k, \u010ci\u017en\u00e1r)<\/p>\n\n\n\n<p>&#8211; Inform\u00e1cia o&nbsp;pracovisk\u00e1ch, na ktor\u00fdch m\u00f4\u017eu prihl\u00e1sen\u00ed absolvova\u0165 povinn\u00fd predatesta\u010dn\u00fd pobyt (Jese\u0148\u00e1k)<\/p>\n\n\n\n<p>-V\u00fdbor SSAKI schv\u00e1lil dotazn\u00edk na epidemiologick\u00fd prieskum o&nbsp;AIT na Slovensku<\/p>\n\n\n\n<p>Zap\u00edsala Schvalbov\u00e1, kontroloval Jese\u0148\u00e1k<\/p>\n\r\n","protected":false},"excerpt":{"rendered":"<p>Z\u00e1pisnica zo zasadnutia V\u00fdboru SSAKI a&nbsp;Poradn\u00e9ho zboru hlavn\u00e9ho odborn\u00edka MZ SR 11.6.2021 &#8211; Martin Pr\u00edtomn\u00ed: &nbsp; \u010ci\u017en\u00e1r, Hadvabov\u00e1, Hlinka, Hochmuth, Hrubi\u0161ko, Jese\u0148\u00e1k, Koss\u00e1rov\u00e1, Ko\u0161turiak, Lap\u0161ansk\u00e1, Mikler, Petriskov\u00e1, Pru\u017einec, Schvalbov\u00e1, Smie\u0161kov\u00e1 Hostia: Barlov\u00e1, Dzurillov\u00e1, Kov\u00e1\u010dov\u00e1,&#46;&#46;&#46;<\/p>\n","protected":false},"author":1,"featured_media":0,"parent":0,"menu_order":0,"comment_status":"closed","ping_status":"closed","template":"","meta":{"footnotes":""},"class_list":["post-3916157","page","type-page","status-publish","hentry"],"yoast_head":"<!-- This site is optimized with the Yoast SEO plugin v27.5 - https:\/\/yoast.com\/product\/yoast-seo-wordpress\/ -->\n<title>Zo z\u00e1pisnice z 11.6.2021 - Slovensk\u00e1 spolo\u010dnos\u0165 alergol\u00f3gie a klinickej imunol\u00f3gie<\/title>\n<meta name=\"description\" content=\"Sme odborn\u00e1 splo\u010dnos\u0165, ktor\u00e1 zdru\u017euje klinick\u00fdch imunol\u00f3gov a alergol\u00f3gov, ako aj in\u00fdch odborn\u00edkov so z\u00e1ujmom o tento odbor. Na\u0161a spolo\u010dnos\u0165 je hlavn\u00fdm organiz\u00e1torom kontunu\u00e1lneho vzdel\u00e1vania v tomto odbore na Slovensku.\" \/>\n<meta name=\"robots\" content=\"index, follow, max-snippet:-1, max-image-preview:large, max-video-preview:-1\" \/>\n<link rel=\"canonical\" href=\"https:\/\/www.ssaki.eu\/?page_id=3916157\" \/>\n<meta property=\"og:locale\" content=\"sk_SK\" \/>\n<meta property=\"og:type\" content=\"article\" \/>\n<meta property=\"og:title\" content=\"Zo z\u00e1pisnice z 11.6.2021 - Slovensk\u00e1 spolo\u010dnos\u0165 alergol\u00f3gie a klinickej imunol\u00f3gie\" \/>\n<meta property=\"og:description\" content=\"Sme odborn\u00e1 splo\u010dnos\u0165, ktor\u00e1 zdru\u017euje klinick\u00fdch imunol\u00f3gov a alergol\u00f3gov, ako aj in\u00fdch odborn\u00edkov so z\u00e1ujmom o tento odbor. Na\u0161a spolo\u010dnos\u0165 je hlavn\u00fdm organiz\u00e1torom kontunu\u00e1lneho vzdel\u00e1vania v tomto odbore na Slovensku.\" \/>\n<meta property=\"og:url\" content=\"https:\/\/www.ssaki.eu\/?page_id=3916157\" \/>\n<meta property=\"og:site_name\" content=\"Slovensk\u00e1 spolo\u010dnos\u0165 alergol\u00f3gie a klinickej imunol\u00f3gie\" \/>\n<meta property=\"article:publisher\" content=\"https:\/\/www.facebook.com\/alergologoviaimunologoviaSK\" \/>\n<meta property=\"article:modified_time\" content=\"2021-06-15T21:34:34+00:00\" \/>\n<meta property=\"og:image\" content=\"https:\/\/www.ssaki.eu\/wp-content\/uploads\/2021\/01\/STOP_COVID_SSAKI-e1609772027682.png\" \/>\n\t<meta property=\"og:image:width\" content=\"640\" \/>\n\t<meta property=\"og:image:height\" content=\"360\" \/>\n\t<meta property=\"og:image:type\" content=\"image\/png\" \/>\n<meta name=\"twitter:card\" content=\"summary_large_image\" \/>\n<meta name=\"twitter:label1\" content=\"Predpokladan\u00fd \u010das \u010d\u00edtania\" \/>\n\t<meta name=\"twitter:data1\" content=\"2 min\u00faty\" \/>\n<script type=\"application\/ld+json\" class=\"yoast-schema-graph\">{\"@context\":\"https:\\\/\\\/schema.org\",\"@graph\":[{\"@type\":[\"WebPage\",\"MedicalWebPage\"],\"@id\":\"https:\\\/\\\/www.ssaki.eu\\\/?page_id=3916157\",\"url\":\"https:\\\/\\\/www.ssaki.eu\\\/?page_id=3916157\",\"name\":\"Zo z\u00e1pisnice z 11.6.2021 - Slovensk\u00e1 spolo\u010dnos\u0165 alergol\u00f3gie a klinickej imunol\u00f3gie\",\"isPartOf\":{\"@id\":\"https:\\\/\\\/www.ssaki.eu\\\/#website\"},\"datePublished\":\"2021-06-15T21:34:33+00:00\",\"dateModified\":\"2021-06-15T21:34:34+00:00\",\"description\":\"Sme odborn\u00e1 splo\u010dnos\u0165, ktor\u00e1 zdru\u017euje klinick\u00fdch imunol\u00f3gov a alergol\u00f3gov, ako aj in\u00fdch odborn\u00edkov so z\u00e1ujmom o tento odbor. Na\u0161a spolo\u010dnos\u0165 je hlavn\u00fdm organiz\u00e1torom kontunu\u00e1lneho vzdel\u00e1vania v tomto odbore na Slovensku.\",\"breadcrumb\":{\"@id\":\"https:\\\/\\\/www.ssaki.eu\\\/?page_id=3916157#breadcrumb\"},\"inLanguage\":\"sk-SK\",\"potentialAction\":[{\"@type\":\"ReadAction\",\"target\":[\"https:\\\/\\\/www.ssaki.eu\\\/?page_id=3916157\"]}]},{\"@type\":\"BreadcrumbList\",\"@id\":\"https:\\\/\\\/www.ssaki.eu\\\/?page_id=3916157#breadcrumb\",\"itemListElement\":[{\"@type\":\"ListItem\",\"position\":1,\"name\":\"Domovsk\u00e1 str\u00e1nka\",\"item\":\"https:\\\/\\\/www.ssaki.eu\\\/\"},{\"@type\":\"ListItem\",\"position\":2,\"name\":\"Zo z\u00e1pisnice z 11.6.2021\"}]},{\"@type\":\"WebSite\",\"@id\":\"https:\\\/\\\/www.ssaki.eu\\\/#website\",\"url\":\"https:\\\/\\\/www.ssaki.eu\\\/\",\"name\":\"Slovensk\u00e1 spolo\u010dnos\u0165 alergol\u00f3gie a klinickej imunol\u00f3gie\",\"description\":\"\",\"publisher\":{\"@id\":\"https:\\\/\\\/www.ssaki.eu\\\/#organization\"},\"potentialAction\":[{\"@type\":\"SearchAction\",\"target\":{\"@type\":\"EntryPoint\",\"urlTemplate\":\"https:\\\/\\\/www.ssaki.eu\\\/?s={search_term_string}\"},\"query-input\":{\"@type\":\"PropertyValueSpecification\",\"valueRequired\":true,\"valueName\":\"search_term_string\"}}],\"inLanguage\":\"sk-SK\"},{\"@type\":\"Organization\",\"@id\":\"https:\\\/\\\/www.ssaki.eu\\\/#organization\",\"name\":\"Slovensk\u00e1 spolo\u010dnos\u0165 alergol\u00f3gie a klinickej imunol\u00f3gie\",\"url\":\"https:\\\/\\\/www.ssaki.eu\\\/\",\"logo\":{\"@type\":\"ImageObject\",\"inLanguage\":\"sk-SK\",\"@id\":\"https:\\\/\\\/www.ssaki.eu\\\/#\\\/schema\\\/logo\\\/image\\\/\",\"url\":\"https:\\\/\\\/www.ssaki.eu\\\/wp-content\\\/uploads\\\/2021\\\/01\\\/LOGO-1.png\",\"contentUrl\":\"https:\\\/\\\/www.ssaki.eu\\\/wp-content\\\/uploads\\\/2021\\\/01\\\/LOGO-1.png\",\"width\":1280,\"height\":720,\"caption\":\"Slovensk\u00e1 spolo\u010dnos\u0165 alergol\u00f3gie a klinickej imunol\u00f3gie\"},\"image\":{\"@id\":\"https:\\\/\\\/www.ssaki.eu\\\/#\\\/schema\\\/logo\\\/image\\\/\"},\"sameAs\":[\"https:\\\/\\\/www.facebook.com\\\/alergologoviaimunologoviaSK\"]}]}<\/script>\n<!-- \/ Yoast SEO plugin. -->","yoast_head_json":{"title":"Zo z\u00e1pisnice z 11.6.2021 - Slovensk\u00e1 spolo\u010dnos\u0165 alergol\u00f3gie a klinickej imunol\u00f3gie","description":"Sme odborn\u00e1 splo\u010dnos\u0165, ktor\u00e1 zdru\u017euje klinick\u00fdch imunol\u00f3gov a alergol\u00f3gov, ako aj in\u00fdch odborn\u00edkov so z\u00e1ujmom o tento odbor. Na\u0161a spolo\u010dnos\u0165 je hlavn\u00fdm organiz\u00e1torom kontunu\u00e1lneho vzdel\u00e1vania v tomto odbore na Slovensku.","robots":{"index":"index","follow":"follow","max-snippet":"max-snippet:-1","max-image-preview":"max-image-preview:large","max-video-preview":"max-video-preview:-1"},"canonical":"https:\/\/www.ssaki.eu\/?page_id=3916157","og_locale":"sk_SK","og_type":"article","og_title":"Zo z\u00e1pisnice z 11.6.2021 - Slovensk\u00e1 spolo\u010dnos\u0165 alergol\u00f3gie a klinickej imunol\u00f3gie","og_description":"Sme odborn\u00e1 splo\u010dnos\u0165, ktor\u00e1 zdru\u017euje klinick\u00fdch imunol\u00f3gov a alergol\u00f3gov, ako aj in\u00fdch odborn\u00edkov so z\u00e1ujmom o tento odbor. Na\u0161a spolo\u010dnos\u0165 je hlavn\u00fdm organiz\u00e1torom kontunu\u00e1lneho vzdel\u00e1vania v tomto odbore na Slovensku.","og_url":"https:\/\/www.ssaki.eu\/?page_id=3916157","og_site_name":"Slovensk\u00e1 spolo\u010dnos\u0165 alergol\u00f3gie a klinickej imunol\u00f3gie","article_publisher":"https:\/\/www.facebook.com\/alergologoviaimunologoviaSK","article_modified_time":"2021-06-15T21:34:34+00:00","og_image":[{"width":640,"height":360,"url":"https:\/\/www.ssaki.eu\/wp-content\/uploads\/2021\/01\/STOP_COVID_SSAKI-e1609772027682.png","type":"image\/png"}],"twitter_card":"summary_large_image","twitter_misc":{"Predpokladan\u00fd \u010das \u010d\u00edtania":"2 min\u00faty"},"schema":{"@context":"https:\/\/schema.org","@graph":[{"@type":["WebPage","MedicalWebPage"],"@id":"https:\/\/www.ssaki.eu\/?page_id=3916157","url":"https:\/\/www.ssaki.eu\/?page_id=3916157","name":"Zo z\u00e1pisnice z 11.6.2021 - Slovensk\u00e1 spolo\u010dnos\u0165 alergol\u00f3gie a klinickej imunol\u00f3gie","isPartOf":{"@id":"https:\/\/www.ssaki.eu\/#website"},"datePublished":"2021-06-15T21:34:33+00:00","dateModified":"2021-06-15T21:34:34+00:00","description":"Sme odborn\u00e1 splo\u010dnos\u0165, ktor\u00e1 zdru\u017euje klinick\u00fdch imunol\u00f3gov a alergol\u00f3gov, ako aj in\u00fdch odborn\u00edkov so z\u00e1ujmom o tento odbor. Na\u0161a spolo\u010dnos\u0165 je hlavn\u00fdm organiz\u00e1torom kontunu\u00e1lneho vzdel\u00e1vania v tomto odbore na Slovensku.","breadcrumb":{"@id":"https:\/\/www.ssaki.eu\/?page_id=3916157#breadcrumb"},"inLanguage":"sk-SK","potentialAction":[{"@type":"ReadAction","target":["https:\/\/www.ssaki.eu\/?page_id=3916157"]}]},{"@type":"BreadcrumbList","@id":"https:\/\/www.ssaki.eu\/?page_id=3916157#breadcrumb","itemListElement":[{"@type":"ListItem","position":1,"name":"Domovsk\u00e1 str\u00e1nka","item":"https:\/\/www.ssaki.eu\/"},{"@type":"ListItem","position":2,"name":"Zo z\u00e1pisnice z 11.6.2021"}]},{"@type":"WebSite","@id":"https:\/\/www.ssaki.eu\/#website","url":"https:\/\/www.ssaki.eu\/","name":"Slovensk\u00e1 spolo\u010dnos\u0165 alergol\u00f3gie a klinickej imunol\u00f3gie","description":"","publisher":{"@id":"https:\/\/www.ssaki.eu\/#organization"},"potentialAction":[{"@type":"SearchAction","target":{"@type":"EntryPoint","urlTemplate":"https:\/\/www.ssaki.eu\/?s={search_term_string}"},"query-input":{"@type":"PropertyValueSpecification","valueRequired":true,"valueName":"search_term_string"}}],"inLanguage":"sk-SK"},{"@type":"Organization","@id":"https:\/\/www.ssaki.eu\/#organization","name":"Slovensk\u00e1 spolo\u010dnos\u0165 alergol\u00f3gie a klinickej imunol\u00f3gie","url":"https:\/\/www.ssaki.eu\/","logo":{"@type":"ImageObject","inLanguage":"sk-SK","@id":"https:\/\/www.ssaki.eu\/#\/schema\/logo\/image\/","url":"https:\/\/www.ssaki.eu\/wp-content\/uploads\/2021\/01\/LOGO-1.png","contentUrl":"https:\/\/www.ssaki.eu\/wp-content\/uploads\/2021\/01\/LOGO-1.png","width":1280,"height":720,"caption":"Slovensk\u00e1 spolo\u010dnos\u0165 alergol\u00f3gie a klinickej imunol\u00f3gie"},"image":{"@id":"https:\/\/www.ssaki.eu\/#\/schema\/logo\/image\/"},"sameAs":["https:\/\/www.facebook.com\/alergologoviaimunologoviaSK"]}]}},"_links":{"self":[{"href":"https:\/\/www.ssaki.eu\/index.php?rest_route=\/wp\/v2\/pages\/3916157","targetHints":{"allow":["GET"]}}],"collection":[{"href":"https:\/\/www.ssaki.eu\/index.php?rest_route=\/wp\/v2\/pages"}],"about":[{"href":"https:\/\/www.ssaki.eu\/index.php?rest_route=\/wp\/v2\/types\/page"}],"author":[{"embeddable":true,"href":"https:\/\/www.ssaki.eu\/index.php?rest_route=\/wp\/v2\/users\/1"}],"replies":[{"embeddable":true,"href":"https:\/\/www.ssaki.eu\/index.php?rest_route=%2Fwp%2Fv2%2Fcomments&post=3916157"}],"version-history":[{"count":1,"href":"https:\/\/www.ssaki.eu\/index.php?rest_route=\/wp\/v2\/pages\/3916157\/revisions"}],"predecessor-version":[{"id":3916158,"href":"https:\/\/www.ssaki.eu\/index.php?rest_route=\/wp\/v2\/pages\/3916157\/revisions\/3916158"}],"wp:attachment":[{"href":"https:\/\/www.ssaki.eu\/index.php?rest_route=%2Fwp%2Fv2%2Fmedia&parent=3916157"}],"curies":[{"name":"wp","href":"https:\/\/api.w.org\/{rel}","templated":true}]}}