{"id":3916198,"date":"2021-08-17T00:03:37","date_gmt":"2021-08-16T22:03:37","guid":{"rendered":"https:\/\/www.ssaki.eu\/?page_id=3916198"},"modified":"2021-08-17T00:03:38","modified_gmt":"2021-08-16T22:03:38","slug":"zo-zapisnice-z-12-8-2021","status":"publish","type":"page","link":"https:\/\/www.ssaki.eu\/?page_id=3916198","title":{"rendered":"Zo z\u00e1pisnice z 12.8.2021"},"content":{"rendered":"\n<p><strong>Z\u00e1pisnica zo zasadnutia V\u00fdboru SSAKI a&nbsp;Poradn\u00e9ho zboru hlavn\u00e9ho odborn\u00edka MZ SR 13.8.2021,Malat\u00edny<\/strong><\/p>\n\n\n\n<p><strong>Pr\u00edtomn\u00ed:<\/strong>\u010ci\u017en\u00e1r, Hadvabov\u00e1, Hlinka, Hochmuth,Hrubi\u0161ko, Jese\u0148\u00e1k, Ko\u0161turiak, Lap\u0161ansk\u00e1, Mikler, Petriskov\u00e1, Pru\u017einec, Schvalbov\u00e1, Smie\u0161kov\u00e1<\/p>\n\n\n\n<p><strong>Ospravedlnen\u00ed: <\/strong>Koss\u00e1rov\u00e1<\/p>\n\n\n\n<ol class=\"wp-block-list\" type=\"1\"><li><strong>Pokra\u010dovanie v pr\u00edprave Zjazdu SSAKI a&nbsp;\u010cSAKI 20-23.10.2021 &#8211; Grand hotel Bellevue \u2013 Horn\u00fd Smokovec &#8211; Vysok\u00e9 Tatry<\/strong><\/li><\/ol>\n\n\n\n<p><strong>T\u00e9ma kongresu: Medzi pand\u00e9miami (imunita &#8211; k\u013e\u00fa\u010d k&nbsp;zvl\u00e1dnutiu infekci\u00ed)<\/strong><\/p>\n\n\n\n<p><strong>Prezidentka kongresu<\/strong>:&nbsp; Ing. Jela Petriskov\u00e1, PhD.<\/p>\n\n\n\n<p><strong>Programov\u00e1 str\u00e1nky zjazdu:<\/strong><\/p>\n\n\n\n<ul class=\"wp-block-list\"><li>Plen\u00e1rne predn\u00e1\u0161ky \u2013 20.10.2021<\/li><\/ul>\n\n\n\n<p>Prof. Bart\u016f\u0148kov\u00e1: Infekcia a&nbsp;autoimunita<\/p>\n\n\n\n<p>Prof. Panzner: Alergie a&nbsp;protil\u00e1tkov\u00e9 izotypy<\/p>\n\n\n\n<p>Prof. Jese\u0148\u00e1k: Imunologia,o\u010dkovanie,COVID-19 \u2013\u010do n\u00e1s nau\u010dil predch\u00e1dzaj\u00faci rok?<\/p>\n\n\n\n<p>m. prof. Pru\u017einec: Mikr\u00f3by a&nbsp;imunita-ako to, \u017ee e\u0161te \u017eijeme ?<\/p>\n\n\n\n<ul class=\"wp-block-list\"><li>Doplnenie z&nbsp;akt\u00edvne prihl\u00e1sen\u00fdch, o&nbsp;prihl\u00e1sen\u00fdch cez webov\u00fa str\u00e1nku informoval Ko\u0161turiak a&nbsp;do &nbsp;jednotliv\u00fdch sekci\u00ed&nbsp; ich predsedovia<\/li><li>Posterov\u00e1 sekcia \u2013 elektronick\u00e9 postery s&nbsp;prezent\u00e1ciou po\u010das vy\u010dlenen\u00e9ho \u010dasu s diskusiou<\/li><li>Odborn\u00fd program \u2013 za\u010diatok 8,30 hod<\/li><li>Postgradu\u00e1lny kurz: Biologick\u00e1 lie\u010dba \u2013 pr\u00edprava handoutov \u2013 ka\u017ed\u00fd autor dod\u00e1 do konca augusta kr\u00e1tky, cca. 2-stranov\u00fd odr\u00e1\u017ekov\u00fd text doplnen\u00fd 2-3 obr\u00e1zkami, sch\u00e9mami ev. tabu\u013ekami<\/li><\/ul>\n\n\n\n<p><strong>Technick\u00e1 str\u00e1nka kongresu:<\/strong><\/p>\n\n\n\n<ul class=\"wp-block-list\"><li>Ubytovanie \u00fa\u010dastn\u00edkov v\u00fdhradne prostredn\u00edctvom agent\u00fary Cesta<\/li><li>Program \u00favodn\u00e9ho plen\u00e1rneho zasadnutia (spomienka na kolegov, video)<\/li><li>Spolo\u010densk\u00e1 str\u00e1nka zjazdu(Pru\u017einec )<\/li><li>Kongresov\u00e9 materi\u00e1ly a&nbsp;Supplementum Klinick\u00e1 imunol\u00f3gia a&nbsp;alergol\u00f3gia (abstrakty)<\/li><li>Materi\u00e1l z&nbsp;Postgradu\u00e1lneho kurzu<\/li><li>Konferen\u010dn\u00e9 poplatky bud\u00fa zverejnen\u00e9 na webovej str\u00e1nke www.ssaki.eu<\/li><li>Kompletiz\u00e1cia roz\u0161\u00edrenej prvej inform\u00e1cie kongresu<\/li><\/ul>\n\n\n\n<ul class=\"wp-block-list\"><li>O ocenen\u00fdch jubilantoch informovala Schvalbov\u00e1, ocenenia s\u00fa schv\u00e1len\u00e9 Prez\u00eddiom SLS a&nbsp;pripraven\u00e9 na odovzdanie.<\/li><\/ul>\n\n\n\n<p><strong>2.Martinsk\u00e9 dni imunol\u00f3gie-15.9.-17.9.<\/strong><\/p>\n\n\n\n<p>-informovala &nbsp;Petriskov\u00e1<\/p>\n\n\n\n<p><strong>3.\u0160tandardn\u00e9 diagnostick\u00e9 a&nbsp;terapeutick\u00e9 postupy(\u0160DTP) -aktu\u00e1lny stav<\/strong><\/p>\n\n\n\n<ul class=\"wp-block-list\"><li>\u0160DTP-Venom imunoterapia (VIT)-pripraven\u00e9 na schv\u00e1lenie , informoval Hochmuth,Hrubi\u0161ko&nbsp;&nbsp;&nbsp;<\/li><\/ul>\n\n\n\n<p>Je potrebn\u00e9 odosla\u0165 nez\u00e1visl\u00e9&nbsp; stanovisk\u00e1 na &nbsp;Komisiu MZ SR pre \u0160DTP<\/p>\n\n\n\n<ul class=\"wp-block-list\"><li>\u0160DTP- Detsk\u00e1 astma-rozpracovan\u00e1 \u2013informovala Lap\u0161ansk\u00e1<\/li><li>\u0160DTP \u2013 Anafylaxia-Hadvabov\u00e1,Hrubi\u0161ko,Koss\u00e1rov\u00e1,Mikler za s\u00fa\u010dasnej konzult\u00e1cie s&nbsp;ARO(navrhnut\u00e1 E.Palen\u010d\u00edkov\u00e1-ARO, Pre\u0161ov )<\/li><li>Perspekt\u00edvne tvorba \u0160DTP-Alerg\u00e9nov\u00e1 imunoterapia-v pr\u00edprave<\/li><li>V\u00fdbor potvrdzuje Hrubi\u0161ka vo funkcii predsedu Odbornej pracovnej skupiny MZ SR pre\u0160DTP v&nbsp;odbore&nbsp; KIA<\/li><li>Vytvorenie&nbsp; Metodick\u00e9ho listu \u2013Pr\u00edprava pred podan\u00edm Rtg kontrastnej l\u00e1tky-Hrubi\u0161ko,Koss\u00e1rov\u00e1,Mikler, Smie\u0161kov\u00e1<\/li><\/ul>\n\n\n\n<p><strong>4.Update jesenn\u00fdch odborn\u00fdch akci\u00ed:<\/strong><\/p>\n\n\n\n<p>&#8211; Bardejovsk\u00e9 pneumologick\u00e9 dni-2.-4.9.2021<\/p>\n\n\n\n<p>&#8211; Martinsk\u00e9 dni imunol\u00f3gie-15.-17.9.2021<\/p>\n\n\n\n<p>&#8211; F\u00f3rum imunodeficienci\u00ed \u2013 Ko\u0161ice \u2013 23.-24.09.2021 \u2013 online podujatie<\/p>\n\n\n\n<p>-Burza imunodeficienci\u00ed -8.-9.10-Jasn\u00e1<\/p>\n\n\n\n<p>&#8211; Zjazd SSAKI a&nbsp;\u010cSAKI &#8211; Vysok\u00e9 Tatry &#8211; 20.-23.10.2021<\/p>\n\n\n\n<p>-Medif\u00f3rum-19.-20.11.-Jasn\u00e1<\/p>\n\n\n\n<p>-Zasadnutie v\u00fdboru SSAKI &#8211; 9.12.2021<\/p>\n\n\n\n<p><strong>5.R\u00f4zne<\/strong><\/p>\n\n\n\n<p>-Vadem\u00e9kum o\u010dkovania proti COVID-19-publik\u00e1cia bude distribuovan\u00e1 v\u0161etk\u00fdm imunol\u00f3gom na Zjazde v&nbsp;Tatr\u00e1ch<\/p>\n\n\n\n<p>-O\u010dkovanie v&nbsp;lek\u00e1r\u0148ach, informoval Jese\u0148\u00e1k &#8211; pl\u00e1nuje sa o\u010dkovanie proti chr\u00edpkeu &nbsp;zdrav\u00fdch dospel\u00fdch, SSAKI \u00fa\u010dastn\u00e1 na projekte certifikovan\u00e9ho programu<\/p>\n\n\n\n<p>-Z\u00e1ujem o&nbsp;fb str\u00e1nku &nbsp;\u2013 o&nbsp;ve\u013ekom&nbsp; z\u00e1ujme a&nbsp;fungovan\u00ed informovali Jese\u0148\u00e1k,Ko\u0161turiak<\/p>\n\n\n\n<p>-MESIA -24-26.11.2022 \u2013 Praha- akt\u00edvna \u00fa\u010das\u0165,informoval Jese\u0148\u00e1k,pl\u00e1nuje sa akt\u00edvna \u00fa\u010das\u0165 \u2013 samostatn\u00fd blok pre SSAKI \u2013 jedna \u00favodn\u00e1 predn\u00e1\u0161ka, n\u00e1sledne 1 predn\u00e1\u0161ka mlad\u00e9ho imunol\u00f3ga a&nbsp;4 regul\u00e1rne predn\u00e1\u0161ky \u2013 prednostne v\u00fdskumn\u00e9ho charakteru s&nbsp;p\u00f4vodn\u00fdmi v\u00fdsledkami \u2013 priebe\u017ene bude zostaven\u00e9 a dodan\u00e9<\/p>\n\n\n\n<p>-Stanovisko V\u00fdboru SSAKI k&nbsp;vyjadreniam kolegov vystupuj\u00facich proti o\u010dkovaniu a&nbsp;spochyb\u0148uj\u00facich opatrenia v&nbsp;r\u00e1mci COVID-19 pand\u00e9mie<\/p>\n\n\n\n<p>Pru\u017einec vypracuje stanovisko k&nbsp;t\u00fdmto medi\u00e1lnym vyst\u00fapeniam a n\u00e1sledne&nbsp;medializuje cez agent\u00faru SITA<\/p>\n\n\n\n<p>-Poskytnutie z\u00e1\u0161tity SSAKI nad pripravovan\u00fdm CZ-SK projektom: Inhala\u010dn\u00ed adherence a prevence rozvoje t\u011b\u017ek\u00e9ho covidu<\/p>\n\n\n\n<p>-V\u00fdbor SSAKI pod\u00e1 &nbsp;n\u00e1vrh &nbsp;na Ministerstvo zdravotn\u00edctva SR na schv\u00e1lenie nov\u00e9ho k\u00f3du pre inicializ\u00e1ciu a&nbsp;monitorovanie alerg\u00e9novej imunoterapie&nbsp; na z\u00e1klade inform\u00e1cii, ktor\u00e9 m\u00e1me z&nbsp;odboru onkol\u00f3gia.<\/p>\n\n\n\n<p>Zap\u00edsala Schvalbov\u00e1<\/p>\n\r\n","protected":false},"excerpt":{"rendered":"<p>Z\u00e1pisnica zo zasadnutia V\u00fdboru SSAKI a&nbsp;Poradn\u00e9ho zboru hlavn\u00e9ho odborn\u00edka MZ SR 13.8.2021,Malat\u00edny Pr\u00edtomn\u00ed:\u010ci\u017en\u00e1r, Hadvabov\u00e1, Hlinka, Hochmuth,Hrubi\u0161ko, Jese\u0148\u00e1k, Ko\u0161turiak, Lap\u0161ansk\u00e1, Mikler, Petriskov\u00e1, Pru\u017einec, Schvalbov\u00e1, Smie\u0161kov\u00e1 Ospravedlnen\u00ed: Koss\u00e1rov\u00e1 Pokra\u010dovanie v pr\u00edprave Zjazdu SSAKI a&nbsp;\u010cSAKI 20-23.10.2021 &#8211;&#46;&#46;&#46;<\/p>\n","protected":false},"author":1,"featured_media":0,"parent":0,"menu_order":0,"comment_status":"closed","ping_status":"closed","template":"","meta":{"footnotes":""},"class_list":["post-3916198","page","type-page","status-publish","hentry"],"yoast_head":"<!-- This site is optimized with the Yoast SEO plugin v27.4 - https:\/\/yoast.com\/product\/yoast-seo-wordpress\/ -->\n<title>Zo z\u00e1pisnice z 12.8.2021 - Slovensk\u00e1 spolo\u010dnos\u0165 alergol\u00f3gie a klinickej imunol\u00f3gie<\/title>\n<meta name=\"description\" content=\"Sme odborn\u00e1 splo\u010dnos\u0165, ktor\u00e1 zdru\u017euje klinick\u00fdch imunol\u00f3gov a alergol\u00f3gov, ako aj in\u00fdch odborn\u00edkov so z\u00e1ujmom o tento odbor. Na\u0161a spolo\u010dnos\u0165 je hlavn\u00fdm organiz\u00e1torom kontunu\u00e1lneho vzdel\u00e1vania v tomto odbore na Slovensku.\" \/>\n<meta name=\"robots\" content=\"index, follow, max-snippet:-1, max-image-preview:large, max-video-preview:-1\" \/>\n<link rel=\"canonical\" href=\"https:\/\/www.ssaki.eu\/?page_id=3916198\" \/>\n<meta property=\"og:locale\" content=\"sk_SK\" \/>\n<meta property=\"og:type\" content=\"article\" \/>\n<meta property=\"og:title\" content=\"Zo z\u00e1pisnice z 12.8.2021 - Slovensk\u00e1 spolo\u010dnos\u0165 alergol\u00f3gie a klinickej imunol\u00f3gie\" \/>\n<meta property=\"og:description\" content=\"Sme odborn\u00e1 splo\u010dnos\u0165, ktor\u00e1 zdru\u017euje klinick\u00fdch imunol\u00f3gov a alergol\u00f3gov, ako aj in\u00fdch odborn\u00edkov so z\u00e1ujmom o tento odbor. Na\u0161a spolo\u010dnos\u0165 je hlavn\u00fdm organiz\u00e1torom kontunu\u00e1lneho vzdel\u00e1vania v tomto odbore na Slovensku.\" \/>\n<meta property=\"og:url\" content=\"https:\/\/www.ssaki.eu\/?page_id=3916198\" \/>\n<meta property=\"og:site_name\" content=\"Slovensk\u00e1 spolo\u010dnos\u0165 alergol\u00f3gie a klinickej imunol\u00f3gie\" \/>\n<meta property=\"article:publisher\" content=\"https:\/\/www.facebook.com\/alergologoviaimunologoviaSK\" \/>\n<meta property=\"article:modified_time\" content=\"2021-08-16T22:03:38+00:00\" \/>\n<meta property=\"og:image\" content=\"https:\/\/www.ssaki.eu\/wp-content\/uploads\/2021\/01\/STOP_COVID_SSAKI-e1609772027682.png\" \/>\n\t<meta property=\"og:image:width\" content=\"640\" \/>\n\t<meta property=\"og:image:height\" content=\"360\" \/>\n\t<meta property=\"og:image:type\" content=\"image\/png\" \/>\n<meta name=\"twitter:card\" content=\"summary_large_image\" \/>\n<meta name=\"twitter:label1\" content=\"Predpokladan\u00fd \u010das \u010d\u00edtania\" \/>\n\t<meta name=\"twitter:data1\" content=\"2 min\u00faty\" \/>\n<script type=\"application\/ld+json\" class=\"yoast-schema-graph\">{\"@context\":\"https:\\\/\\\/schema.org\",\"@graph\":[{\"@type\":[\"WebPage\",\"MedicalWebPage\"],\"@id\":\"https:\\\/\\\/www.ssaki.eu\\\/?page_id=3916198\",\"url\":\"https:\\\/\\\/www.ssaki.eu\\\/?page_id=3916198\",\"name\":\"Zo z\u00e1pisnice z 12.8.2021 - Slovensk\u00e1 spolo\u010dnos\u0165 alergol\u00f3gie a klinickej imunol\u00f3gie\",\"isPartOf\":{\"@id\":\"https:\\\/\\\/www.ssaki.eu\\\/#website\"},\"datePublished\":\"2021-08-16T22:03:37+00:00\",\"dateModified\":\"2021-08-16T22:03:38+00:00\",\"description\":\"Sme odborn\u00e1 splo\u010dnos\u0165, ktor\u00e1 zdru\u017euje klinick\u00fdch imunol\u00f3gov a alergol\u00f3gov, ako aj in\u00fdch odborn\u00edkov so z\u00e1ujmom o tento odbor. Na\u0161a spolo\u010dnos\u0165 je hlavn\u00fdm organiz\u00e1torom kontunu\u00e1lneho vzdel\u00e1vania v tomto odbore na Slovensku.\",\"breadcrumb\":{\"@id\":\"https:\\\/\\\/www.ssaki.eu\\\/?page_id=3916198#breadcrumb\"},\"inLanguage\":\"sk-SK\",\"potentialAction\":[{\"@type\":\"ReadAction\",\"target\":[\"https:\\\/\\\/www.ssaki.eu\\\/?page_id=3916198\"]}]},{\"@type\":\"BreadcrumbList\",\"@id\":\"https:\\\/\\\/www.ssaki.eu\\\/?page_id=3916198#breadcrumb\",\"itemListElement\":[{\"@type\":\"ListItem\",\"position\":1,\"name\":\"Domovsk\u00e1 str\u00e1nka\",\"item\":\"https:\\\/\\\/www.ssaki.eu\\\/\"},{\"@type\":\"ListItem\",\"position\":2,\"name\":\"Zo z\u00e1pisnice z 12.8.2021\"}]},{\"@type\":\"WebSite\",\"@id\":\"https:\\\/\\\/www.ssaki.eu\\\/#website\",\"url\":\"https:\\\/\\\/www.ssaki.eu\\\/\",\"name\":\"Slovensk\u00e1 spolo\u010dnos\u0165 alergol\u00f3gie a klinickej imunol\u00f3gie\",\"description\":\"\",\"publisher\":{\"@id\":\"https:\\\/\\\/www.ssaki.eu\\\/#organization\"},\"potentialAction\":[{\"@type\":\"SearchAction\",\"target\":{\"@type\":\"EntryPoint\",\"urlTemplate\":\"https:\\\/\\\/www.ssaki.eu\\\/?s={search_term_string}\"},\"query-input\":{\"@type\":\"PropertyValueSpecification\",\"valueRequired\":true,\"valueName\":\"search_term_string\"}}],\"inLanguage\":\"sk-SK\"},{\"@type\":\"Organization\",\"@id\":\"https:\\\/\\\/www.ssaki.eu\\\/#organization\",\"name\":\"Slovensk\u00e1 spolo\u010dnos\u0165 alergol\u00f3gie a klinickej imunol\u00f3gie\",\"url\":\"https:\\\/\\\/www.ssaki.eu\\\/\",\"logo\":{\"@type\":\"ImageObject\",\"inLanguage\":\"sk-SK\",\"@id\":\"https:\\\/\\\/www.ssaki.eu\\\/#\\\/schema\\\/logo\\\/image\\\/\",\"url\":\"https:\\\/\\\/www.ssaki.eu\\\/wp-content\\\/uploads\\\/2021\\\/01\\\/LOGO-1.png\",\"contentUrl\":\"https:\\\/\\\/www.ssaki.eu\\\/wp-content\\\/uploads\\\/2021\\\/01\\\/LOGO-1.png\",\"width\":1280,\"height\":720,\"caption\":\"Slovensk\u00e1 spolo\u010dnos\u0165 alergol\u00f3gie a klinickej imunol\u00f3gie\"},\"image\":{\"@id\":\"https:\\\/\\\/www.ssaki.eu\\\/#\\\/schema\\\/logo\\\/image\\\/\"},\"sameAs\":[\"https:\\\/\\\/www.facebook.com\\\/alergologoviaimunologoviaSK\"]}]}<\/script>\n<!-- \/ Yoast SEO plugin. -->","yoast_head_json":{"title":"Zo z\u00e1pisnice z 12.8.2021 - Slovensk\u00e1 spolo\u010dnos\u0165 alergol\u00f3gie a klinickej imunol\u00f3gie","description":"Sme odborn\u00e1 splo\u010dnos\u0165, ktor\u00e1 zdru\u017euje klinick\u00fdch imunol\u00f3gov a alergol\u00f3gov, ako aj in\u00fdch odborn\u00edkov so z\u00e1ujmom o tento odbor. Na\u0161a spolo\u010dnos\u0165 je hlavn\u00fdm organiz\u00e1torom kontunu\u00e1lneho vzdel\u00e1vania v tomto odbore na Slovensku.","robots":{"index":"index","follow":"follow","max-snippet":"max-snippet:-1","max-image-preview":"max-image-preview:large","max-video-preview":"max-video-preview:-1"},"canonical":"https:\/\/www.ssaki.eu\/?page_id=3916198","og_locale":"sk_SK","og_type":"article","og_title":"Zo z\u00e1pisnice z 12.8.2021 - Slovensk\u00e1 spolo\u010dnos\u0165 alergol\u00f3gie a klinickej imunol\u00f3gie","og_description":"Sme odborn\u00e1 splo\u010dnos\u0165, ktor\u00e1 zdru\u017euje klinick\u00fdch imunol\u00f3gov a alergol\u00f3gov, ako aj in\u00fdch odborn\u00edkov so z\u00e1ujmom o tento odbor. Na\u0161a spolo\u010dnos\u0165 je hlavn\u00fdm organiz\u00e1torom kontunu\u00e1lneho vzdel\u00e1vania v tomto odbore na Slovensku.","og_url":"https:\/\/www.ssaki.eu\/?page_id=3916198","og_site_name":"Slovensk\u00e1 spolo\u010dnos\u0165 alergol\u00f3gie a klinickej imunol\u00f3gie","article_publisher":"https:\/\/www.facebook.com\/alergologoviaimunologoviaSK","article_modified_time":"2021-08-16T22:03:38+00:00","og_image":[{"width":640,"height":360,"url":"https:\/\/www.ssaki.eu\/wp-content\/uploads\/2021\/01\/STOP_COVID_SSAKI-e1609772027682.png","type":"image\/png"}],"twitter_card":"summary_large_image","twitter_misc":{"Predpokladan\u00fd \u010das \u010d\u00edtania":"2 min\u00faty"},"schema":{"@context":"https:\/\/schema.org","@graph":[{"@type":["WebPage","MedicalWebPage"],"@id":"https:\/\/www.ssaki.eu\/?page_id=3916198","url":"https:\/\/www.ssaki.eu\/?page_id=3916198","name":"Zo z\u00e1pisnice z 12.8.2021 - Slovensk\u00e1 spolo\u010dnos\u0165 alergol\u00f3gie a klinickej imunol\u00f3gie","isPartOf":{"@id":"https:\/\/www.ssaki.eu\/#website"},"datePublished":"2021-08-16T22:03:37+00:00","dateModified":"2021-08-16T22:03:38+00:00","description":"Sme odborn\u00e1 splo\u010dnos\u0165, ktor\u00e1 zdru\u017euje klinick\u00fdch imunol\u00f3gov a alergol\u00f3gov, ako aj in\u00fdch odborn\u00edkov so z\u00e1ujmom o tento odbor. Na\u0161a spolo\u010dnos\u0165 je hlavn\u00fdm organiz\u00e1torom kontunu\u00e1lneho vzdel\u00e1vania v tomto odbore na Slovensku.","breadcrumb":{"@id":"https:\/\/www.ssaki.eu\/?page_id=3916198#breadcrumb"},"inLanguage":"sk-SK","potentialAction":[{"@type":"ReadAction","target":["https:\/\/www.ssaki.eu\/?page_id=3916198"]}]},{"@type":"BreadcrumbList","@id":"https:\/\/www.ssaki.eu\/?page_id=3916198#breadcrumb","itemListElement":[{"@type":"ListItem","position":1,"name":"Domovsk\u00e1 str\u00e1nka","item":"https:\/\/www.ssaki.eu\/"},{"@type":"ListItem","position":2,"name":"Zo z\u00e1pisnice z 12.8.2021"}]},{"@type":"WebSite","@id":"https:\/\/www.ssaki.eu\/#website","url":"https:\/\/www.ssaki.eu\/","name":"Slovensk\u00e1 spolo\u010dnos\u0165 alergol\u00f3gie a klinickej imunol\u00f3gie","description":"","publisher":{"@id":"https:\/\/www.ssaki.eu\/#organization"},"potentialAction":[{"@type":"SearchAction","target":{"@type":"EntryPoint","urlTemplate":"https:\/\/www.ssaki.eu\/?s={search_term_string}"},"query-input":{"@type":"PropertyValueSpecification","valueRequired":true,"valueName":"search_term_string"}}],"inLanguage":"sk-SK"},{"@type":"Organization","@id":"https:\/\/www.ssaki.eu\/#organization","name":"Slovensk\u00e1 spolo\u010dnos\u0165 alergol\u00f3gie a klinickej imunol\u00f3gie","url":"https:\/\/www.ssaki.eu\/","logo":{"@type":"ImageObject","inLanguage":"sk-SK","@id":"https:\/\/www.ssaki.eu\/#\/schema\/logo\/image\/","url":"https:\/\/www.ssaki.eu\/wp-content\/uploads\/2021\/01\/LOGO-1.png","contentUrl":"https:\/\/www.ssaki.eu\/wp-content\/uploads\/2021\/01\/LOGO-1.png","width":1280,"height":720,"caption":"Slovensk\u00e1 spolo\u010dnos\u0165 alergol\u00f3gie a klinickej imunol\u00f3gie"},"image":{"@id":"https:\/\/www.ssaki.eu\/#\/schema\/logo\/image\/"},"sameAs":["https:\/\/www.facebook.com\/alergologoviaimunologoviaSK"]}]}},"_links":{"self":[{"href":"https:\/\/www.ssaki.eu\/index.php?rest_route=\/wp\/v2\/pages\/3916198","targetHints":{"allow":["GET"]}}],"collection":[{"href":"https:\/\/www.ssaki.eu\/index.php?rest_route=\/wp\/v2\/pages"}],"about":[{"href":"https:\/\/www.ssaki.eu\/index.php?rest_route=\/wp\/v2\/types\/page"}],"author":[{"embeddable":true,"href":"https:\/\/www.ssaki.eu\/index.php?rest_route=\/wp\/v2\/users\/1"}],"replies":[{"embeddable":true,"href":"https:\/\/www.ssaki.eu\/index.php?rest_route=%2Fwp%2Fv2%2Fcomments&post=3916198"}],"version-history":[{"count":2,"href":"https:\/\/www.ssaki.eu\/index.php?rest_route=\/wp\/v2\/pages\/3916198\/revisions"}],"predecessor-version":[{"id":3916200,"href":"https:\/\/www.ssaki.eu\/index.php?rest_route=\/wp\/v2\/pages\/3916198\/revisions\/3916200"}],"wp:attachment":[{"href":"https:\/\/www.ssaki.eu\/index.php?rest_route=%2Fwp%2Fv2%2Fmedia&parent=3916198"}],"curies":[{"name":"wp","href":"https:\/\/api.w.org\/{rel}","templated":true}]}}