{"id":3916694,"date":"2024-06-24T21:34:41","date_gmt":"2024-06-24T19:34:41","guid":{"rendered":"https:\/\/www.ssaki.eu\/?page_id=3916694"},"modified":"2024-06-24T21:37:54","modified_gmt":"2024-06-24T19:37:54","slug":"zo-zapisnice-z-21-6-2024","status":"publish","type":"page","link":"https:\/\/www.ssaki.eu\/?page_id=3916694","title":{"rendered":"Zo z\u00e1pisnice z 21.6.2024"},"content":{"rendered":"\n<p>Z\u00e1pisnica zo zasadnutia V\u00fdboru SSAKI a\u00a0Poradn\u00e9ho zboru hlavn\u00e9ho odborn\u00edka MZ SR 21.6.2024, Liptovsk\u00fd Hr\u00e1dok<\/p>\n\n\n\n<p>Pr\u00edtomn\u00ed: \u010ci\u017en\u00e1r, Hadvabov\u00e1,, Hochmuth, Hrubi\u0161ko, Jese\u0148\u00e1k, Ko\u0161turiak, Koss\u00e1rov\u00e1,<br>Lap\u0161ansk\u00e1, Mikler, Petriskov\u00e1, Schvalbov\u00e1<br>Ospravedlnen\u00ed: Hlinka, Pru\u017einec, Smie\u0161kov\u00e1<\/p>\n\n\n\n<p><br>I. Otvorenie zasadnutia a zhrnutie \u010dinnosti a\u00a0plnenie \u00faloh medzi<br>zasadnutiami (Jese\u0148\u00e1k)<\/p>\n\n\n\n<p><br>II. Program zasadnutia<\/p>\n\n\n\n<ol class=\"wp-block-list\">\n<li>Pr\u00edprava volieb 2024 do V\u00fdboru a\u00a0rev\u00edznej komisie SSAKI\n<ul class=\"wp-block-list\">\n<li>schv\u00e1lenie fin\u00e1lnej kandid\u00e1tnej listiny<\/li>\n\n\n\n<li>rozoslanie kandid\u00e1tnych list\u00edn 1.10.2024<\/li>\n\n\n\n<li>spustenie volieb 15.10.2024<br>V\u00fdbor jednohlasne ods\u00fahlasil zlo\u017eenie volebnej komisie v&nbsp;zlo\u017een\u00ed:<br>Dagmar Cinge\u013eov\u00e1, Miroslava Ondri\u0161ov\u00e1, Veronika Pru\u017eincov\u00e1<\/li>\n<\/ul>\n<\/li>\n\n\n\n<li>Inform\u00e1cie o XLI. zjazde \u010desk\u00fdch a\u00a0slovensk\u00fdch alergol\u00f3gov a\u00a0klinick\u00fdch imunol\u00f3gov 9.-<br>12.10.2024, Kongresov\u00e9 centrum Aldis, Hradec Kr\u00e1lov\u00e9 &#8211; webov\u00e1 str\u00e1nka \u010cSAKI<\/li>\n\n\n\n<li>Inform\u00e1cie o\u00a0XLII. Zjazde slovensk\u00fdch a\u00a0\u010desk\u00fdch alergol\u00f3gov<br>d\u00e1tum: 22.-25.10.2025<br>miesto konania: Grand Hotel Bellevue Vysok\u00e9 Tatry<br>t\u00e9ma kongresu: Medic\u00edna d\u00f4kazov v\u00a0klinickej imunol\u00f3gii a\u00a0alergol\u00f3gii<br>prezident kongresu: doc. MUDr. Peter \u010ci\u017en\u00e1r, CSc.<br>Pracuje sa na tvorbe nov\u00e9ho vizu\u00e1lu kongresu.<br>V\u00fdbor SSAKI jednohlasne schv\u00e1lil, \u017ee zjazd bude po organiza\u010dnej str\u00e1nke kompletne zastre\u0161ova\u0165<br>agent\u00fara A-medi.<br>M. Jese\u0148\u00e1k vst\u00fapi do jednania s\u00a0AIFP oh\u013eadne jasn\u00fdch pravidiel konania vo\u013eno\u010dasov\u00fdch aktiv\u00edt v\u00a0r\u00e1mci<br>kongresu.<\/li>\n\n\n\n<li>Varia<\/li>\n\n\n\n<li>Odbor KIA bol vybran\u00fd pre particip\u00e1ciu na Katal\u00f3gu zdravotn\u00fdch v\u00fdkonov a\u00a0bola navrhnut\u00e1 nov\u00e1<br>pracovn\u00e1 skupina pre odbor KIA v\u00a0zlo\u017een\u00ed: Andrej Zlato\u0161, Radovan Ko\u0161turiak, Eva Dzurillov\u00e1<\/li>\n\n\n\n<li>V\u00fdbor SSAKI vyjadril podporn\u00e9 stanovisk\u00e1 pre udr\u017eanie ceny a\u00a0dostupnosti imunoglobul\u00ednov\u00fdch<br>prepar\u00e1tov \u2013 odoslan\u00e9 MZ SR.<\/li>\n\n\n\n<li>S. Hadvabov\u00e1 a\u00a0J. Petriskov\u00e1 informovali o\u00a0zmen\u00e1ch rev\u00edznych pravidiel ZP D\u00f4vera, inform\u00e1cia<br>bude zverejnen\u00e1 na www.ssaki.eu<br>J. Petriskov\u00e1 priprav\u00ed kr\u00e1tky manu\u00e1l pre laborat\u00f3rnu imunol\u00f3giu oh\u013eadne povolen\u00e9ho po\u010dtu<br>vy\u0161etrovan\u00fdch alerg\u00e9nov.<\/li>\n\n\n\n<li>V\u00fdbor SSAKI s\u00fahlas\u00ed s\u00a0uvo\u013enen\u00edm preskripcie pre v\u0161eobecn\u00fdch lek\u00e1rov pre deti, dorast a\u00a0dospel\u00fdch<br>na prepar\u00e1ty \u2013 inhala\u010dn\u00e9 monokomponenty s\u00a0obsahom \u00fa\u010dinnej l\u00e1tky beklometaz\u00f3m a\u00a0flutikaz\u00f3n,<br>ipratr\u00f3pium; kombinovan\u00fd pr\u00edpravok iptratr\u00f3pium + fenoterol; naz\u00e1lne monokomponentov\u00e9 spreje<br>s\u00a0obsahom \u00fa\u010dinnej l\u00e1tky mometaz\u00f3n, flutikaz\u00f3n; o\u010dn\u00e9 kvapky s\u00a0obsahom \u00fa\u010dinnej l\u00e1tky azelast\u00edn;<br>inhala\u010dn\u00fa pom\u00f4cku OptiChamber.<\/li>\n\n\n\n<li>od 1.7.2024 vstupuj\u00fa do platnosti nov\u00e9 minim\u00e1lne \u0161tandardy pre odbor KIA, ktor\u00fdmi sa d\u013a\u017eka<br>\u0161t\u00fadia men\u00ed na \u0161tyri a\u00a0pol roka, materi\u00e1l bol pripomienkovan\u00fd a\u00a0finalizovan\u00fd dvomi garantami<br>a\u00a0hlavn\u00fdm odborn\u00edkom pre odbor KIA.<\/li>\n\n\n\n<li>od 1.6 sa prechodne zmenila dostupnos\u0165 prepar\u00e1tu Alutard venom, S. Hadvabov\u00e1 priprav\u00ed postup<br>preskripcie, ktor\u00fd bude zverejnen\u00fd na www.ssaki.eu. Aktu\u00e1lne bolo iniciovan\u00e9 konanie s\u00a0korekciou<br>tejto zmeny na p\u00f4vodn\u00fd stav (predpokladan\u00fd d\u00e1tum \u00fa\u010dinnosti od 10\/2024).<\/li>\n\n\n\n<li>S. Hadvabov\u00e1 vypracuje \u017eiados\u0165 o\u00a0zmenu indika\u010dn\u00fdch krit\u00e9ri\u00ed na pou\u017e\u00edvanie IKS+LABA pod\u013ea<br>odpor\u00fa\u010dan\u00ed GINA 2024 pre str\u00e1nku na\u0161ej spolo\u010dnosti + pre inici\u00e1ciu komunik\u00e1cie so zdravotn\u00fdmi<br>pois\u0165ov\u0148ami.<\/li>\n\n\n\n<li>SSAKI sa pridala k\u00a024 odborn\u00fdm spolo\u010dnostiam a\u00a0vyjadrila nes\u00fahlas s\u00a0di\u0161tancovan\u00edm sa Slovenska<br>od prijat\u00fdch aktualizovan\u00fdch Medzin\u00e1rodn\u00fdch zdravotn\u00edckych predpisov, ktor\u00e9 schv\u00e1lilo 77.Svetov\u00e9<br>zdravotn\u00edckej zhroma\u017edenie (zverejnen\u00e9 na www.ssaki.eu).<\/li>\n\n\n\n<li>P. \u010ci\u017en\u00e1r vypracuje Stanovisko SSAKI k\u00a0pand\u00e9mii COVID-19 (stanovisko bude zverejnen\u00e9 na<br>www.ssaki.eu)<br>III. Term\u00edny odborn\u00fdch akci\u00ed na rok 2024<br>16.8. Zasadnutie v\u00fdboru SSAKI-Malat\u00edny<br>16.8.-17.8. Letn\u00e1 \u0161kola imunol\u00f3gie-Malat\u00edny<br>20.9.-21.9. AIT f\u00f3rum-Donovaly<br>9.10.-12.10. XLI. kongres \u010cSAKI a\u00a0SSAKI &#8211; Hradec Kr\u00e1lov\u00e9<br>22.11.-23.11. Medif\u00f3rum &#8211; Martin<br>6.12. Zasadnutie v\u00fdboru SSAKI-Terchov\u00e1<\/li>\n<\/ol>\n\n\n\n<p>Term\u00edny odborn\u00fdch akci\u00ed na rok 2025<br>14.2.-15.2. Worhshop KIA-Martin<br>14.-15.3. 13. burza imunodeficienci\u00ed &#8211; Vr\u0161atec<br>2.4.-4.4. Martinsk\u00e9 dni imunol\u00f3gie &#8211; Martin<br>23.4. Symp\u00f3zium o&nbsp;prim\u00e1rnych imunodeficienci\u00e1ch &#8211; Bratislava<br>13.-16.6. Kongres EAACI \u2013 Glasgow (\u0160k\u00f3tsko, UK)<br>22.-25.10. XLII. kongres SSAKI a&nbsp;\u010cSAKI, Vysok\u00e9 Tatry<\/p>\n\n\n\n<p>Zap\u00edsala M. Schvalbov\u00e1<br>Korigoval M. Jese\u0148\u00e1k<\/p>\n\r\n","protected":false},"excerpt":{"rendered":"<p>Z\u00e1pisnica zo zasadnutia V\u00fdboru SSAKI a\u00a0Poradn\u00e9ho zboru hlavn\u00e9ho odborn\u00edka MZ SR 21.6.2024, Liptovsk\u00fd Hr\u00e1dok Pr\u00edtomn\u00ed: \u010ci\u017en\u00e1r, Hadvabov\u00e1,, Hochmuth, Hrubi\u0161ko, Jese\u0148\u00e1k, Ko\u0161turiak, Koss\u00e1rov\u00e1,Lap\u0161ansk\u00e1, Mikler, Petriskov\u00e1, Schvalbov\u00e1Ospravedlnen\u00ed: Hlinka, Pru\u017einec, Smie\u0161kov\u00e1 I. Otvorenie zasadnutia a zhrnutie \u010dinnosti&#46;&#46;&#46;<\/p>\n","protected":false},"author":1,"featured_media":0,"parent":19,"menu_order":0,"comment_status":"closed","ping_status":"closed","template":"","meta":{"footnotes":""},"class_list":["post-3916694","page","type-page","status-publish","hentry"],"yoast_head":"<!-- This site is optimized with the Yoast SEO plugin v27.5 - https:\/\/yoast.com\/product\/yoast-seo-wordpress\/ -->\n<title>Zo z\u00e1pisnice z 21.6.2024 - Slovensk\u00e1 spolo\u010dnos\u0165 alergol\u00f3gie a klinickej imunol\u00f3gie<\/title>\n<meta name=\"description\" content=\"Sme odborn\u00e1 splo\u010dnos\u0165, ktor\u00e1 zdru\u017euje klinick\u00fdch imunol\u00f3gov a alergol\u00f3gov, ako aj in\u00fdch odborn\u00edkov so z\u00e1ujmom o tento odbor. Na\u0161a spolo\u010dnos\u0165 je hlavn\u00fdm organiz\u00e1torom kontunu\u00e1lneho vzdel\u00e1vania v tomto odbore na Slovensku.\" \/>\n<meta name=\"robots\" content=\"index, follow, max-snippet:-1, max-image-preview:large, max-video-preview:-1\" \/>\n<link rel=\"canonical\" href=\"https:\/\/www.ssaki.eu\/?page_id=3916694\" \/>\n<meta property=\"og:locale\" content=\"sk_SK\" \/>\n<meta property=\"og:type\" content=\"article\" \/>\n<meta property=\"og:title\" content=\"Zo z\u00e1pisnice z 21.6.2024 - Slovensk\u00e1 spolo\u010dnos\u0165 alergol\u00f3gie a klinickej imunol\u00f3gie\" \/>\n<meta property=\"og:description\" content=\"Sme odborn\u00e1 splo\u010dnos\u0165, ktor\u00e1 zdru\u017euje klinick\u00fdch imunol\u00f3gov a alergol\u00f3gov, ako aj in\u00fdch odborn\u00edkov so z\u00e1ujmom o tento odbor. Na\u0161a spolo\u010dnos\u0165 je hlavn\u00fdm organiz\u00e1torom kontunu\u00e1lneho vzdel\u00e1vania v tomto odbore na Slovensku.\" \/>\n<meta property=\"og:url\" content=\"https:\/\/www.ssaki.eu\/?page_id=3916694\" \/>\n<meta property=\"og:site_name\" content=\"Slovensk\u00e1 spolo\u010dnos\u0165 alergol\u00f3gie a klinickej imunol\u00f3gie\" \/>\n<meta property=\"article:publisher\" content=\"https:\/\/www.facebook.com\/alergologoviaimunologoviaSK\" \/>\n<meta property=\"article:modified_time\" content=\"2024-06-24T19:37:54+00:00\" \/>\n<meta property=\"og:image\" content=\"https:\/\/www.ssaki.eu\/wp-content\/uploads\/2021\/01\/STOP_COVID_SSAKI-e1609772027682.png\" \/>\n\t<meta property=\"og:image:width\" content=\"640\" \/>\n\t<meta property=\"og:image:height\" content=\"360\" \/>\n\t<meta property=\"og:image:type\" content=\"image\/png\" \/>\n<meta name=\"twitter:card\" content=\"summary_large_image\" \/>\n<meta name=\"twitter:label1\" content=\"Predpokladan\u00fd \u010das \u010d\u00edtania\" \/>\n\t<meta name=\"twitter:data1\" content=\"3 min\u00faty\" \/>\n<script type=\"application\/ld+json\" class=\"yoast-schema-graph\">{\"@context\":\"https:\\\/\\\/schema.org\",\"@graph\":[{\"@type\":[\"WebPage\",\"MedicalWebPage\"],\"@id\":\"https:\\\/\\\/www.ssaki.eu\\\/?page_id=3916694\",\"url\":\"https:\\\/\\\/www.ssaki.eu\\\/?page_id=3916694\",\"name\":\"Zo z\u00e1pisnice z 21.6.2024 - Slovensk\u00e1 spolo\u010dnos\u0165 alergol\u00f3gie a klinickej imunol\u00f3gie\",\"isPartOf\":{\"@id\":\"https:\\\/\\\/www.ssaki.eu\\\/#website\"},\"datePublished\":\"2024-06-24T19:34:41+00:00\",\"dateModified\":\"2024-06-24T19:37:54+00:00\",\"description\":\"Sme odborn\u00e1 splo\u010dnos\u0165, ktor\u00e1 zdru\u017euje klinick\u00fdch imunol\u00f3gov a alergol\u00f3gov, ako aj in\u00fdch odborn\u00edkov so z\u00e1ujmom o tento odbor. Na\u0161a spolo\u010dnos\u0165 je hlavn\u00fdm organiz\u00e1torom kontunu\u00e1lneho vzdel\u00e1vania v tomto odbore na Slovensku.\",\"breadcrumb\":{\"@id\":\"https:\\\/\\\/www.ssaki.eu\\\/?page_id=3916694#breadcrumb\"},\"inLanguage\":\"sk-SK\",\"potentialAction\":[{\"@type\":\"ReadAction\",\"target\":[\"https:\\\/\\\/www.ssaki.eu\\\/?page_id=3916694\"]}]},{\"@type\":\"BreadcrumbList\",\"@id\":\"https:\\\/\\\/www.ssaki.eu\\\/?page_id=3916694#breadcrumb\",\"itemListElement\":[{\"@type\":\"ListItem\",\"position\":1,\"name\":\"Domovsk\u00e1 str\u00e1nka\",\"item\":\"https:\\\/\\\/www.ssaki.eu\\\/\"},{\"@type\":\"ListItem\",\"position\":2,\"name\":\"V\u00fdbor spolo\u010dnosti\",\"item\":\"https:\\\/\\\/www.ssaki.eu\\\/?page_id=11\"},{\"@type\":\"ListItem\",\"position\":3,\"name\":\"Zo z\u00e1pisn\u00edc\",\"item\":\"https:\\\/\\\/www.ssaki.eu\\\/?page_id=19\"},{\"@type\":\"ListItem\",\"position\":4,\"name\":\"Zo z\u00e1pisnice z 21.6.2024\"}]},{\"@type\":\"WebSite\",\"@id\":\"https:\\\/\\\/www.ssaki.eu\\\/#website\",\"url\":\"https:\\\/\\\/www.ssaki.eu\\\/\",\"name\":\"Slovensk\u00e1 spolo\u010dnos\u0165 alergol\u00f3gie a klinickej imunol\u00f3gie\",\"description\":\"\",\"publisher\":{\"@id\":\"https:\\\/\\\/www.ssaki.eu\\\/#organization\"},\"potentialAction\":[{\"@type\":\"SearchAction\",\"target\":{\"@type\":\"EntryPoint\",\"urlTemplate\":\"https:\\\/\\\/www.ssaki.eu\\\/?s={search_term_string}\"},\"query-input\":{\"@type\":\"PropertyValueSpecification\",\"valueRequired\":true,\"valueName\":\"search_term_string\"}}],\"inLanguage\":\"sk-SK\"},{\"@type\":\"Organization\",\"@id\":\"https:\\\/\\\/www.ssaki.eu\\\/#organization\",\"name\":\"Slovensk\u00e1 spolo\u010dnos\u0165 alergol\u00f3gie a klinickej imunol\u00f3gie\",\"url\":\"https:\\\/\\\/www.ssaki.eu\\\/\",\"logo\":{\"@type\":\"ImageObject\",\"inLanguage\":\"sk-SK\",\"@id\":\"https:\\\/\\\/www.ssaki.eu\\\/#\\\/schema\\\/logo\\\/image\\\/\",\"url\":\"https:\\\/\\\/www.ssaki.eu\\\/wp-content\\\/uploads\\\/2021\\\/01\\\/LOGO-1.png\",\"contentUrl\":\"https:\\\/\\\/www.ssaki.eu\\\/wp-content\\\/uploads\\\/2021\\\/01\\\/LOGO-1.png\",\"width\":1280,\"height\":720,\"caption\":\"Slovensk\u00e1 spolo\u010dnos\u0165 alergol\u00f3gie a klinickej imunol\u00f3gie\"},\"image\":{\"@id\":\"https:\\\/\\\/www.ssaki.eu\\\/#\\\/schema\\\/logo\\\/image\\\/\"},\"sameAs\":[\"https:\\\/\\\/www.facebook.com\\\/alergologoviaimunologoviaSK\"]}]}<\/script>\n<!-- \/ Yoast SEO plugin. -->","yoast_head_json":{"title":"Zo z\u00e1pisnice z 21.6.2024 - Slovensk\u00e1 spolo\u010dnos\u0165 alergol\u00f3gie a klinickej imunol\u00f3gie","description":"Sme odborn\u00e1 splo\u010dnos\u0165, ktor\u00e1 zdru\u017euje klinick\u00fdch imunol\u00f3gov a alergol\u00f3gov, ako aj in\u00fdch odborn\u00edkov so z\u00e1ujmom o tento odbor. Na\u0161a spolo\u010dnos\u0165 je hlavn\u00fdm organiz\u00e1torom kontunu\u00e1lneho vzdel\u00e1vania v tomto odbore na Slovensku.","robots":{"index":"index","follow":"follow","max-snippet":"max-snippet:-1","max-image-preview":"max-image-preview:large","max-video-preview":"max-video-preview:-1"},"canonical":"https:\/\/www.ssaki.eu\/?page_id=3916694","og_locale":"sk_SK","og_type":"article","og_title":"Zo z\u00e1pisnice z 21.6.2024 - Slovensk\u00e1 spolo\u010dnos\u0165 alergol\u00f3gie a klinickej imunol\u00f3gie","og_description":"Sme odborn\u00e1 splo\u010dnos\u0165, ktor\u00e1 zdru\u017euje klinick\u00fdch imunol\u00f3gov a alergol\u00f3gov, ako aj in\u00fdch odborn\u00edkov so z\u00e1ujmom o tento odbor. Na\u0161a spolo\u010dnos\u0165 je hlavn\u00fdm organiz\u00e1torom kontunu\u00e1lneho vzdel\u00e1vania v tomto odbore na Slovensku.","og_url":"https:\/\/www.ssaki.eu\/?page_id=3916694","og_site_name":"Slovensk\u00e1 spolo\u010dnos\u0165 alergol\u00f3gie a klinickej imunol\u00f3gie","article_publisher":"https:\/\/www.facebook.com\/alergologoviaimunologoviaSK","article_modified_time":"2024-06-24T19:37:54+00:00","og_image":[{"width":640,"height":360,"url":"https:\/\/www.ssaki.eu\/wp-content\/uploads\/2021\/01\/STOP_COVID_SSAKI-e1609772027682.png","type":"image\/png"}],"twitter_card":"summary_large_image","twitter_misc":{"Predpokladan\u00fd \u010das \u010d\u00edtania":"3 min\u00faty"},"schema":{"@context":"https:\/\/schema.org","@graph":[{"@type":["WebPage","MedicalWebPage"],"@id":"https:\/\/www.ssaki.eu\/?page_id=3916694","url":"https:\/\/www.ssaki.eu\/?page_id=3916694","name":"Zo z\u00e1pisnice z 21.6.2024 - Slovensk\u00e1 spolo\u010dnos\u0165 alergol\u00f3gie a klinickej imunol\u00f3gie","isPartOf":{"@id":"https:\/\/www.ssaki.eu\/#website"},"datePublished":"2024-06-24T19:34:41+00:00","dateModified":"2024-06-24T19:37:54+00:00","description":"Sme odborn\u00e1 splo\u010dnos\u0165, ktor\u00e1 zdru\u017euje klinick\u00fdch imunol\u00f3gov a alergol\u00f3gov, ako aj in\u00fdch odborn\u00edkov so z\u00e1ujmom o tento odbor. Na\u0161a spolo\u010dnos\u0165 je hlavn\u00fdm organiz\u00e1torom kontunu\u00e1lneho vzdel\u00e1vania v tomto odbore na Slovensku.","breadcrumb":{"@id":"https:\/\/www.ssaki.eu\/?page_id=3916694#breadcrumb"},"inLanguage":"sk-SK","potentialAction":[{"@type":"ReadAction","target":["https:\/\/www.ssaki.eu\/?page_id=3916694"]}]},{"@type":"BreadcrumbList","@id":"https:\/\/www.ssaki.eu\/?page_id=3916694#breadcrumb","itemListElement":[{"@type":"ListItem","position":1,"name":"Domovsk\u00e1 str\u00e1nka","item":"https:\/\/www.ssaki.eu\/"},{"@type":"ListItem","position":2,"name":"V\u00fdbor spolo\u010dnosti","item":"https:\/\/www.ssaki.eu\/?page_id=11"},{"@type":"ListItem","position":3,"name":"Zo z\u00e1pisn\u00edc","item":"https:\/\/www.ssaki.eu\/?page_id=19"},{"@type":"ListItem","position":4,"name":"Zo z\u00e1pisnice z 21.6.2024"}]},{"@type":"WebSite","@id":"https:\/\/www.ssaki.eu\/#website","url":"https:\/\/www.ssaki.eu\/","name":"Slovensk\u00e1 spolo\u010dnos\u0165 alergol\u00f3gie a klinickej imunol\u00f3gie","description":"","publisher":{"@id":"https:\/\/www.ssaki.eu\/#organization"},"potentialAction":[{"@type":"SearchAction","target":{"@type":"EntryPoint","urlTemplate":"https:\/\/www.ssaki.eu\/?s={search_term_string}"},"query-input":{"@type":"PropertyValueSpecification","valueRequired":true,"valueName":"search_term_string"}}],"inLanguage":"sk-SK"},{"@type":"Organization","@id":"https:\/\/www.ssaki.eu\/#organization","name":"Slovensk\u00e1 spolo\u010dnos\u0165 alergol\u00f3gie a klinickej imunol\u00f3gie","url":"https:\/\/www.ssaki.eu\/","logo":{"@type":"ImageObject","inLanguage":"sk-SK","@id":"https:\/\/www.ssaki.eu\/#\/schema\/logo\/image\/","url":"https:\/\/www.ssaki.eu\/wp-content\/uploads\/2021\/01\/LOGO-1.png","contentUrl":"https:\/\/www.ssaki.eu\/wp-content\/uploads\/2021\/01\/LOGO-1.png","width":1280,"height":720,"caption":"Slovensk\u00e1 spolo\u010dnos\u0165 alergol\u00f3gie a klinickej imunol\u00f3gie"},"image":{"@id":"https:\/\/www.ssaki.eu\/#\/schema\/logo\/image\/"},"sameAs":["https:\/\/www.facebook.com\/alergologoviaimunologoviaSK"]}]}},"_links":{"self":[{"href":"https:\/\/www.ssaki.eu\/index.php?rest_route=\/wp\/v2\/pages\/3916694","targetHints":{"allow":["GET"]}}],"collection":[{"href":"https:\/\/www.ssaki.eu\/index.php?rest_route=\/wp\/v2\/pages"}],"about":[{"href":"https:\/\/www.ssaki.eu\/index.php?rest_route=\/wp\/v2\/types\/page"}],"author":[{"embeddable":true,"href":"https:\/\/www.ssaki.eu\/index.php?rest_route=\/wp\/v2\/users\/1"}],"replies":[{"embeddable":true,"href":"https:\/\/www.ssaki.eu\/index.php?rest_route=%2Fwp%2Fv2%2Fcomments&post=3916694"}],"version-history":[{"count":1,"href":"https:\/\/www.ssaki.eu\/index.php?rest_route=\/wp\/v2\/pages\/3916694\/revisions"}],"predecessor-version":[{"id":3916695,"href":"https:\/\/www.ssaki.eu\/index.php?rest_route=\/wp\/v2\/pages\/3916694\/revisions\/3916695"}],"up":[{"embeddable":true,"href":"https:\/\/www.ssaki.eu\/index.php?rest_route=\/wp\/v2\/pages\/19"}],"wp:attachment":[{"href":"https:\/\/www.ssaki.eu\/index.php?rest_route=%2Fwp%2Fv2%2Fmedia&parent=3916694"}],"curies":[{"name":"wp","href":"https:\/\/api.w.org\/{rel}","templated":true}]}}