{"id":3916727,"date":"2024-08-21T22:18:15","date_gmt":"2024-08-21T20:18:15","guid":{"rendered":"https:\/\/www.ssaki.eu\/?page_id=3916727"},"modified":"2024-10-20T00:35:04","modified_gmt":"2024-10-19T22:35:04","slug":"zo-zapisnice-z-16-8-2024","status":"publish","type":"page","link":"https:\/\/www.ssaki.eu\/?page_id=3916727","title":{"rendered":"Zo z\u00e1pisnice z 16.8.2024"},"content":{"rendered":"\n<p><strong>Z\u00e1pisnica zo zasadnutia V\u00fdboru SSAKI a&nbsp;Poradn\u00e9ho zboru hlavn\u00e9ho odborn\u00edka MZ SR<\/strong> <strong>16.8.2024 Malat\u00edny<\/strong><\/p>\n\n\n\n<p>Pr\u00edtomn\u00ed: \u010ci\u017en\u00e1r, Hadvabov\u00e1, Hlinka, Hochmuth, Hrubi\u0161ko, Jese\u0148\u00e1k, Ko\u0161turiak, Koss\u00e1rov\u00e1,<br>Lap\u0161ansk\u00e1, Mikler, Petriskov\u00e1, Pru\u017einec, Schvalbov\u00e1<br>Ospravedlnen\u00ed:&nbsp; Smie\u0161kov\u00e1<\/p>\n\n\n\n<p><strong><em>I. Otvorenie zasadnutia a zhrnutie \u010dinnosti a&nbsp;plnenie \u00faloh medzi zasadnutiami (Jese\u0148\u00e1k, Pru\u017einec<\/em><\/strong>)<\/p>\n\n\n\n<p><strong><em>II. Program zasadnutia<\/em><\/strong><\/p>\n\n\n\n<ol start=\"1\" class=\"wp-block-list\">\n<li>R\u00f4zne\n<ul class=\"wp-block-list\">\n<li>Finaliz\u00e1cia \u0161tandardov AIT prebehne kontinu\u00e1lne pod\u013ea oponent\u00fary \u2013 term\u00edn \u2013 10\/2024, bude publikovan\u00fd v&nbsp;\u010dasopise Klinick\u00e1 imunol\u00f3gia a&nbsp;a alergol\u00f3gia<\/li>\n\n\n\n<li>&nbsp;Pripomienky ku katal\u00f3gu v\u00fdkonov \u2013 frekvencia niektor\u00fdch v\u00fdkonov a&nbsp;nov\u00e9 v\u00fdkony \u2013 berieme na vedomie (Pracovn\u00e1 skupina MZ SR pre KIA)<\/li>\n\n\n\n<li>&nbsp;Zverejnenie nov\u00e9ho linku na str\u00e1nke ssaki.eu \u2013 \u201eA Mission for Vaccination\u201c, ktorej sme ako odborn\u00e1 spolo\u010dnos\u0165 jedn\u00fdm zo signat\u00e1rov<\/li>\n\n\n\n<li>&nbsp;Reflektovali sme na ot\u00e1zky&nbsp; M\u0160 oh\u013eadom dostupnosti adrenal\u00ednov\u00fdch pier&nbsp; v&nbsp;\u0161kolsk\u00fdch a&nbsp;pred\u0161kolsk\u00fdch zariadeniach, v\u00fdbor SSAKI je plne k&nbsp;dispoz\u00edcii pre pokra\u010dovanie rie\u0161enia tohto probl\u00e9mu.<\/li>\n\n\n\n<li>&nbsp;Oslov\u00edme Asoci\u00e1ciu na ochranu pr\u00e1v pacienta oh\u013eadom dostupnosti adrenal\u00ednov\u00fdch pier v&nbsp;pred\u0161kolsk\u00fdch a&nbsp;\u0161kolsk\u00fdch zariadeniach \u2013 term\u00edn 9\/2024.<\/li>\n\n\n\n<li>&nbsp;V\u00fdbor sa vyjadril k&nbsp;\u017eiadostiam zo strany pediatrov a&nbsp;ev. samotn\u00fdch \u0161kolsk\u00fdch zariaden\u00ed o&nbsp;potvrdenie diagn\u00f3zy pacienta (napr. potravinov\u00e1 alergia) a&nbsp;mo\u017enosti zaradenia do \u0161kolskej doch\u00e1dzky. Neexistuje pre tak\u00e9to potvrdenia legislat\u00edvny r\u00e1mec, odpor\u00fa\u010dame nevyjadrova\u0165 sa k&nbsp;danej &nbsp;problematike \u2013 vyd\u00e1va\u0165 len \u0161tandardn\u00fa lek\u00e1rsku spr\u00e1vu.<\/li>\n\n\n\n<li>&nbsp;\u0160pecializa\u010dn\u00e1 pr\u00edprava v&nbsp;odbore KIA \u2013 n\u00e1vrh pre\u0161iel oponent\u00farou \u2013 novozaraden\u00ed lek\u00e1ri do odboru KIA bud\u00fa v&nbsp;pr\u00edprave v trvan\u00ed 4,5 roka spolu s&nbsp;upraven\u00fdm rozpisom cirkul\u00e1ci\u00ed a&nbsp;povinn\u00fdch \u0161tudijn\u00fdch pobytov.<\/li>\n\n\n\n<li>&nbsp;Inform\u00e1cia k&nbsp;o\u010dkovaniu v&nbsp;lek\u00e1r\u0148ach \u2013 \u010dak\u00e1 sa na zverejnenie n\u00e1plne certifika\u010dn\u00e9ho programu, n\u00e1sledne prebehne akredit\u00e1cia Farmaceutickej fakulty UK pre t\u00fato certifika\u010dn\u00fa \u010dinnos\u0165.<\/li>\n\n\n\n<li>&nbsp;Zmena IO na ICS\/formoterol zatia\u013e nie je mo\u017en\u00e1 z&nbsp;d\u00f4vodu textu SPC dan\u00fdch prepar\u00e1tov. Budeme konzultova\u0165 o&nbsp;mo\u017enostiach rie\u0161enia s&nbsp;pneumologickou spolo\u010dnos\u0165ou<\/li>\n\n\n\n<li>Martin Hrubi\u0161ko vypracuje \u017eiados\u0165 o&nbsp;zmenu indika\u010dn\u00fdch krit\u00e9ri\u00ed na pou\u017e\u00edvanie IKS+LABA pod\u013ea odpor\u00fa\u010dan\u00ed GINA 2024 pre str\u00e1nku na\u0161ej spolo\u010dnosti + pre inici\u00e1ciu komunik\u00e1cie so zdravotn\u00fdmi pois\u0165ov\u0148ami.<\/li>\n\n\n\n<li>Vo\u013eby do v\u00fdboru SSAKI a&nbsp;Dozornej rady prebehn\u00fa v&nbsp;okt\u00f3bri a&nbsp;novembri 2024<\/li>\n<\/ul>\n<\/li>\n\n\n\n<li>&nbsp;Kategoriza\u010dn\u00e9 procesy vybran\u00fdch liekov:\n<ul class=\"wp-block-list\">\n<li>od 1.11.2024 \u00faprava v&nbsp;IO Fassenra \u2013 mo\u017en\u00e9 predp\u00edsa\u0165 aj pacientom, ktor\u00ed nemaj\u00fa dokladovan\u00fa eozinof\u00edliu, ak boli za&nbsp; posledn\u00fd rok na syst\u00e9mov\u00fdch kortikoidoch aspo\u0148 \u00bd roka.<\/li>\n\n\n\n<li>Upravila sa vekov\u00e1 indik\u00e1cia \u2013 lanadelumabu od 2 rokov na z\u00e1klade \u017eiadosti odbornej spolo\u010dnosti.&nbsp;<\/li>\n\n\n\n<li>Bola odoslan\u00e1 \u017eiados\u0165 o&nbsp;kategoriz\u00e1ciu meningokokov\u00fdch vakc\u00edn u&nbsp;indikovan\u00fdch pacientov a&nbsp;\u017eiados\u0165 na kategoriz\u00e1ciu 2 zlo\u017ekovej vakc\u00edny Hiberix pre ur\u010den\u00fa skupinu pacientov.<\/li>\n\n\n\n<li>Po\u0161leme podporn\u00e9 stanovisko k&nbsp;sirupovej forme Rupafinu.<\/li>\n\n\n\n<li>Priprav\u00edme \u017eiados\u0165 na MZ o&nbsp;roz\u0161\u00edrenie kategoriz\u00e1cie pr\u00edpravku Dupilumab pod\u013ea SPC od 6 mesiacov.\n<ul class=\"wp-block-list\">\n<li>Od 1.11.2024 bude Alutard venom dostupn\u00fd na predpis&nbsp; na recept, ako to bolo pred 1.6.2024.<\/li>\n<\/ul>\n<\/li>\n<\/ul>\n<\/li>\n\n\n\n<li>Akad\u00e9mia vzdel\u00e1vania sestier v&nbsp;odbore KIA bude za registra\u010dn\u00fd poplatok, v\u00fdbor ods\u00fahlasil&nbsp; finan\u010dn\u00fa podporu pre pozvan\u00fdch predn\u00e1\u0161aj\u00facich 200 Eur.<\/li>\n\n\n\n<li>Krajsk\u00ed odborn\u00edci \u2013 v\u00fdbor navrhuje krajsk\u00fdch odborn\u00edkov v\u00a0odbore KIA nasledovne: \u00a0Nitra \u2013 S. Hadvabov\u00e1, \u00a0Bansk\u00e1 Bystrica \u2013 E. Balkov\u00e1,\u00a0 Ko\u0161ice &#8211;\u00a0 E. Lojov\u00e1, Bratislava &#8211;\u00a0 K. Koss\u00e1rov\u00e1, \u00a0Pre\u0161ov &#8211; \u00a0E. Lap\u0161ansk\u00e1,\u00a0 Trnava \u2013 A. Zlato\u0161, Tren\u010d\u00edn \u2013 J. Kli\u010dka, \u017dilina \u2013 M. Jese\u0148\u00e1k<\/li>\n\n\n\n<li>V\u00fdbor prediskutoval jednotliv\u00e9 aspekty \u00fa\u010dasti na XLI. Kongrese \u010cSSAKI a&nbsp;SSAKI v&nbsp;Hradci Kr\u00e1lov\u00e9<\/li>\n<\/ol>\n\n\n\n<ol start=\"6\" class=\"wp-block-list\">\n<li>Inform\u00e1cie o&nbsp;XLII. Zjazde slovensk\u00fdch a&nbsp;\u010desk\u00fdch alergol\u00f3gov\n<ul class=\"wp-block-list\">\n<li>d\u00e1tum: 22.-25.10.2025<\/li>\n\n\n\n<li>miesto konania: Grand Hotel Bellevue Vysok\u00e9 Tatry<\/li>\n\n\n\n<li>t\u00e9ma kongresu: Medic\u00edna d\u00f4kazov v&nbsp;klinickej imunol\u00f3gii a&nbsp;alergol\u00f3gii<\/li>\n\n\n\n<li>prezident kongresu: doc. MUDr. Peter \u010ci\u017en\u00e1r, CSc.<\/li>\n\n\n\n<li>Ods\u00fahlasen\u00fd &nbsp;vizu\u00e1l &nbsp;kongresu. V&nbsp;pl\u00e1ne priebeh predn\u00e1\u0161ok s\u00fabe\u017ene v&nbsp;3 s\u00e1lach.<\/li>\n\n\n\n<li>V\u00fdbor SSAKI opakovane &nbsp;schv\u00e1lil, \u017ee zjazd bude po organiza\u010dnej str\u00e1nke kompletne zastre\u0161ova\u0165 agent\u00fara A-medi management s.r.o.<\/li>\n\n\n\n<li>M. Jese\u0148\u00e1k vst\u00fapil do jednania s&nbsp;AIFP oh\u013eadne jasn\u00fdch pravidiel konania vo\u013eno\u010dasov\u00fdch aktiv\u00edt v&nbsp;r\u00e1mci kongresu. AIFP poskytla n\u00e1vod, pod\u013ea ktor\u00e9ho bude v\u00fdbor SSAKI postupova\u0165.&nbsp;&nbsp;<\/li>\n\n\n\n<li>Program zjazdu \u2013 v&nbsp;\u00favodnom symp\u00f3ziu&nbsp; B. Klempa (virol\u00f3g), Prof. Zsolt Sz\u00e9pfalusy&nbsp; (Rak\u00fasko \u2013 expozi\u010dn\u00e9 potravinov\u00e9 testy). Postgradu\u00e1l \u2013 \u201eAktualiz\u00e1cia odpor\u00fa\u010dan\u00ed\u201c &nbsp;(Aktualiz\u00e1cie v&nbsp;lie\u010dbe respira\u010dnej alergie, CSU, Eo ochorenia tr\u00e1viaceho traktu, &nbsp;atopick\u00e1 dermatit\u00edda, CRSwNP, anafylaxia, KPR,&nbsp; HAE, prevent\u00edvna alergol\u00f3gia,&nbsp; EBM pri indik\u00e1cii genetick\u00e9ho vy\u0161etrenia v&nbsp;odbore KIA, imunoglobul\u00ednov\u00e1 lie\u010dba, o\u010dkovanie, laborat. &nbsp;diagnostika alergi\u00ed)<\/li>\n<\/ul>\n<\/li>\n\n\n\n<li>Varia<\/li>\n<\/ol>\n\n\n\n<p><strong><em>III. Term\u00edny odborn\u00fdch akci\u00ed na rok 2024<\/em><\/strong><\/p>\n\n\n\n<p><strong>Rok 2024:<\/strong><\/p>\n\n\n\n<div class=\"wp-block-group is-vertical is-layout-flex wp-container-core-group-is-layout-8cf370e7 wp-block-group-is-layout-flex\">\n<p>20.9.-21.9. &nbsp;&nbsp;&nbsp;&nbsp;&nbsp;&nbsp; AIT f\u00f3rum \u2013 T\u00e1le<\/p>\n\n\n\n<p>9.10.-12.10. &nbsp;&nbsp;&nbsp;&nbsp; XLI. kongres \u010cSAKI a&nbsp;SSAKI \u2013 Hradec Kr\u00e1lov\u00e9<\/p>\n\n\n\n<p>22.11.-23.11. &nbsp;&nbsp; Medif\u00f3rum \u2013 Doln\u00fd Kub\u00edn<\/p>\n\n\n\n<p>28.11.-29.11. &nbsp; F\u00f3rum imunodeficienci\u00ed \u2013 Ko\u0161ice<\/p>\n\n\n\n<p>5.12.-7.12.&nbsp;&nbsp;&nbsp;&nbsp;&nbsp;&nbsp;&nbsp;&nbsp; Zasadnutie novozvolen\u00e9ho v\u00fdboru SSAKI \u2013 Terchov\u00e1<\/p>\n<\/div>\n\n\n\n<p><strong>Rok 2025<\/strong><\/p>\n\n\n\n<div class=\"wp-block-group is-vertical is-layout-flex wp-container-core-group-is-layout-8cf370e7 wp-block-group-is-layout-flex\">\n<p>14.2.-15.2.&nbsp;&nbsp;&nbsp;&nbsp;&nbsp;&nbsp;&nbsp;&nbsp; Workshop KIA-Martin<\/p>\n\n\n\n<p>14.3.-15.3. &nbsp;&nbsp;&nbsp;&nbsp;&nbsp;&nbsp;&nbsp; 13. burza imunodeficienci\u00ed \u2013 Vr\u0161atec<\/p>\n\n\n\n<p>2.4.-4.4. &nbsp;&nbsp;&nbsp;&nbsp;&nbsp;&nbsp;&nbsp;&nbsp;&nbsp;&nbsp;&nbsp; Martinsk\u00e9 dni imunol\u00f3gie \u2013 Martin<\/p>\n\n\n\n<p>23.4. &nbsp;&nbsp;&nbsp;&nbsp;&nbsp;&nbsp;&nbsp;&nbsp;&nbsp;&nbsp;&nbsp;&nbsp;&nbsp;&nbsp;&nbsp;&nbsp;&nbsp;&nbsp;&nbsp; Symp\u00f3zium o&nbsp;prim\u00e1rnych imunodeficienci\u00e1ch \u2013 Bratislava<\/p>\n\n\n\n<p>13.-16.6. &nbsp;&nbsp;&nbsp;&nbsp;&nbsp;&nbsp;&nbsp;&nbsp;&nbsp;&nbsp;&nbsp; Kongres EAACI \u2013 Glasgow (\u0160k\u00f3tsko, UK)<\/p>\n\n\n\n<p>22.-25.10. &nbsp;&nbsp;&nbsp;&nbsp;&nbsp;&nbsp;&nbsp;&nbsp; XLII. kongres SSAKI a&nbsp;\u010cSAKI, Vysok\u00e9 Tatry<\/p>\n<\/div>\n\n\n\n<div class=\"wp-block-group is-vertical is-layout-flex wp-container-core-group-is-layout-8cf370e7 wp-block-group-is-layout-flex\">\n<p>Zap\u00edsala M. Schvalbov\u00e1. S. Hadvabov\u00e1<\/p>\n\n\n\n<p>Korigoval M. Jese\u0148\u00e1k<\/p>\n<\/div>\n","protected":false},"excerpt":{"rendered":"<p>Z\u00e1pisnica zo zasadnutia V\u00fdboru SSAKI a&nbsp;Poradn\u00e9ho zboru hlavn\u00e9ho odborn\u00edka MZ SR 16.8.2024 Malat\u00edny Pr\u00edtomn\u00ed: \u010ci\u017en\u00e1r, Hadvabov\u00e1, Hlinka, Hochmuth, Hrubi\u0161ko, Jese\u0148\u00e1k, Ko\u0161turiak, Koss\u00e1rov\u00e1,Lap\u0161ansk\u00e1, Mikler, Petriskov\u00e1, Pru\u017einec, Schvalbov\u00e1Ospravedlnen\u00ed:&nbsp; Smie\u0161kov\u00e1 I. Otvorenie zasadnutia a zhrnutie \u010dinnosti a&nbsp;plnenie&#46;&#46;&#46;<\/p>\n","protected":false},"author":1,"featured_media":0,"parent":0,"menu_order":0,"comment_status":"closed","ping_status":"closed","template":"","meta":{"footnotes":""},"class_list":["post-3916727","page","type-page","status-publish","hentry"],"yoast_head":"<!-- This site is optimized with the Yoast SEO plugin v27.4 - https:\/\/yoast.com\/product\/yoast-seo-wordpress\/ -->\n<title>Zo z\u00e1pisnice z 16.8.2024 - Slovensk\u00e1 spolo\u010dnos\u0165 alergol\u00f3gie a klinickej imunol\u00f3gie<\/title>\n<meta name=\"description\" content=\"Sme odborn\u00e1 splo\u010dnos\u0165, ktor\u00e1 zdru\u017euje klinick\u00fdch imunol\u00f3gov a alergol\u00f3gov, ako aj in\u00fdch odborn\u00edkov so z\u00e1ujmom o tento odbor. Na\u0161a spolo\u010dnos\u0165 je hlavn\u00fdm organiz\u00e1torom kontunu\u00e1lneho vzdel\u00e1vania v tomto odbore na Slovensku.\" \/>\n<meta name=\"robots\" content=\"index, follow, max-snippet:-1, max-image-preview:large, max-video-preview:-1\" \/>\n<link rel=\"canonical\" href=\"https:\/\/www.ssaki.eu\/?page_id=3916727\" \/>\n<meta property=\"og:locale\" content=\"sk_SK\" \/>\n<meta property=\"og:type\" content=\"article\" \/>\n<meta property=\"og:title\" content=\"Zo z\u00e1pisnice z 16.8.2024 - Slovensk\u00e1 spolo\u010dnos\u0165 alergol\u00f3gie a klinickej imunol\u00f3gie\" \/>\n<meta property=\"og:description\" content=\"Sme odborn\u00e1 splo\u010dnos\u0165, ktor\u00e1 zdru\u017euje klinick\u00fdch imunol\u00f3gov a alergol\u00f3gov, ako aj in\u00fdch odborn\u00edkov so z\u00e1ujmom o tento odbor. Na\u0161a spolo\u010dnos\u0165 je hlavn\u00fdm organiz\u00e1torom kontunu\u00e1lneho vzdel\u00e1vania v tomto odbore na Slovensku.\" \/>\n<meta property=\"og:url\" content=\"https:\/\/www.ssaki.eu\/?page_id=3916727\" \/>\n<meta property=\"og:site_name\" content=\"Slovensk\u00e1 spolo\u010dnos\u0165 alergol\u00f3gie a klinickej imunol\u00f3gie\" \/>\n<meta property=\"article:publisher\" content=\"https:\/\/www.facebook.com\/alergologoviaimunologoviaSK\" \/>\n<meta property=\"article:modified_time\" content=\"2024-10-19T22:35:04+00:00\" \/>\n<meta property=\"og:image\" content=\"https:\/\/www.ssaki.eu\/wp-content\/uploads\/2021\/01\/STOP_COVID_SSAKI-e1609772027682.png\" \/>\n\t<meta property=\"og:image:width\" content=\"640\" \/>\n\t<meta property=\"og:image:height\" content=\"360\" \/>\n\t<meta property=\"og:image:type\" content=\"image\/png\" \/>\n<meta name=\"twitter:card\" content=\"summary_large_image\" \/>\n<meta name=\"twitter:label1\" content=\"Predpokladan\u00fd \u010das \u010d\u00edtania\" \/>\n\t<meta name=\"twitter:data1\" content=\"4 min\u00faty\" \/>\n<script type=\"application\/ld+json\" class=\"yoast-schema-graph\">{\"@context\":\"https:\\\/\\\/schema.org\",\"@graph\":[{\"@type\":[\"WebPage\",\"MedicalWebPage\"],\"@id\":\"https:\\\/\\\/www.ssaki.eu\\\/?page_id=3916727\",\"url\":\"https:\\\/\\\/www.ssaki.eu\\\/?page_id=3916727\",\"name\":\"Zo z\u00e1pisnice z 16.8.2024 - Slovensk\u00e1 spolo\u010dnos\u0165 alergol\u00f3gie a klinickej imunol\u00f3gie\",\"isPartOf\":{\"@id\":\"https:\\\/\\\/www.ssaki.eu\\\/#website\"},\"datePublished\":\"2024-08-21T20:18:15+00:00\",\"dateModified\":\"2024-10-19T22:35:04+00:00\",\"description\":\"Sme odborn\u00e1 splo\u010dnos\u0165, ktor\u00e1 zdru\u017euje klinick\u00fdch imunol\u00f3gov a alergol\u00f3gov, ako aj in\u00fdch odborn\u00edkov so z\u00e1ujmom o tento odbor. Na\u0161a spolo\u010dnos\u0165 je hlavn\u00fdm organiz\u00e1torom kontunu\u00e1lneho vzdel\u00e1vania v tomto odbore na Slovensku.\",\"breadcrumb\":{\"@id\":\"https:\\\/\\\/www.ssaki.eu\\\/?page_id=3916727#breadcrumb\"},\"inLanguage\":\"sk-SK\",\"potentialAction\":[{\"@type\":\"ReadAction\",\"target\":[\"https:\\\/\\\/www.ssaki.eu\\\/?page_id=3916727\"]}]},{\"@type\":\"BreadcrumbList\",\"@id\":\"https:\\\/\\\/www.ssaki.eu\\\/?page_id=3916727#breadcrumb\",\"itemListElement\":[{\"@type\":\"ListItem\",\"position\":1,\"name\":\"Domovsk\u00e1 str\u00e1nka\",\"item\":\"https:\\\/\\\/www.ssaki.eu\\\/\"},{\"@type\":\"ListItem\",\"position\":2,\"name\":\"Zo z\u00e1pisnice z 16.8.2024\"}]},{\"@type\":\"WebSite\",\"@id\":\"https:\\\/\\\/www.ssaki.eu\\\/#website\",\"url\":\"https:\\\/\\\/www.ssaki.eu\\\/\",\"name\":\"Slovensk\u00e1 spolo\u010dnos\u0165 alergol\u00f3gie a klinickej imunol\u00f3gie\",\"description\":\"\",\"publisher\":{\"@id\":\"https:\\\/\\\/www.ssaki.eu\\\/#organization\"},\"potentialAction\":[{\"@type\":\"SearchAction\",\"target\":{\"@type\":\"EntryPoint\",\"urlTemplate\":\"https:\\\/\\\/www.ssaki.eu\\\/?s={search_term_string}\"},\"query-input\":{\"@type\":\"PropertyValueSpecification\",\"valueRequired\":true,\"valueName\":\"search_term_string\"}}],\"inLanguage\":\"sk-SK\"},{\"@type\":\"Organization\",\"@id\":\"https:\\\/\\\/www.ssaki.eu\\\/#organization\",\"name\":\"Slovensk\u00e1 spolo\u010dnos\u0165 alergol\u00f3gie a klinickej imunol\u00f3gie\",\"url\":\"https:\\\/\\\/www.ssaki.eu\\\/\",\"logo\":{\"@type\":\"ImageObject\",\"inLanguage\":\"sk-SK\",\"@id\":\"https:\\\/\\\/www.ssaki.eu\\\/#\\\/schema\\\/logo\\\/image\\\/\",\"url\":\"https:\\\/\\\/www.ssaki.eu\\\/wp-content\\\/uploads\\\/2021\\\/01\\\/LOGO-1.png\",\"contentUrl\":\"https:\\\/\\\/www.ssaki.eu\\\/wp-content\\\/uploads\\\/2021\\\/01\\\/LOGO-1.png\",\"width\":1280,\"height\":720,\"caption\":\"Slovensk\u00e1 spolo\u010dnos\u0165 alergol\u00f3gie a klinickej imunol\u00f3gie\"},\"image\":{\"@id\":\"https:\\\/\\\/www.ssaki.eu\\\/#\\\/schema\\\/logo\\\/image\\\/\"},\"sameAs\":[\"https:\\\/\\\/www.facebook.com\\\/alergologoviaimunologoviaSK\"]}]}<\/script>\n<!-- \/ Yoast SEO plugin. -->","yoast_head_json":{"title":"Zo z\u00e1pisnice z 16.8.2024 - Slovensk\u00e1 spolo\u010dnos\u0165 alergol\u00f3gie a klinickej imunol\u00f3gie","description":"Sme odborn\u00e1 splo\u010dnos\u0165, ktor\u00e1 zdru\u017euje klinick\u00fdch imunol\u00f3gov a alergol\u00f3gov, ako aj in\u00fdch odborn\u00edkov so z\u00e1ujmom o tento odbor. Na\u0161a spolo\u010dnos\u0165 je hlavn\u00fdm organiz\u00e1torom kontunu\u00e1lneho vzdel\u00e1vania v tomto odbore na Slovensku.","robots":{"index":"index","follow":"follow","max-snippet":"max-snippet:-1","max-image-preview":"max-image-preview:large","max-video-preview":"max-video-preview:-1"},"canonical":"https:\/\/www.ssaki.eu\/?page_id=3916727","og_locale":"sk_SK","og_type":"article","og_title":"Zo z\u00e1pisnice z 16.8.2024 - Slovensk\u00e1 spolo\u010dnos\u0165 alergol\u00f3gie a klinickej imunol\u00f3gie","og_description":"Sme odborn\u00e1 splo\u010dnos\u0165, ktor\u00e1 zdru\u017euje klinick\u00fdch imunol\u00f3gov a alergol\u00f3gov, ako aj in\u00fdch odborn\u00edkov so z\u00e1ujmom o tento odbor. Na\u0161a spolo\u010dnos\u0165 je hlavn\u00fdm organiz\u00e1torom kontunu\u00e1lneho vzdel\u00e1vania v tomto odbore na Slovensku.","og_url":"https:\/\/www.ssaki.eu\/?page_id=3916727","og_site_name":"Slovensk\u00e1 spolo\u010dnos\u0165 alergol\u00f3gie a klinickej imunol\u00f3gie","article_publisher":"https:\/\/www.facebook.com\/alergologoviaimunologoviaSK","article_modified_time":"2024-10-19T22:35:04+00:00","og_image":[{"width":640,"height":360,"url":"https:\/\/www.ssaki.eu\/wp-content\/uploads\/2021\/01\/STOP_COVID_SSAKI-e1609772027682.png","type":"image\/png"}],"twitter_card":"summary_large_image","twitter_misc":{"Predpokladan\u00fd \u010das \u010d\u00edtania":"4 min\u00faty"},"schema":{"@context":"https:\/\/schema.org","@graph":[{"@type":["WebPage","MedicalWebPage"],"@id":"https:\/\/www.ssaki.eu\/?page_id=3916727","url":"https:\/\/www.ssaki.eu\/?page_id=3916727","name":"Zo z\u00e1pisnice z 16.8.2024 - Slovensk\u00e1 spolo\u010dnos\u0165 alergol\u00f3gie a klinickej imunol\u00f3gie","isPartOf":{"@id":"https:\/\/www.ssaki.eu\/#website"},"datePublished":"2024-08-21T20:18:15+00:00","dateModified":"2024-10-19T22:35:04+00:00","description":"Sme odborn\u00e1 splo\u010dnos\u0165, ktor\u00e1 zdru\u017euje klinick\u00fdch imunol\u00f3gov a alergol\u00f3gov, ako aj in\u00fdch odborn\u00edkov so z\u00e1ujmom o tento odbor. Na\u0161a spolo\u010dnos\u0165 je hlavn\u00fdm organiz\u00e1torom kontunu\u00e1lneho vzdel\u00e1vania v tomto odbore na Slovensku.","breadcrumb":{"@id":"https:\/\/www.ssaki.eu\/?page_id=3916727#breadcrumb"},"inLanguage":"sk-SK","potentialAction":[{"@type":"ReadAction","target":["https:\/\/www.ssaki.eu\/?page_id=3916727"]}]},{"@type":"BreadcrumbList","@id":"https:\/\/www.ssaki.eu\/?page_id=3916727#breadcrumb","itemListElement":[{"@type":"ListItem","position":1,"name":"Domovsk\u00e1 str\u00e1nka","item":"https:\/\/www.ssaki.eu\/"},{"@type":"ListItem","position":2,"name":"Zo z\u00e1pisnice z 16.8.2024"}]},{"@type":"WebSite","@id":"https:\/\/www.ssaki.eu\/#website","url":"https:\/\/www.ssaki.eu\/","name":"Slovensk\u00e1 spolo\u010dnos\u0165 alergol\u00f3gie a klinickej imunol\u00f3gie","description":"","publisher":{"@id":"https:\/\/www.ssaki.eu\/#organization"},"potentialAction":[{"@type":"SearchAction","target":{"@type":"EntryPoint","urlTemplate":"https:\/\/www.ssaki.eu\/?s={search_term_string}"},"query-input":{"@type":"PropertyValueSpecification","valueRequired":true,"valueName":"search_term_string"}}],"inLanguage":"sk-SK"},{"@type":"Organization","@id":"https:\/\/www.ssaki.eu\/#organization","name":"Slovensk\u00e1 spolo\u010dnos\u0165 alergol\u00f3gie a klinickej imunol\u00f3gie","url":"https:\/\/www.ssaki.eu\/","logo":{"@type":"ImageObject","inLanguage":"sk-SK","@id":"https:\/\/www.ssaki.eu\/#\/schema\/logo\/image\/","url":"https:\/\/www.ssaki.eu\/wp-content\/uploads\/2021\/01\/LOGO-1.png","contentUrl":"https:\/\/www.ssaki.eu\/wp-content\/uploads\/2021\/01\/LOGO-1.png","width":1280,"height":720,"caption":"Slovensk\u00e1 spolo\u010dnos\u0165 alergol\u00f3gie a klinickej imunol\u00f3gie"},"image":{"@id":"https:\/\/www.ssaki.eu\/#\/schema\/logo\/image\/"},"sameAs":["https:\/\/www.facebook.com\/alergologoviaimunologoviaSK"]}]}},"_links":{"self":[{"href":"https:\/\/www.ssaki.eu\/index.php?rest_route=\/wp\/v2\/pages\/3916727","targetHints":{"allow":["GET"]}}],"collection":[{"href":"https:\/\/www.ssaki.eu\/index.php?rest_route=\/wp\/v2\/pages"}],"about":[{"href":"https:\/\/www.ssaki.eu\/index.php?rest_route=\/wp\/v2\/types\/page"}],"author":[{"embeddable":true,"href":"https:\/\/www.ssaki.eu\/index.php?rest_route=\/wp\/v2\/users\/1"}],"replies":[{"embeddable":true,"href":"https:\/\/www.ssaki.eu\/index.php?rest_route=%2Fwp%2Fv2%2Fcomments&post=3916727"}],"version-history":[{"count":2,"href":"https:\/\/www.ssaki.eu\/index.php?rest_route=\/wp\/v2\/pages\/3916727\/revisions"}],"predecessor-version":[{"id":3916799,"href":"https:\/\/www.ssaki.eu\/index.php?rest_route=\/wp\/v2\/pages\/3916727\/revisions\/3916799"}],"wp:attachment":[{"href":"https:\/\/www.ssaki.eu\/index.php?rest_route=%2Fwp%2Fv2%2Fmedia&parent=3916727"}],"curies":[{"name":"wp","href":"https:\/\/api.w.org\/{rel}","templated":true}]}}