{"id":3916958,"date":"2025-03-15T23:56:49","date_gmt":"2025-03-15T21:56:49","guid":{"rendered":"https:\/\/www.ssaki.eu\/?page_id=3916958"},"modified":"2025-03-15T23:56:51","modified_gmt":"2025-03-15T21:56:51","slug":"zo-zapisnice-z-14-3-2025","status":"publish","type":"page","link":"https:\/\/www.ssaki.eu\/?page_id=3916958","title":{"rendered":"Zo z\u00e1pisnice z 14.3.2025"},"content":{"rendered":"\n<p><strong>Z\u00e1pisnica zo zasadnutia v\u00fdboru SSAKI<\/strong> <strong>a\u00a0poradn\u00e9ho zboru hlavn\u00e9ho odborn\u00edka MZ SR<\/strong> <strong>14.3.2025, Vr\u0161atsk\u00e9 podhradie<\/strong><\/p>\n\n\n\n<p><strong>Pr\u00edtomn\u00ed:<\/strong>&nbsp; Bob\u010d\u00e1kov\u00e1, \u010ci\u017en\u00e1r, Hadvabov\u00e1, Hasi\u010dov\u00e1, Hrubi\u0161ko, Jese\u0148\u00e1k, Ko\u0161turiak, Petriskov\u00e1, Pru\u017einec,&nbsp;<\/p>\n\n\n\n<p><strong>Ospravedlnen\u00ed: <\/strong>Balkov\u00e1, Hlinka, Smie\u0161kov\u00e1, Schvalbov\u00e1, Rennerov\u00e1<\/p>\n\n\n\n<ol style=\"list-style-type:upper-roman\" class=\"wp-block-list\">\n<li><strong>Otvorenie zasadnutia a zhrnutie \u010dinnosti medzi zasadnutiami (Jese\u0148\u00e1k, Pru\u017einec)<\/strong><\/li>\n\n\n\n<li><strong>Program zasadnutia<\/strong><\/li>\n<\/ol>\n\n\n\n<p><strong>1. Pr\u00edprava XLII. zjazdu SSAKI a&nbsp;\u010cSAKI 22.10.-25.10.2025 \u2013 Grand hotel&nbsp;Bellevue \u2013 Horn\u00fd Smokovec \u2013 Vysok\u00e9 Tatry<\/strong><\/p>\n\n\n\n<p>V\u00fdbor SSAKI sa venoval pr\u00edprave odborn\u00e9ho programu kongresu a&nbsp;jeho technicko- organiza\u010dn\u00e9mu zabezpe\u010deniu&nbsp;&nbsp;&nbsp;&nbsp;&nbsp;&nbsp;&nbsp;&nbsp; (informoval Jese\u0148\u00e1k).<\/p>\n\n\n\n<p><strong>T\u00e9ma &nbsp;zjazdu: Medic\u00edna d\u00f4kazov v klinickej imunol\u00f3gii a alergol\u00f3gii<\/strong><\/p>\n\n\n\n<p>Plen\u00e1rne zasadnutie \u2013 streda 22.10. so za\u010diatkom o&nbsp;15:00 hod.<\/p>\n\n\n\n<p><strong>Re\u010dn\u00edci<\/strong>: Panzner Peter, Jese\u0148\u00e1k Milo\u0161, Klempa Boris, Celec Peter<\/p>\n\n\n\n<p>Predbe\u017en\u00fd&nbsp; odborn\u00fd program (nezverejnen\u00e9):<\/p>\n\n\n\n<p><strong>Posterov\u00e1 sekcia<\/strong> formou kr\u00e1tkych 3 min\u00fatov\u00fdch prezent\u00e1ci\u00ed (or\u00e1lna forma \u2013 vybran\u00e9 najlep\u0161ie pr\u00edspevky, ktor\u00e9 nebud\u00fa zahrnut\u00e9 do \u0161tandardn\u00fdch blokov) + prezent\u00e1cia pri obrazovke (po\u010det sekci\u00ed pod\u013ea fin\u00e1lneho po\u010dtu prihl\u00e1sen\u00fdch a&nbsp;n\u00e1sledne akceptovan\u00fdch pr\u00edspevkov)<\/p>\n\n\n\n<p><strong>T\u00e9my kongresu :<\/strong><\/p>\n\n\n\n<p>1. Imunoalergol\u00f3gia v&nbsp;dermatol\u00f3gii (Pru\u017einec)<\/p>\n\n\n\n<p>2. Imunomodul\u00e1cia \u2013 imunointerven\u010dn\u00e1 lie\u010dba (Ko\u0161turiak,&nbsp; Schvalbov\u00e1)<\/p>\n\n\n\n<p>3. O\u010dkovanie a&nbsp;prevencia infekci\u00ed (Jese\u0148\u00e1k)<\/p>\n\n\n\n<p>4. Vroden\u00e9 poruchy imunity (\u010ci\u017en\u00e1r, Jese\u0148\u00e1k)<\/p>\n\n\n\n<p>5. Sekund\u00e1rne imunodeficiencie (Balkov\u00e1,&nbsp; Hlinka)<\/p>\n\n\n\n<p>6. Laborat\u00f3rna diagnostika (Petriskov\u00e1)<\/p>\n\n\n\n<p>7. Transplanta\u010dn\u00e1 imunol\u00f3gia (Petriskov\u00e1)<\/p>\n\n\n\n<p>8. Liekov\u00e1 hypersenzitivita (Smie\u0161kov\u00e1. Hlinka)<\/p>\n\n\n\n<p>9. Potravinov\u00e1 alergia (Rennerov\u00e1, Kossarov\u00e1)<\/p>\n\n\n\n<p>10. Sekcia mlad\u00fdch imunoalergol\u00f3gov (Bob\u010d\u00e1kov\u00e1)<\/p>\n\n\n\n<p>11.Posterov\u00e1 sekcia (or\u00e1lna prezent\u00e1cia) (\u010ci\u017en\u00e1r, Hadvabov\u00e1)<\/p>\n\n\n\n<p>Rennerov\u00e1, Hasi\u010dov\u00e1 + pod\u013ea potreby)<\/p>\n\n\n\n<p>12. Sekcia sestier a&nbsp;zdravotn\u00edckych laborantov (Hadvabov\u00e1, Lap\u0161ansk\u00e1)<\/p>\n\n\n\n<p>13. Respira\u010dn\u00e9 alergie (Hrubi\u0161ko, Rennerov\u00e1)<\/p>\n\n\n\n<p>14. Vybran\u00e9 imunologick\u00e9 a&nbsp;alergologick\u00e9 aspekty gravidity \u2013 doplnen\u00e9 od posledn\u00e9ho zasadnutia (Jese\u0148\u00e1k)<\/p>\n\n\n\n<p><strong>T\u00e9ma postgradu\u00e1lu: &nbsp;Aktu\u00e1lne&nbsp; odpor\u00fa\u010dania a&nbsp;smernice&nbsp; v&nbsp;klinickej imunol\u00f3gii a&nbsp;alergol\u00f3gii<\/strong><\/p>\n\n\n\n<p>T\u00e9my: astma (Hrubi\u0161ko), HEA (Bob\u010d\u00e1kov\u00e1), CSU (Smie\u0161kov\u00e1), PID (\u010ci\u017en\u00e1r), alergick\u00e1 rhinit\u00edda (Schvalbov\u00e1), atopick\u00e1 dermatit\u00edda (Hadvabov\u00e1), o\u010dkovanie (Jese\u0148\u00e1k), AI (Ko\u0161turiak)<\/p>\n\n\n\n<p><strong>\u010cas na prezent\u00e1ciu 10 min\u00fat, \u010das na diskusiu 5 min\u00fat<\/strong><\/p>\n\n\n\n<ul class=\"wp-block-list\">\n<li>Je spusten\u00e1 str\u00e1nka kongresu na registr\u00e1ciu \u2013 odkaz je na str\u00e1nke ssaki.eu: <strong>https:\/\/events.amedi.sk\/sk\/podujatie\/704\/page\/11012<\/strong><\/li>\n\n\n\n<li>A-medi a\u00a0prezident SSAKI oslov\u00ed v\u00fdbory SSAKI a \u010cSAKI na registr\u00e1ciu<\/li>\n<\/ul>\n\n\n\n<p><strong>2.R\u00f4zne<\/strong><\/p>\n\n\n\n<div class=\"wp-block-group\"><div class=\"wp-block-group__inner-container is-layout-constrained wp-block-group-is-layout-constrained\">\n<div class=\"wp-block-group\"><div class=\"wp-block-group__inner-container is-layout-constrained wp-block-group-is-layout-constrained\">\n<ul class=\"wp-block-list\">\n<li>V\u00a0pr\u00edpade po\u017eadovania podpory\/z\u00e1\u0161tity odbornej akcie spolo\u010dnos\u0165ou SSAKI \u017eiadame o\u00a0akt\u00edvnu \u00fa\u010das\u0165 \u010dlena SSAKI resp. \u0161pecialistu z\u00a0n\u00e1\u0161ho odboru na danom podujat\u00ed<\/li>\n\n\n\n<li>\u0161\u00e9fredaktorom \u010dasopisu KIA sa stal Milo\u0161 \u00a0Jese\u0148\u00e1k \u2013 od 2. \u010d\u00edsla r. 2025<\/li>\n\n\n\n<li>E. Balkov\u00e1 sa z\u00fa\u010dastnila ako deleg\u00e1tka SSAKI stredoeur\u00f3pskeho symp\u00f3zia o\u00a0biologickej lie\u010dba AIT astmy v Krakove<\/li>\n\n\n\n<li>Po viacer\u00fdch rokoch p\u00f4sobenia v\u00a0iniciat\u00edve ARIA Martin Hrubi\u0161ko po\u017eiadal o\u00a0ukon\u010denie zastupovania SSAKI v\u00a0tejto iniciat\u00edve, \u010dlenom ost\u00e1va Milo\u0161 Jese\u0148\u00e1k a\u00a0za M. Hrubi\u0161ka bude ako 2 z\u00e1stupca SSAKI iniciat\u00edve navrhnut\u00fd Radovan Ko\u0161turiak.<\/li>\n\n\n\n<li>akad\u00e9mia sestier pokra\u010duje \u2013 1-2x za semester, sestr\u00e1m boli odoslan\u00e9 certifik\u00e1ty za absolvovanie akad\u00e9mie\u00a0 za roky 2022 &#8211; 2024 (Hadvabov\u00e1)<\/li>\n\n\n\n<li>n\u00e1vrh ocenen\u00ed jubiluj\u00facich \u010dlenov SSAKI na rok 2025 (Schvalbov\u00e1)<\/li>\n\n\n\n<li>Messia Ljublana \u00a0-15.-17.4.2026-predbe\u017en\u00fd n\u00e1vrh akt\u00edvnych \u00fa\u010dastn\u00edkov<\/li>\n\n\n\n<li>Poda\u0165 \u017eiados\u0165 o\u00a0zmenu IO kombin\u00e1cie ICS\/LABA na MZ SR (ope\u010diatkovan\u00e9 pe\u010diatkou v\u00fdboru SSAKI) (Hrubi\u0161ko)<\/li>\n\n\n\n<li>Schv\u00e1len\u00e9 stanovisko na \u00fahradu pom\u00f4cok na pod\u00e1vanie fSCIg kategoriza\u010dnou komisiou (Hrubi\u0161ko)<\/li>\n\n\n\n<li>Pr\u00edprava listu na MZ so \u017eiados\u0165ou na\u00a0 za\u010datie procesu \u00a0\u00fahradu pumpy ako zdravotn\u00edckej pom\u00f4cky (zaradenie do kateg\u00f3rie hraden\u00fdch zdravotn\u00edckych pom\u00f4cok) na aplik\u00e1ciu SCIg \u00a0\u00a0\u00a0\u00a0\u00a0\u00a0\u00a0\u00a0\u00a0\u00a0\u00a0\u00a0\u00a0\u00a0\u00a0\u00a0\u00a0\u00a0( \u010ci\u017en\u00e1r)<\/li>\n<\/ul>\n<\/div><\/div>\n<\/div><\/div>\n\n\n\n<p><strong>3. Term\u00edny odborn\u00fdch podujat\u00ed na rok 2025:<\/strong><\/p>\n\n\n\n<div class=\"wp-block-group\"><div class=\"wp-block-group__inner-container is-layout-constrained wp-block-group-is-layout-constrained\">\n<p>2.4. &#8211; 4.4. \u00a0\u00a0\u00a0\u00a0\u00a0\u00a0\u00a0\u00a0 Martinsk\u00e9 dni imunol\u00f3gie \u2013 Martin<\/p>\n\n\n\n<p>16.5. &#8211; 17.5.\u00a0\u00a0\u00a0\u00a0\u00a0Setk\u00e1n\u00ed l\u00e9ka\u0159\u016f \u010cR a\u00a0SR v Litomy\u0161li<\/p>\n\n\n\n<p>22.5. &#8211; 24.5.&nbsp;&nbsp;&nbsp;&nbsp; Zasadnutie v\u00fdboru SSAKI \u2013 \u017dilina<\/p>\n\n\n\n<p>30.5. &#8211; 31.5.&nbsp;&nbsp;&nbsp;&nbsp; XXVIII. Ro\u017enovsk\u00e9 dny alergologie a&nbsp;klinick\u00e9 imunologie<\/p>\n\n\n\n<p>13.6. &#8211; 16.6.&nbsp;&nbsp;&nbsp;&nbsp; EAACI Congress \u2013 Glasgow, \u0160k\u00f3tsko<\/p>\n\n\n\n<p>7.8. &#8211;&nbsp; 9.8.&nbsp;&nbsp;&nbsp;&nbsp;&nbsp;&nbsp;&nbsp; Letn\u00e1 \u0161kola imunol\u00f3gie \u2013 Malat\u00edny + zasadnutie V\u00fdboru SSAKI-doplni\u0165<\/p>\n\n\n\n<p>5.9. &#8211; 6.9.&nbsp;&nbsp;&nbsp;&nbsp;&nbsp;&nbsp;&nbsp;&nbsp; Symp\u00f3zium ALK \u2013 T\u00e1le<\/p>\n\n\n\n<p>19.9. &#8211; 20.9.&nbsp;&nbsp;&nbsp;&nbsp; AIT f\u00f3rum \u2013 Donovaly<\/p>\n\n\n\n<p>27.9. &#8211;&nbsp; 30.9.&nbsp;&nbsp;&nbsp;&nbsp;ERS \u2013 Amsterdam<\/p>\n\n\n\n<p>22.10. &#8211; 25.10. XLII. kongres SSAKI a&nbsp;\u010cSAKI \u2013 Vysok\u00e9 Tatry<\/p>\n\n\n\n<p>7.11. &#8211; 8.11.&nbsp;&nbsp;&nbsp;&nbsp; Medif\u00f3rum \u2013 Doln\u00fd Kub\u00edn<\/p>\n\n\n\n<p>27.11. &#8211; 28.11. F\u00f3rum imunodeficienci\u00ed \u2013 Ko\u0161ice<\/p>\n\n\n\n<p>4.12.-5.12.&nbsp;&nbsp;&nbsp;&nbsp;&nbsp;&nbsp; Zasadnutie V\u00fdboru SSAKI<\/p>\n\n\n\n<p><strong>4.Term\u00edny odborn\u00fdch podujat\u00ed na rok 2026:<\/strong><\/p>\n\n\n\n<p>15.4. &#8211; 17.4. 2026&nbsp;&nbsp;&nbsp;&nbsp;&nbsp;&nbsp;&nbsp; Martinsk\u00e9 dni imunol\u00f3gie \u2013 Martin<\/p>\n\n\n\n<p>13.3. &#8211; 14.3.2026 &nbsp;&nbsp;&nbsp;&nbsp;&nbsp;&nbsp;&nbsp;&nbsp;Workshop v&nbsp;odbore KIA &#8211; Martin<\/p>\n\n\n\n<p>20.3. &#8211; 21.3.2026 &nbsp;&nbsp;&nbsp;&nbsp;&nbsp;&nbsp;&nbsp;&nbsp;Burza imunodeficienci\u00ed (miesto TBD)<\/p>\n\n\n\n<p>Zap\u00edsala: &nbsp;&nbsp;&nbsp;&nbsp;&nbsp;&nbsp;&nbsp;&nbsp; S. Hadvabov\u00e1<\/p>\n\n\n\n<p>Korigoval: &nbsp;&nbsp;&nbsp;&nbsp;&nbsp;&nbsp; M. Jese\u0148\u00e1k<\/p>\n<\/div><\/div>\n\n\n\n<p><\/p>\n","protected":false},"excerpt":{"rendered":"<p>Z\u00e1pisnica zo zasadnutia v\u00fdboru SSAKI a\u00a0poradn\u00e9ho zboru hlavn\u00e9ho odborn\u00edka MZ SR 14.3.2025, Vr\u0161atsk\u00e9 podhradie Pr\u00edtomn\u00ed:&nbsp; Bob\u010d\u00e1kov\u00e1, \u010ci\u017en\u00e1r, Hadvabov\u00e1, Hasi\u010dov\u00e1, Hrubi\u0161ko, Jese\u0148\u00e1k, Ko\u0161turiak, Petriskov\u00e1, Pru\u017einec,&nbsp; Ospravedlnen\u00ed: Balkov\u00e1, Hlinka, Smie\u0161kov\u00e1, Schvalbov\u00e1, Rennerov\u00e1 1. Pr\u00edprava XLII. zjazdu&#46;&#46;&#46;<\/p>\n","protected":false},"author":1,"featured_media":0,"parent":0,"menu_order":0,"comment_status":"closed","ping_status":"closed","template":"","meta":{"footnotes":""},"class_list":["post-3916958","page","type-page","status-publish","hentry"],"yoast_head":"<!-- This site is optimized with the Yoast SEO plugin v27.4 - https:\/\/yoast.com\/product\/yoast-seo-wordpress\/ -->\n<title>Zo z\u00e1pisnice z 14.3.2025 - Slovensk\u00e1 spolo\u010dnos\u0165 alergol\u00f3gie a klinickej imunol\u00f3gie<\/title>\n<meta name=\"description\" content=\"Sme odborn\u00e1 splo\u010dnos\u0165, ktor\u00e1 zdru\u017euje klinick\u00fdch imunol\u00f3gov a alergol\u00f3gov, ako aj in\u00fdch odborn\u00edkov so z\u00e1ujmom o tento odbor. Na\u0161a spolo\u010dnos\u0165 je hlavn\u00fdm organiz\u00e1torom kontunu\u00e1lneho vzdel\u00e1vania v tomto odbore na Slovensku.\" \/>\n<meta name=\"robots\" content=\"index, follow, max-snippet:-1, max-image-preview:large, max-video-preview:-1\" \/>\n<link rel=\"canonical\" href=\"https:\/\/www.ssaki.eu\/?page_id=3916958\" \/>\n<meta property=\"og:locale\" content=\"sk_SK\" \/>\n<meta property=\"og:type\" content=\"article\" \/>\n<meta property=\"og:title\" content=\"Zo z\u00e1pisnice z 14.3.2025 - Slovensk\u00e1 spolo\u010dnos\u0165 alergol\u00f3gie a klinickej imunol\u00f3gie\" \/>\n<meta property=\"og:description\" content=\"Sme odborn\u00e1 splo\u010dnos\u0165, ktor\u00e1 zdru\u017euje klinick\u00fdch imunol\u00f3gov a alergol\u00f3gov, ako aj in\u00fdch odborn\u00edkov so z\u00e1ujmom o tento odbor. Na\u0161a spolo\u010dnos\u0165 je hlavn\u00fdm organiz\u00e1torom kontunu\u00e1lneho vzdel\u00e1vania v tomto odbore na Slovensku.\" \/>\n<meta property=\"og:url\" content=\"https:\/\/www.ssaki.eu\/?page_id=3916958\" \/>\n<meta property=\"og:site_name\" content=\"Slovensk\u00e1 spolo\u010dnos\u0165 alergol\u00f3gie a klinickej imunol\u00f3gie\" \/>\n<meta property=\"article:publisher\" content=\"https:\/\/www.facebook.com\/alergologoviaimunologoviaSK\" \/>\n<meta property=\"article:modified_time\" content=\"2025-03-15T21:56:51+00:00\" \/>\n<meta property=\"og:image\" content=\"https:\/\/www.ssaki.eu\/wp-content\/uploads\/2021\/01\/STOP_COVID_SSAKI-e1609772027682.png\" \/>\n\t<meta property=\"og:image:width\" content=\"640\" \/>\n\t<meta property=\"og:image:height\" content=\"360\" \/>\n\t<meta property=\"og:image:type\" content=\"image\/png\" \/>\n<meta name=\"twitter:card\" content=\"summary_large_image\" \/>\n<meta name=\"twitter:label1\" content=\"Predpokladan\u00fd \u010das \u010d\u00edtania\" \/>\n\t<meta name=\"twitter:data1\" content=\"4 min\u00faty\" \/>\n<script type=\"application\/ld+json\" class=\"yoast-schema-graph\">{\"@context\":\"https:\\\/\\\/schema.org\",\"@graph\":[{\"@type\":[\"WebPage\",\"MedicalWebPage\"],\"@id\":\"https:\\\/\\\/www.ssaki.eu\\\/?page_id=3916958\",\"url\":\"https:\\\/\\\/www.ssaki.eu\\\/?page_id=3916958\",\"name\":\"Zo z\u00e1pisnice z 14.3.2025 - Slovensk\u00e1 spolo\u010dnos\u0165 alergol\u00f3gie a klinickej imunol\u00f3gie\",\"isPartOf\":{\"@id\":\"https:\\\/\\\/www.ssaki.eu\\\/#website\"},\"datePublished\":\"2025-03-15T21:56:49+00:00\",\"dateModified\":\"2025-03-15T21:56:51+00:00\",\"description\":\"Sme odborn\u00e1 splo\u010dnos\u0165, ktor\u00e1 zdru\u017euje klinick\u00fdch imunol\u00f3gov a alergol\u00f3gov, ako aj in\u00fdch odborn\u00edkov so z\u00e1ujmom o tento odbor. Na\u0161a spolo\u010dnos\u0165 je hlavn\u00fdm organiz\u00e1torom kontunu\u00e1lneho vzdel\u00e1vania v tomto odbore na Slovensku.\",\"breadcrumb\":{\"@id\":\"https:\\\/\\\/www.ssaki.eu\\\/?page_id=3916958#breadcrumb\"},\"inLanguage\":\"sk-SK\",\"potentialAction\":[{\"@type\":\"ReadAction\",\"target\":[\"https:\\\/\\\/www.ssaki.eu\\\/?page_id=3916958\"]}]},{\"@type\":\"BreadcrumbList\",\"@id\":\"https:\\\/\\\/www.ssaki.eu\\\/?page_id=3916958#breadcrumb\",\"itemListElement\":[{\"@type\":\"ListItem\",\"position\":1,\"name\":\"Domovsk\u00e1 str\u00e1nka\",\"item\":\"https:\\\/\\\/www.ssaki.eu\\\/\"},{\"@type\":\"ListItem\",\"position\":2,\"name\":\"Zo z\u00e1pisnice z 14.3.2025\"}]},{\"@type\":\"WebSite\",\"@id\":\"https:\\\/\\\/www.ssaki.eu\\\/#website\",\"url\":\"https:\\\/\\\/www.ssaki.eu\\\/\",\"name\":\"Slovensk\u00e1 spolo\u010dnos\u0165 alergol\u00f3gie a klinickej imunol\u00f3gie\",\"description\":\"\",\"publisher\":{\"@id\":\"https:\\\/\\\/www.ssaki.eu\\\/#organization\"},\"potentialAction\":[{\"@type\":\"SearchAction\",\"target\":{\"@type\":\"EntryPoint\",\"urlTemplate\":\"https:\\\/\\\/www.ssaki.eu\\\/?s={search_term_string}\"},\"query-input\":{\"@type\":\"PropertyValueSpecification\",\"valueRequired\":true,\"valueName\":\"search_term_string\"}}],\"inLanguage\":\"sk-SK\"},{\"@type\":\"Organization\",\"@id\":\"https:\\\/\\\/www.ssaki.eu\\\/#organization\",\"name\":\"Slovensk\u00e1 spolo\u010dnos\u0165 alergol\u00f3gie a klinickej imunol\u00f3gie\",\"url\":\"https:\\\/\\\/www.ssaki.eu\\\/\",\"logo\":{\"@type\":\"ImageObject\",\"inLanguage\":\"sk-SK\",\"@id\":\"https:\\\/\\\/www.ssaki.eu\\\/#\\\/schema\\\/logo\\\/image\\\/\",\"url\":\"https:\\\/\\\/www.ssaki.eu\\\/wp-content\\\/uploads\\\/2021\\\/01\\\/LOGO-1.png\",\"contentUrl\":\"https:\\\/\\\/www.ssaki.eu\\\/wp-content\\\/uploads\\\/2021\\\/01\\\/LOGO-1.png\",\"width\":1280,\"height\":720,\"caption\":\"Slovensk\u00e1 spolo\u010dnos\u0165 alergol\u00f3gie a klinickej imunol\u00f3gie\"},\"image\":{\"@id\":\"https:\\\/\\\/www.ssaki.eu\\\/#\\\/schema\\\/logo\\\/image\\\/\"},\"sameAs\":[\"https:\\\/\\\/www.facebook.com\\\/alergologoviaimunologoviaSK\"]}]}<\/script>\n<!-- \/ Yoast SEO plugin. -->","yoast_head_json":{"title":"Zo z\u00e1pisnice z 14.3.2025 - Slovensk\u00e1 spolo\u010dnos\u0165 alergol\u00f3gie a klinickej imunol\u00f3gie","description":"Sme odborn\u00e1 splo\u010dnos\u0165, ktor\u00e1 zdru\u017euje klinick\u00fdch imunol\u00f3gov a alergol\u00f3gov, ako aj in\u00fdch odborn\u00edkov so z\u00e1ujmom o tento odbor. Na\u0161a spolo\u010dnos\u0165 je hlavn\u00fdm organiz\u00e1torom kontunu\u00e1lneho vzdel\u00e1vania v tomto odbore na Slovensku.","robots":{"index":"index","follow":"follow","max-snippet":"max-snippet:-1","max-image-preview":"max-image-preview:large","max-video-preview":"max-video-preview:-1"},"canonical":"https:\/\/www.ssaki.eu\/?page_id=3916958","og_locale":"sk_SK","og_type":"article","og_title":"Zo z\u00e1pisnice z 14.3.2025 - Slovensk\u00e1 spolo\u010dnos\u0165 alergol\u00f3gie a klinickej imunol\u00f3gie","og_description":"Sme odborn\u00e1 splo\u010dnos\u0165, ktor\u00e1 zdru\u017euje klinick\u00fdch imunol\u00f3gov a alergol\u00f3gov, ako aj in\u00fdch odborn\u00edkov so z\u00e1ujmom o tento odbor. Na\u0161a spolo\u010dnos\u0165 je hlavn\u00fdm organiz\u00e1torom kontunu\u00e1lneho vzdel\u00e1vania v tomto odbore na Slovensku.","og_url":"https:\/\/www.ssaki.eu\/?page_id=3916958","og_site_name":"Slovensk\u00e1 spolo\u010dnos\u0165 alergol\u00f3gie a klinickej imunol\u00f3gie","article_publisher":"https:\/\/www.facebook.com\/alergologoviaimunologoviaSK","article_modified_time":"2025-03-15T21:56:51+00:00","og_image":[{"width":640,"height":360,"url":"https:\/\/www.ssaki.eu\/wp-content\/uploads\/2021\/01\/STOP_COVID_SSAKI-e1609772027682.png","type":"image\/png"}],"twitter_card":"summary_large_image","twitter_misc":{"Predpokladan\u00fd \u010das \u010d\u00edtania":"4 min\u00faty"},"schema":{"@context":"https:\/\/schema.org","@graph":[{"@type":["WebPage","MedicalWebPage"],"@id":"https:\/\/www.ssaki.eu\/?page_id=3916958","url":"https:\/\/www.ssaki.eu\/?page_id=3916958","name":"Zo z\u00e1pisnice z 14.3.2025 - Slovensk\u00e1 spolo\u010dnos\u0165 alergol\u00f3gie a klinickej imunol\u00f3gie","isPartOf":{"@id":"https:\/\/www.ssaki.eu\/#website"},"datePublished":"2025-03-15T21:56:49+00:00","dateModified":"2025-03-15T21:56:51+00:00","description":"Sme odborn\u00e1 splo\u010dnos\u0165, ktor\u00e1 zdru\u017euje klinick\u00fdch imunol\u00f3gov a alergol\u00f3gov, ako aj in\u00fdch odborn\u00edkov so z\u00e1ujmom o tento odbor. Na\u0161a spolo\u010dnos\u0165 je hlavn\u00fdm organiz\u00e1torom kontunu\u00e1lneho vzdel\u00e1vania v tomto odbore na Slovensku.","breadcrumb":{"@id":"https:\/\/www.ssaki.eu\/?page_id=3916958#breadcrumb"},"inLanguage":"sk-SK","potentialAction":[{"@type":"ReadAction","target":["https:\/\/www.ssaki.eu\/?page_id=3916958"]}]},{"@type":"BreadcrumbList","@id":"https:\/\/www.ssaki.eu\/?page_id=3916958#breadcrumb","itemListElement":[{"@type":"ListItem","position":1,"name":"Domovsk\u00e1 str\u00e1nka","item":"https:\/\/www.ssaki.eu\/"},{"@type":"ListItem","position":2,"name":"Zo z\u00e1pisnice z 14.3.2025"}]},{"@type":"WebSite","@id":"https:\/\/www.ssaki.eu\/#website","url":"https:\/\/www.ssaki.eu\/","name":"Slovensk\u00e1 spolo\u010dnos\u0165 alergol\u00f3gie a klinickej imunol\u00f3gie","description":"","publisher":{"@id":"https:\/\/www.ssaki.eu\/#organization"},"potentialAction":[{"@type":"SearchAction","target":{"@type":"EntryPoint","urlTemplate":"https:\/\/www.ssaki.eu\/?s={search_term_string}"},"query-input":{"@type":"PropertyValueSpecification","valueRequired":true,"valueName":"search_term_string"}}],"inLanguage":"sk-SK"},{"@type":"Organization","@id":"https:\/\/www.ssaki.eu\/#organization","name":"Slovensk\u00e1 spolo\u010dnos\u0165 alergol\u00f3gie a klinickej imunol\u00f3gie","url":"https:\/\/www.ssaki.eu\/","logo":{"@type":"ImageObject","inLanguage":"sk-SK","@id":"https:\/\/www.ssaki.eu\/#\/schema\/logo\/image\/","url":"https:\/\/www.ssaki.eu\/wp-content\/uploads\/2021\/01\/LOGO-1.png","contentUrl":"https:\/\/www.ssaki.eu\/wp-content\/uploads\/2021\/01\/LOGO-1.png","width":1280,"height":720,"caption":"Slovensk\u00e1 spolo\u010dnos\u0165 alergol\u00f3gie a klinickej imunol\u00f3gie"},"image":{"@id":"https:\/\/www.ssaki.eu\/#\/schema\/logo\/image\/"},"sameAs":["https:\/\/www.facebook.com\/alergologoviaimunologoviaSK"]}]}},"_links":{"self":[{"href":"https:\/\/www.ssaki.eu\/index.php?rest_route=\/wp\/v2\/pages\/3916958","targetHints":{"allow":["GET"]}}],"collection":[{"href":"https:\/\/www.ssaki.eu\/index.php?rest_route=\/wp\/v2\/pages"}],"about":[{"href":"https:\/\/www.ssaki.eu\/index.php?rest_route=\/wp\/v2\/types\/page"}],"author":[{"embeddable":true,"href":"https:\/\/www.ssaki.eu\/index.php?rest_route=\/wp\/v2\/users\/1"}],"replies":[{"embeddable":true,"href":"https:\/\/www.ssaki.eu\/index.php?rest_route=%2Fwp%2Fv2%2Fcomments&post=3916958"}],"version-history":[{"count":1,"href":"https:\/\/www.ssaki.eu\/index.php?rest_route=\/wp\/v2\/pages\/3916958\/revisions"}],"predecessor-version":[{"id":3916959,"href":"https:\/\/www.ssaki.eu\/index.php?rest_route=\/wp\/v2\/pages\/3916958\/revisions\/3916959"}],"wp:attachment":[{"href":"https:\/\/www.ssaki.eu\/index.php?rest_route=%2Fwp%2Fv2%2Fmedia&parent=3916958"}],"curies":[{"name":"wp","href":"https:\/\/api.w.org\/{rel}","templated":true}]}}