{"id":721,"date":"2013-05-12T23:25:55","date_gmt":"2013-05-12T21:25:55","guid":{"rendered":"http:\/\/www.ssaki.eu\/?page_id=721"},"modified":"2013-05-12T23:26:42","modified_gmt":"2013-05-12T21:26:42","slug":"zo-zapisnice-z-9-5-2013","status":"publish","type":"page","link":"https:\/\/www.ssaki.eu\/?page_id=721","title":{"rendered":"Zo z\u00e1pisnice z 9.5.2013"},"content":{"rendered":"<p>\n\t<strong>Z&aacute;pisnica zo zasadnutia v&yacute;boru SSAKI a&nbsp;Poradn&eacute;ho zboru hlavn&eacute;ho odborn&iacute;ka MZ SR pre KIA 9.5.2013<\/strong>\n<\/p>\n<p>\n\tPr&iacute;tomn&iacute;:Pru\u017einec,Vrl&iacute;k,Petriskov&aacute;,Hrubi&scaron;ko,Hochmuth,Barlov&aacute;,Mikler,&nbsp;<span style=\"line-height: 1.6em;\">Dzurillov&aacute;,Lap&scaron;ansk&aacute;,Schvalbov&aacute;<\/span>\n<\/p>\n<p>\n\tOspravedlnen&iacute;: Kov&aacute;\u010dov&aacute;,Koss&aacute;rov&aacute;,\u010ci\u017en&aacute;r,Ko&scaron;turiak\n<\/p>\n<p>\n\t<span style=\"line-height: 1.6em;\">1. V&yacute;bor ods&uacute;hlasil odovzdanie medail&iacute;&nbsp;na XXX.kongrese SSAKI a&nbsp;\u010cSAKI pri pr&iacute;le\u017eitosti \u017eivotn&eacute;ho jubilea (vybav&iacute; M. Schvalbov&aacute;)<\/span>\n<\/p>\n<p>\n\t<span style=\"line-height: 1.6em;\">2. MZ SR&nbsp;<\/span><span style=\"line-height: 1.6em;\">sa obr&aacute;tilo na hlavn&eacute;ho odborn&iacute;ka SSAKI so \u017eiados\u0165ou o&nbsp;vypracovanie metodick&eacute;ho listu antialergickej pr&iacute;pravy pacienta pred podan&iacute;m rentgenovej kontrastnej l&aacute;tky.<\/span>\n<\/p>\n<p>\n\t<span style=\"line-height: 1.6em;\">3.V&yacute;bor urguje&nbsp;dodanie metodick&eacute;ho pokynu t&yacute;kaj&uacute;ceho sa alergie na kravsk&eacute; mlieko (vi\u010f predch&aacute;dzaj&uacute;ce z&aacute;pisnice).<\/span>\n<\/p>\n<p>\n\t4.M.Vrl&iacute;k reaguje na list predsedu SLK M.Koll&aacute;ra t&yacute;kaj&uacute;ceho sa vypracovania medic&iacute;nskych &scaron;tandardov v&nbsp;na&scaron;om odbore.&nbsp;<span style=\"line-height: 1.6em;\">V&nbsp;odpovedi na uveden&yacute; list bude uveden&eacute; ,\u017ee na pr&iacute;prave &scaron;tandardov diagnostick&yacute;ch a&nbsp;terapeutick&yacute;ch postupov &nbsp;v&yacute;bor SSAKI pracuje dlh&eacute; roky, vytv&aacute;ra a&nbsp;pravidelne ich aktualizuje&nbsp;v spolupr&aacute;ci so SLS, ktor&aacute; je garantom odboru, rovnako tak aj v&nbsp;s&uacute;\u010dinnosti s&nbsp; MZ SR.<\/span>\n<\/p>\n<p>\n\t<span style=\"line-height: 1.6em;\">5.XXX.kongres SSAKI a&nbsp;\u010cSAKI-Bratislava (P.Pru\u017einec)&nbsp;<\/span><span style=\"line-height: 1.6em;\">Odborn&yacute; program(J.Petriskov&aacute;)&nbsp;<\/span><span style=\"line-height: 1.6em;\">Jese\u0148&aacute;k :imunomodul&aacute;cia v&nbsp;ruk&aacute;ch imunol&oacute;ga.&nbsp;<\/span><span style=\"line-height: 1.6em;\">Koordin&aacute;tori nie s&uacute; vyz&yacute;vate\u013emi &nbsp;predn&aacute;&scaron;ok.&nbsp;<\/span><span style=\"line-height: 1.6em;\">Maxim&aacute;lna d\u013a\u017eka symp&oacute;zia je 1,5 hod., max. dl\u017eka predn&aacute;&scaron;ky je 10 min. (J.Petriskov&aacute;).&nbsp;<\/span><span style=\"line-height: 1.6em;\">Na kongrese bude certifikovan&yacute; kurz 1.pomoci .&nbsp;<\/span><span style=\"line-height: 1.6em;\">V&nbsp;r&aacute;mci kongresu mo\u017enos\u0165 z&iacute;skania certifik&aacute;tu formou workshopu &#8211; (Ko&scaron;turiak poves&iacute; na web str&aacute;nku SSAKI)<\/span>\n<\/p>\n<p>\n\t6.J.Mikler referoval o&nbsp;absolvovan&aacute; kurzu I.pomoci na MDI, z&uacute;\u010dastnilo sa 52 \u013eud&iacute;\n<\/p>\n<p>\n\t7. E.Dzurillov&aacute;,M.Vrl&iacute;k referovali o probl&eacute;moch s uzn&aacute;van&iacute;m bodu 62 pois\u0165ov\u0148ou D&ocirc;vera a boli poveren&iacute; nap&iacute;sa\u0165 lis\u0165 riadite\u013eovi.\n<\/p>\n<p>\n\t8.Term&iacute;ny\n<\/p>\n<p>\n\t31.5-1.6. Alergia 2013 Bratislava (S&Uacute;ZA)\n<\/p>\n<p>\n\t13.-15.6.Pneumologick&yacute; kongres (Vysok&eacute; Tatry)\n<\/p>\n<p>\n\t21.-26.6.EAACI a&nbsp;WAO Milano\n<\/p>\n<p>\n\t4.7.zasadnutie organiza\u010dn&eacute;ho v&yacute;boru kongresu (tvorba odborn&eacute;ho programu)\n<\/p>\n<p>\n\t<span style=\"line-height: 1.6em;\">7.-11.9.ERS Barcelona<\/span>\n<\/p>\n<p>\n\t20.-21.9. zasadnutie organiza\u010dn&eacute;ho v&yacute;boru kongresu\n<\/p>\n<p>\n\t25.-28.9. XXX.kongres SSAKI a&nbsp;\u010cSAKI Bratislava\n<\/p>\n<p>\n\t25.-26.10. Asoci&aacute;cia s&uacute;kromn&yacute;ch lek&aacute;rov\n<\/p>\n<p>\n\t29.-30.11.F&oacute;rum AIT&nbsp;\n<\/p>\n<p>\n\t12.-14.12.zasadnutie v&yacute;boru\n<\/p>\n<p>\n\t<span style=\"line-height: 1.6em;\">Zap&iacute;sali Lap&scaron;ansk&aacute; ,Schvalbov&aacute;<\/span><\/p>\n","protected":false},"excerpt":{"rendered":"<p>Z&aacute;pisnica zo zasadnutia v&yacute;boru SSAKI a&nbsp;Poradn&eacute;ho zboru hlavn&eacute;ho odborn&iacute;ka MZ SR pre KIA 9.5.2013 Pr&iacute;tomn&iacute;:Pru\u017einec,Vrl&iacute;k,Petriskov&aacute;,Hrubi&scaron;ko,Hochmuth,Barlov&aacute;,Mikler,&nbsp;Dzurillov&aacute;,Lap&scaron;ansk&aacute;,Schvalbov&aacute; Ospravedlnen&iacute;: Kov&aacute;\u010dov&aacute;,Koss&aacute;rov&aacute;,\u010ci\u017en&aacute;r,Ko&scaron;turiak 1. V&yacute;bor ods&uacute;hlasil odovzdanie medail&iacute;&nbsp;na XXX.kongrese SSAKI a&nbsp;\u010cSAKI pri pr&iacute;le\u017eitosti \u017eivotn&eacute;ho jubilea (vybav&iacute; M. Schvalbov&aacute;) 2. MZ&#46;&#46;&#46;<\/p>\n","protected":false},"author":1,"featured_media":0,"parent":19,"menu_order":0,"comment_status":"closed","ping_status":"closed","template":"","meta":{"footnotes":""},"class_list":["post-721","page","type-page","status-publish","hentry"],"yoast_head":"<!-- This site is optimized with the Yoast SEO plugin v27.5 - https:\/\/yoast.com\/product\/yoast-seo-wordpress\/ -->\n<title>Zo z\u00e1pisnice z 9.5.2013 - Slovensk\u00e1 spolo\u010dnos\u0165 alergol\u00f3gie a klinickej imunol\u00f3gie<\/title>\n<meta name=\"description\" content=\"Sme odborn\u00e1 splo\u010dnos\u0165, ktor\u00e1 zdru\u017euje klinick\u00fdch imunol\u00f3gov a alergol\u00f3gov, ako aj in\u00fdch odborn\u00edkov so z\u00e1ujmom o tento odbor. Na\u0161a spolo\u010dnos\u0165 je hlavn\u00fdm organiz\u00e1torom kontunu\u00e1lneho vzdel\u00e1vania v tomto odbore na Slovensku.\" \/>\n<meta name=\"robots\" content=\"index, follow, max-snippet:-1, max-image-preview:large, max-video-preview:-1\" \/>\n<link rel=\"canonical\" href=\"https:\/\/www.ssaki.eu\/?page_id=721\" \/>\n<meta property=\"og:locale\" content=\"sk_SK\" \/>\n<meta property=\"og:type\" content=\"article\" \/>\n<meta property=\"og:title\" content=\"Zo z\u00e1pisnice z 9.5.2013 - Slovensk\u00e1 spolo\u010dnos\u0165 alergol\u00f3gie a klinickej imunol\u00f3gie\" \/>\n<meta property=\"og:description\" content=\"Sme odborn\u00e1 splo\u010dnos\u0165, ktor\u00e1 zdru\u017euje klinick\u00fdch imunol\u00f3gov a alergol\u00f3gov, ako aj in\u00fdch odborn\u00edkov so z\u00e1ujmom o tento odbor. Na\u0161a spolo\u010dnos\u0165 je hlavn\u00fdm organiz\u00e1torom kontunu\u00e1lneho vzdel\u00e1vania v tomto odbore na Slovensku.\" \/>\n<meta property=\"og:url\" content=\"https:\/\/www.ssaki.eu\/?page_id=721\" \/>\n<meta property=\"og:site_name\" content=\"Slovensk\u00e1 spolo\u010dnos\u0165 alergol\u00f3gie a klinickej imunol\u00f3gie\" \/>\n<meta property=\"article:publisher\" content=\"https:\/\/www.facebook.com\/alergologoviaimunologoviaSK\" \/>\n<meta property=\"article:modified_time\" content=\"2013-05-12T21:26:42+00:00\" \/>\n<meta property=\"og:image\" content=\"https:\/\/www.ssaki.eu\/wp-content\/uploads\/2021\/01\/STOP_COVID_SSAKI-e1609772027682.png\" \/>\n\t<meta property=\"og:image:width\" content=\"640\" \/>\n\t<meta property=\"og:image:height\" content=\"360\" \/>\n\t<meta property=\"og:image:type\" content=\"image\/png\" \/>\n<meta name=\"twitter:card\" content=\"summary_large_image\" \/>\n<meta name=\"twitter:label1\" content=\"Predpokladan\u00fd \u010das \u010d\u00edtania\" \/>\n\t<meta name=\"twitter:data1\" content=\"3 min\u00faty\" \/>\n<script type=\"application\/ld+json\" class=\"yoast-schema-graph\">{\"@context\":\"https:\\\/\\\/schema.org\",\"@graph\":[{\"@type\":[\"WebPage\",\"MedicalWebPage\"],\"@id\":\"https:\\\/\\\/www.ssaki.eu\\\/?page_id=721\",\"url\":\"https:\\\/\\\/www.ssaki.eu\\\/?page_id=721\",\"name\":\"Zo z\u00e1pisnice z 9.5.2013 - Slovensk\u00e1 spolo\u010dnos\u0165 alergol\u00f3gie a klinickej imunol\u00f3gie\",\"isPartOf\":{\"@id\":\"https:\\\/\\\/www.ssaki.eu\\\/#website\"},\"datePublished\":\"2013-05-12T21:25:55+00:00\",\"dateModified\":\"2013-05-12T21:26:42+00:00\",\"description\":\"Sme odborn\u00e1 splo\u010dnos\u0165, ktor\u00e1 zdru\u017euje klinick\u00fdch imunol\u00f3gov a alergol\u00f3gov, ako aj in\u00fdch odborn\u00edkov so z\u00e1ujmom o tento odbor. Na\u0161a spolo\u010dnos\u0165 je hlavn\u00fdm organiz\u00e1torom kontunu\u00e1lneho vzdel\u00e1vania v tomto odbore na Slovensku.\",\"breadcrumb\":{\"@id\":\"https:\\\/\\\/www.ssaki.eu\\\/?page_id=721#breadcrumb\"},\"inLanguage\":\"sk-SK\",\"potentialAction\":[{\"@type\":\"ReadAction\",\"target\":[\"https:\\\/\\\/www.ssaki.eu\\\/?page_id=721\"]}]},{\"@type\":\"BreadcrumbList\",\"@id\":\"https:\\\/\\\/www.ssaki.eu\\\/?page_id=721#breadcrumb\",\"itemListElement\":[{\"@type\":\"ListItem\",\"position\":1,\"name\":\"Domovsk\u00e1 str\u00e1nka\",\"item\":\"https:\\\/\\\/www.ssaki.eu\\\/\"},{\"@type\":\"ListItem\",\"position\":2,\"name\":\"V\u00fdbor spolo\u010dnosti\",\"item\":\"https:\\\/\\\/www.ssaki.eu\\\/?page_id=11\"},{\"@type\":\"ListItem\",\"position\":3,\"name\":\"Zo z\u00e1pisn\u00edc\",\"item\":\"https:\\\/\\\/www.ssaki.eu\\\/?page_id=19\"},{\"@type\":\"ListItem\",\"position\":4,\"name\":\"Zo z\u00e1pisnice z 9.5.2013\"}]},{\"@type\":\"WebSite\",\"@id\":\"https:\\\/\\\/www.ssaki.eu\\\/#website\",\"url\":\"https:\\\/\\\/www.ssaki.eu\\\/\",\"name\":\"Slovensk\u00e1 spolo\u010dnos\u0165 alergol\u00f3gie a klinickej imunol\u00f3gie\",\"description\":\"\",\"publisher\":{\"@id\":\"https:\\\/\\\/www.ssaki.eu\\\/#organization\"},\"potentialAction\":[{\"@type\":\"SearchAction\",\"target\":{\"@type\":\"EntryPoint\",\"urlTemplate\":\"https:\\\/\\\/www.ssaki.eu\\\/?s={search_term_string}\"},\"query-input\":{\"@type\":\"PropertyValueSpecification\",\"valueRequired\":true,\"valueName\":\"search_term_string\"}}],\"inLanguage\":\"sk-SK\"},{\"@type\":\"Organization\",\"@id\":\"https:\\\/\\\/www.ssaki.eu\\\/#organization\",\"name\":\"Slovensk\u00e1 spolo\u010dnos\u0165 alergol\u00f3gie a klinickej imunol\u00f3gie\",\"url\":\"https:\\\/\\\/www.ssaki.eu\\\/\",\"logo\":{\"@type\":\"ImageObject\",\"inLanguage\":\"sk-SK\",\"@id\":\"https:\\\/\\\/www.ssaki.eu\\\/#\\\/schema\\\/logo\\\/image\\\/\",\"url\":\"https:\\\/\\\/www.ssaki.eu\\\/wp-content\\\/uploads\\\/2021\\\/01\\\/LOGO-1.png\",\"contentUrl\":\"https:\\\/\\\/www.ssaki.eu\\\/wp-content\\\/uploads\\\/2021\\\/01\\\/LOGO-1.png\",\"width\":1280,\"height\":720,\"caption\":\"Slovensk\u00e1 spolo\u010dnos\u0165 alergol\u00f3gie a klinickej imunol\u00f3gie\"},\"image\":{\"@id\":\"https:\\\/\\\/www.ssaki.eu\\\/#\\\/schema\\\/logo\\\/image\\\/\"},\"sameAs\":[\"https:\\\/\\\/www.facebook.com\\\/alergologoviaimunologoviaSK\"]}]}<\/script>\n<!-- \/ Yoast SEO plugin. -->","yoast_head_json":{"title":"Zo z\u00e1pisnice z 9.5.2013 - Slovensk\u00e1 spolo\u010dnos\u0165 alergol\u00f3gie a klinickej imunol\u00f3gie","description":"Sme odborn\u00e1 splo\u010dnos\u0165, ktor\u00e1 zdru\u017euje klinick\u00fdch imunol\u00f3gov a alergol\u00f3gov, ako aj in\u00fdch odborn\u00edkov so z\u00e1ujmom o tento odbor. Na\u0161a spolo\u010dnos\u0165 je hlavn\u00fdm organiz\u00e1torom kontunu\u00e1lneho vzdel\u00e1vania v tomto odbore na Slovensku.","robots":{"index":"index","follow":"follow","max-snippet":"max-snippet:-1","max-image-preview":"max-image-preview:large","max-video-preview":"max-video-preview:-1"},"canonical":"https:\/\/www.ssaki.eu\/?page_id=721","og_locale":"sk_SK","og_type":"article","og_title":"Zo z\u00e1pisnice z 9.5.2013 - Slovensk\u00e1 spolo\u010dnos\u0165 alergol\u00f3gie a klinickej imunol\u00f3gie","og_description":"Sme odborn\u00e1 splo\u010dnos\u0165, ktor\u00e1 zdru\u017euje klinick\u00fdch imunol\u00f3gov a alergol\u00f3gov, ako aj in\u00fdch odborn\u00edkov so z\u00e1ujmom o tento odbor. Na\u0161a spolo\u010dnos\u0165 je hlavn\u00fdm organiz\u00e1torom kontunu\u00e1lneho vzdel\u00e1vania v tomto odbore na Slovensku.","og_url":"https:\/\/www.ssaki.eu\/?page_id=721","og_site_name":"Slovensk\u00e1 spolo\u010dnos\u0165 alergol\u00f3gie a klinickej imunol\u00f3gie","article_publisher":"https:\/\/www.facebook.com\/alergologoviaimunologoviaSK","article_modified_time":"2013-05-12T21:26:42+00:00","og_image":[{"width":640,"height":360,"url":"https:\/\/www.ssaki.eu\/wp-content\/uploads\/2021\/01\/STOP_COVID_SSAKI-e1609772027682.png","type":"image\/png"}],"twitter_card":"summary_large_image","twitter_misc":{"Predpokladan\u00fd \u010das \u010d\u00edtania":"3 min\u00faty"},"schema":{"@context":"https:\/\/schema.org","@graph":[{"@type":["WebPage","MedicalWebPage"],"@id":"https:\/\/www.ssaki.eu\/?page_id=721","url":"https:\/\/www.ssaki.eu\/?page_id=721","name":"Zo z\u00e1pisnice z 9.5.2013 - Slovensk\u00e1 spolo\u010dnos\u0165 alergol\u00f3gie a klinickej imunol\u00f3gie","isPartOf":{"@id":"https:\/\/www.ssaki.eu\/#website"},"datePublished":"2013-05-12T21:25:55+00:00","dateModified":"2013-05-12T21:26:42+00:00","description":"Sme odborn\u00e1 splo\u010dnos\u0165, ktor\u00e1 zdru\u017euje klinick\u00fdch imunol\u00f3gov a alergol\u00f3gov, ako aj in\u00fdch odborn\u00edkov so z\u00e1ujmom o tento odbor. Na\u0161a spolo\u010dnos\u0165 je hlavn\u00fdm organiz\u00e1torom kontunu\u00e1lneho vzdel\u00e1vania v tomto odbore na Slovensku.","breadcrumb":{"@id":"https:\/\/www.ssaki.eu\/?page_id=721#breadcrumb"},"inLanguage":"sk-SK","potentialAction":[{"@type":"ReadAction","target":["https:\/\/www.ssaki.eu\/?page_id=721"]}]},{"@type":"BreadcrumbList","@id":"https:\/\/www.ssaki.eu\/?page_id=721#breadcrumb","itemListElement":[{"@type":"ListItem","position":1,"name":"Domovsk\u00e1 str\u00e1nka","item":"https:\/\/www.ssaki.eu\/"},{"@type":"ListItem","position":2,"name":"V\u00fdbor spolo\u010dnosti","item":"https:\/\/www.ssaki.eu\/?page_id=11"},{"@type":"ListItem","position":3,"name":"Zo z\u00e1pisn\u00edc","item":"https:\/\/www.ssaki.eu\/?page_id=19"},{"@type":"ListItem","position":4,"name":"Zo z\u00e1pisnice z 9.5.2013"}]},{"@type":"WebSite","@id":"https:\/\/www.ssaki.eu\/#website","url":"https:\/\/www.ssaki.eu\/","name":"Slovensk\u00e1 spolo\u010dnos\u0165 alergol\u00f3gie a klinickej imunol\u00f3gie","description":"","publisher":{"@id":"https:\/\/www.ssaki.eu\/#organization"},"potentialAction":[{"@type":"SearchAction","target":{"@type":"EntryPoint","urlTemplate":"https:\/\/www.ssaki.eu\/?s={search_term_string}"},"query-input":{"@type":"PropertyValueSpecification","valueRequired":true,"valueName":"search_term_string"}}],"inLanguage":"sk-SK"},{"@type":"Organization","@id":"https:\/\/www.ssaki.eu\/#organization","name":"Slovensk\u00e1 spolo\u010dnos\u0165 alergol\u00f3gie a klinickej imunol\u00f3gie","url":"https:\/\/www.ssaki.eu\/","logo":{"@type":"ImageObject","inLanguage":"sk-SK","@id":"https:\/\/www.ssaki.eu\/#\/schema\/logo\/image\/","url":"https:\/\/www.ssaki.eu\/wp-content\/uploads\/2021\/01\/LOGO-1.png","contentUrl":"https:\/\/www.ssaki.eu\/wp-content\/uploads\/2021\/01\/LOGO-1.png","width":1280,"height":720,"caption":"Slovensk\u00e1 spolo\u010dnos\u0165 alergol\u00f3gie a klinickej imunol\u00f3gie"},"image":{"@id":"https:\/\/www.ssaki.eu\/#\/schema\/logo\/image\/"},"sameAs":["https:\/\/www.facebook.com\/alergologoviaimunologoviaSK"]}]}},"_links":{"self":[{"href":"https:\/\/www.ssaki.eu\/index.php?rest_route=\/wp\/v2\/pages\/721","targetHints":{"allow":["GET"]}}],"collection":[{"href":"https:\/\/www.ssaki.eu\/index.php?rest_route=\/wp\/v2\/pages"}],"about":[{"href":"https:\/\/www.ssaki.eu\/index.php?rest_route=\/wp\/v2\/types\/page"}],"author":[{"embeddable":true,"href":"https:\/\/www.ssaki.eu\/index.php?rest_route=\/wp\/v2\/users\/1"}],"replies":[{"embeddable":true,"href":"https:\/\/www.ssaki.eu\/index.php?rest_route=%2Fwp%2Fv2%2Fcomments&post=721"}],"version-history":[{"count":2,"href":"https:\/\/www.ssaki.eu\/index.php?rest_route=\/wp\/v2\/pages\/721\/revisions"}],"predecessor-version":[{"id":723,"href":"https:\/\/www.ssaki.eu\/index.php?rest_route=\/wp\/v2\/pages\/721\/revisions\/723"}],"up":[{"embeddable":true,"href":"https:\/\/www.ssaki.eu\/index.php?rest_route=\/wp\/v2\/pages\/19"}],"wp:attachment":[{"href":"https:\/\/www.ssaki.eu\/index.php?rest_route=%2Fwp%2Fv2%2Fmedia&parent=721"}],"curies":[{"name":"wp","href":"https:\/\/api.w.org\/{rel}","templated":true}]}}