{"id":944324,"date":"2015-11-10T18:23:50","date_gmt":"2015-11-10T16:23:50","guid":{"rendered":"http:\/\/www.ssaki.eu\/?page_id=944324"},"modified":"2015-11-10T18:26:09","modified_gmt":"2015-11-10T16:26:09","slug":"navrh-pripravy-alergickych-pacientov-na-vysetrenia-kontrastnymi-latkami-a-operacie","status":"publish","type":"page","link":"https:\/\/www.ssaki.eu\/?page_id=944324","title":{"rendered":"N\u00e1vrh pr\u00edpravy alergick\u00fdch pacientov na vy\u0161etrenia kontrastn\u00fdmi l\u00e1tkami a oper\u00e1cie"},"content":{"rendered":"<p>Alergick\u00e9 ochorenia celosvetovo narastaj\u00fa. V s\u00fa\u010dasnosti postihuj\u00fa 40% popul\u00e1cie civilizovan\u00fdch kraj\u00edn. Naj\u010dastej\u0161ie alergick\u00e9 choroby ako alergick\u00e1 n\u00e1dcha, astma, potravinov\u00e1, liekov\u00e1 alergia, atopick\u00fd ekz\u00e9m a alergia na bodnutie blanokr\u00eddlym hmyzom s\u00fa zn\u00e1me nielen zdravotn\u00edckej, ale aj laickej verejnosti. Najob\u00e1vanej\u0161\u00edm prejavom alergie je jej syst\u00e9mov\u00e1 forma &#8211; anafylaxia. Tieto diagn\u00f3zy dop\u013a\u0148aj\u00fa eozinofilov\u00e9 choroby (napr. \u010doraz \u010dastej\u0161ie sa vyskytuj\u00faca eozinofilov\u00e1 ezofagit\u00edda), histam\u00ednov\u00e1 intolerancia a mastocyt\u00f3za). Ke\u010f\u017ee alergici s\u00fa v\u0161eobecne hypersenzit\u00edvni pacienti a na r\u00f4zne podnety (chemick\u00e9 &#8211; farmakologick\u00e9, fyzik\u00e1lne, infek\u010dn\u00e9&#8230;) m\u00f4\u017eu reagova\u0165 inak (zvy\u010dajne intenz\u00edvnej\u0161ie) ako nealergick\u00e1 popul\u00e1cia, pred r\u00f4znymi z\u00e1krokmi (diagnostick\u00e9 postupy &#8211; napr. vy\u0161etrenie pomocou kontastnej l\u00e1tky, opera\u010dn\u00fd z\u00e1krok&#8230;) b\u00fdva potrebn\u00e1 antialergick\u00e1 pr\u00edprava. V pr\u00edprave t\u00fdchto pacientov je potrebn\u00e9 pou\u017ei\u0165 jednotn\u00fd postup, aby sme predch\u00e1dzali \u017eivot ohrozuj\u00facej anafylaktickej reakcii.<\/p>\n<p><strong>Pacienta pripravujeme pred celkovou anest\u00e9zou a pred vy\u0161etreniami kontrastn\u00fdmi l\u00e1tkami. Obzvl\u00e1\u0161\u0165 rizikov\u00fdch pacientov m\u00f4\u017eeme pripravi\u0165 aj pred lok\u00e1lnou a region\u00e1lnou (epidur\u00e1lnou) anest\u00e9zou.<\/strong><\/p>\n<p>Pred anest\u00e9zou:<br \/>\n\u2022 Pacient informuje lek\u00e1ra o svojom alergickom ochoren\u00ed<br \/>\n\u2022 U v\u0161etk\u00fdch pacientov je optim\u00e1lne ur\u010di\u0165 stupe\u0148 rizika, multidisciplin\u00e1rnym konz\u00edliom (alergol\u00f3g, anesteziol\u00f3g, a pod\u013ea typu choroby, resp. anamn\u00e9zy + dermatol\u00f3g, pneumol\u00f3g, ORL, gastroenterol\u00f3g hematol\u00f3g&#8230;)<br \/>\n\u2022 Individu\u00e1lne riziko ur\u010duje periopera\u010dn\u00fd mana\u017ement: premedik\u00e1ciu, anestetick\u00fa techniku, postoperat\u00edvnu analg\u00e9ziu a vynechanie potrebn\u00fdch liekov pred, po\u010das a po z\u00e1kroku<br \/>\n\u2022 Pacienta s anamn\u00e9zou predch\u00e1dzaj\u00facej reakcie na anestetik\u00e1 (aj pri suspekcii) m\u00e1 pred oper\u00e1ciou vy\u0161etri\u0165 alergol\u00f3g &#8211; imunol\u00f3g, ktor\u00fd zv\u00e1\u017ei potrebn\u00e9 vy\u0161etrenia in vitro a in vivo a navrhne vhodn\u00fd (alternat\u00edvny) postup.<\/p>\n<p><strong>Premedik\u00e1cia:<\/strong><br \/>\n\u2022 H1-antihistaminik\u00e1 I. ev. II. gener\u00e1cie p.o. (redukcia histam\u00ednov\u00e9ho efektu) de\u0148 pred z\u00e1krokom, u rizikov\u00fdch pacientov alergol\u00f3g zv\u00e1\u017ei pr\u00edpravu 48 h pred z\u00e1krokom (pokra\u010duje sa zvy\u010dajne aj v de\u0148 z\u00e1kroku a e\u0161te 48 h po \u0148om)<br \/>\n\u2022 Kortikostroidy: Prednizon 1mg \/kg\/de\u0148 12, 6 a 1 hodinu pred z\u00e1krokom<br \/>\n\u2022 Hydrocortison 100mg a Bisulepin hydrochlorid (Dithiaden) inj. 1hod. pred z\u00e1krokom, pod\u013ea veku a v\u00e1hy (0,5 do 6 rokov a 1,0mg \/6-14rokov = 1\/2-1 amp.)<\/p>\n<p>V de\u0148 anest\u00e9zy a chirurgick\u00e9ho z\u00e1kroku:<br \/>\n\u2022 Vynecha\u0165 suspektn\u00e9 alergizuj\u00face lieky<br \/>\n\u2022 U pacientov s mechanick\u00fdm sp\u00fa\u0161\u0165a\u010dom alergickej reakcie a mastocyt\u00f3zou vyl\u00fa\u010di\u0165: chladenie, otep\u013eovanie, tlak -tourniketom a prologovan\u00fa anest\u00e9zu<\/p>\n<p>Vypracovala: Dr.Koss\u00e1rov\u00e1<\/p>\n<p>Literat\u00fara z Allergy 70\/2015&#8230;<\/p>\n<h1>VEREJN\u00c1 DISKUSIA<\/h1>\n<h1>V pr\u00edpade, \u017ee navrhujete zmenu textu, pros\u00edm nap\u00ed\u0161te n\u00e1m \u010das\u0165, ktor\u00fa chcete vypusti\u0165 a z\u00e1rove\u0148 zadajte nov\u00fd text. \u010eakujeme<\/h1>\n<p>[si-contact-form form=&#8217;9&#8242;]<\/p>\n","protected":false},"excerpt":{"rendered":"<p>Alergick\u00e9 ochorenia celosvetovo narastaj\u00fa. V s\u00fa\u010dasnosti postihuj\u00fa 40% popul\u00e1cie civilizovan\u00fdch kraj\u00edn. Naj\u010dastej\u0161ie alergick\u00e9 choroby ako alergick\u00e1 n\u00e1dcha, astma, potravinov\u00e1, liekov\u00e1 alergia, atopick\u00fd ekz\u00e9m a alergia na bodnutie blanokr\u00eddlym hmyzom s\u00fa zn\u00e1me nielen zdravotn\u00edckej, ale&#46;&#46;&#46;<\/p>\n","protected":false},"author":1,"featured_media":0,"parent":0,"menu_order":0,"comment_status":"closed","ping_status":"closed","template":"","meta":{"footnotes":""},"class_list":["post-944324","page","type-page","status-publish","hentry"],"yoast_head":"<!-- This site is optimized with the Yoast SEO plugin v27.4 - https:\/\/yoast.com\/product\/yoast-seo-wordpress\/ -->\n<title>N\u00e1vrh pr\u00edpravy alergick\u00fdch pacientov na vy\u0161etrenia kontrastn\u00fdmi l\u00e1tkami a oper\u00e1cie - Slovensk\u00e1 spolo\u010dnos\u0165 alergol\u00f3gie a klinickej imunol\u00f3gie<\/title>\n<meta name=\"description\" content=\"Sme odborn\u00e1 splo\u010dnos\u0165, ktor\u00e1 zdru\u017euje klinick\u00fdch imunol\u00f3gov a alergol\u00f3gov, ako aj in\u00fdch odborn\u00edkov so z\u00e1ujmom o tento odbor. Na\u0161a spolo\u010dnos\u0165 je hlavn\u00fdm organiz\u00e1torom kontunu\u00e1lneho vzdel\u00e1vania v tomto odbore na Slovensku.\" \/>\n<meta name=\"robots\" content=\"index, follow, max-snippet:-1, max-image-preview:large, max-video-preview:-1\" \/>\n<link rel=\"canonical\" href=\"https:\/\/www.ssaki.eu\/?page_id=944324\" \/>\n<meta property=\"og:locale\" content=\"sk_SK\" \/>\n<meta property=\"og:type\" content=\"article\" \/>\n<meta property=\"og:title\" content=\"N\u00e1vrh pr\u00edpravy alergick\u00fdch pacientov na vy\u0161etrenia kontrastn\u00fdmi l\u00e1tkami a oper\u00e1cie - Slovensk\u00e1 spolo\u010dnos\u0165 alergol\u00f3gie a klinickej imunol\u00f3gie\" \/>\n<meta property=\"og:description\" content=\"Sme odborn\u00e1 splo\u010dnos\u0165, ktor\u00e1 zdru\u017euje klinick\u00fdch imunol\u00f3gov a alergol\u00f3gov, ako aj in\u00fdch odborn\u00edkov so z\u00e1ujmom o tento odbor. Na\u0161a spolo\u010dnos\u0165 je hlavn\u00fdm organiz\u00e1torom kontunu\u00e1lneho vzdel\u00e1vania v tomto odbore na Slovensku.\" \/>\n<meta property=\"og:url\" content=\"https:\/\/www.ssaki.eu\/?page_id=944324\" \/>\n<meta property=\"og:site_name\" content=\"Slovensk\u00e1 spolo\u010dnos\u0165 alergol\u00f3gie a klinickej imunol\u00f3gie\" \/>\n<meta property=\"article:publisher\" content=\"https:\/\/www.facebook.com\/alergologoviaimunologoviaSK\" \/>\n<meta property=\"article:modified_time\" content=\"2015-11-10T16:26:09+00:00\" \/>\n<meta property=\"og:image\" content=\"https:\/\/www.ssaki.eu\/wp-content\/uploads\/2021\/01\/STOP_COVID_SSAKI-e1609772027682.png\" \/>\n\t<meta property=\"og:image:width\" content=\"640\" \/>\n\t<meta property=\"og:image:height\" content=\"360\" \/>\n\t<meta property=\"og:image:type\" content=\"image\/png\" \/>\n<meta name=\"twitter:card\" content=\"summary_large_image\" \/>\n<meta name=\"twitter:label1\" content=\"Predpokladan\u00fd \u010das \u010d\u00edtania\" \/>\n\t<meta name=\"twitter:data1\" content=\"2 min\u00faty\" \/>\n<script type=\"application\/ld+json\" class=\"yoast-schema-graph\">{\"@context\":\"https:\\\/\\\/schema.org\",\"@graph\":[{\"@type\":[\"WebPage\",\"MedicalWebPage\"],\"@id\":\"https:\\\/\\\/www.ssaki.eu\\\/?page_id=944324\",\"url\":\"https:\\\/\\\/www.ssaki.eu\\\/?page_id=944324\",\"name\":\"N\u00e1vrh pr\u00edpravy alergick\u00fdch pacientov na vy\u0161etrenia kontrastn\u00fdmi l\u00e1tkami a oper\u00e1cie - Slovensk\u00e1 spolo\u010dnos\u0165 alergol\u00f3gie a klinickej imunol\u00f3gie\",\"isPartOf\":{\"@id\":\"https:\\\/\\\/www.ssaki.eu\\\/#website\"},\"datePublished\":\"2015-11-10T16:23:50+00:00\",\"dateModified\":\"2015-11-10T16:26:09+00:00\",\"description\":\"Sme odborn\u00e1 splo\u010dnos\u0165, ktor\u00e1 zdru\u017euje klinick\u00fdch imunol\u00f3gov a alergol\u00f3gov, ako aj in\u00fdch odborn\u00edkov so z\u00e1ujmom o tento odbor. Na\u0161a spolo\u010dnos\u0165 je hlavn\u00fdm organiz\u00e1torom kontunu\u00e1lneho vzdel\u00e1vania v tomto odbore na Slovensku.\",\"breadcrumb\":{\"@id\":\"https:\\\/\\\/www.ssaki.eu\\\/?page_id=944324#breadcrumb\"},\"inLanguage\":\"sk-SK\",\"potentialAction\":[{\"@type\":\"ReadAction\",\"target\":[\"https:\\\/\\\/www.ssaki.eu\\\/?page_id=944324\"]}]},{\"@type\":\"BreadcrumbList\",\"@id\":\"https:\\\/\\\/www.ssaki.eu\\\/?page_id=944324#breadcrumb\",\"itemListElement\":[{\"@type\":\"ListItem\",\"position\":1,\"name\":\"Domovsk\u00e1 str\u00e1nka\",\"item\":\"https:\\\/\\\/www.ssaki.eu\\\/\"},{\"@type\":\"ListItem\",\"position\":2,\"name\":\"N\u00e1vrh pr\u00edpravy alergick\u00fdch pacientov na vy\u0161etrenia kontrastn\u00fdmi l\u00e1tkami a oper\u00e1cie\"}]},{\"@type\":\"WebSite\",\"@id\":\"https:\\\/\\\/www.ssaki.eu\\\/#website\",\"url\":\"https:\\\/\\\/www.ssaki.eu\\\/\",\"name\":\"Slovensk\u00e1 spolo\u010dnos\u0165 alergol\u00f3gie a klinickej imunol\u00f3gie\",\"description\":\"\",\"publisher\":{\"@id\":\"https:\\\/\\\/www.ssaki.eu\\\/#organization\"},\"potentialAction\":[{\"@type\":\"SearchAction\",\"target\":{\"@type\":\"EntryPoint\",\"urlTemplate\":\"https:\\\/\\\/www.ssaki.eu\\\/?s={search_term_string}\"},\"query-input\":{\"@type\":\"PropertyValueSpecification\",\"valueRequired\":true,\"valueName\":\"search_term_string\"}}],\"inLanguage\":\"sk-SK\"},{\"@type\":\"Organization\",\"@id\":\"https:\\\/\\\/www.ssaki.eu\\\/#organization\",\"name\":\"Slovensk\u00e1 spolo\u010dnos\u0165 alergol\u00f3gie a klinickej imunol\u00f3gie\",\"url\":\"https:\\\/\\\/www.ssaki.eu\\\/\",\"logo\":{\"@type\":\"ImageObject\",\"inLanguage\":\"sk-SK\",\"@id\":\"https:\\\/\\\/www.ssaki.eu\\\/#\\\/schema\\\/logo\\\/image\\\/\",\"url\":\"https:\\\/\\\/www.ssaki.eu\\\/wp-content\\\/uploads\\\/2021\\\/01\\\/LOGO-1.png\",\"contentUrl\":\"https:\\\/\\\/www.ssaki.eu\\\/wp-content\\\/uploads\\\/2021\\\/01\\\/LOGO-1.png\",\"width\":1280,\"height\":720,\"caption\":\"Slovensk\u00e1 spolo\u010dnos\u0165 alergol\u00f3gie a klinickej imunol\u00f3gie\"},\"image\":{\"@id\":\"https:\\\/\\\/www.ssaki.eu\\\/#\\\/schema\\\/logo\\\/image\\\/\"},\"sameAs\":[\"https:\\\/\\\/www.facebook.com\\\/alergologoviaimunologoviaSK\"]}]}<\/script>\n<!-- \/ Yoast SEO plugin. -->","yoast_head_json":{"title":"N\u00e1vrh pr\u00edpravy alergick\u00fdch pacientov na vy\u0161etrenia kontrastn\u00fdmi l\u00e1tkami a oper\u00e1cie - Slovensk\u00e1 spolo\u010dnos\u0165 alergol\u00f3gie a klinickej imunol\u00f3gie","description":"Sme odborn\u00e1 splo\u010dnos\u0165, ktor\u00e1 zdru\u017euje klinick\u00fdch imunol\u00f3gov a alergol\u00f3gov, ako aj in\u00fdch odborn\u00edkov so z\u00e1ujmom o tento odbor. Na\u0161a spolo\u010dnos\u0165 je hlavn\u00fdm organiz\u00e1torom kontunu\u00e1lneho vzdel\u00e1vania v tomto odbore na Slovensku.","robots":{"index":"index","follow":"follow","max-snippet":"max-snippet:-1","max-image-preview":"max-image-preview:large","max-video-preview":"max-video-preview:-1"},"canonical":"https:\/\/www.ssaki.eu\/?page_id=944324","og_locale":"sk_SK","og_type":"article","og_title":"N\u00e1vrh pr\u00edpravy alergick\u00fdch pacientov na vy\u0161etrenia kontrastn\u00fdmi l\u00e1tkami a oper\u00e1cie - Slovensk\u00e1 spolo\u010dnos\u0165 alergol\u00f3gie a klinickej imunol\u00f3gie","og_description":"Sme odborn\u00e1 splo\u010dnos\u0165, ktor\u00e1 zdru\u017euje klinick\u00fdch imunol\u00f3gov a alergol\u00f3gov, ako aj in\u00fdch odborn\u00edkov so z\u00e1ujmom o tento odbor. Na\u0161a spolo\u010dnos\u0165 je hlavn\u00fdm organiz\u00e1torom kontunu\u00e1lneho vzdel\u00e1vania v tomto odbore na Slovensku.","og_url":"https:\/\/www.ssaki.eu\/?page_id=944324","og_site_name":"Slovensk\u00e1 spolo\u010dnos\u0165 alergol\u00f3gie a klinickej imunol\u00f3gie","article_publisher":"https:\/\/www.facebook.com\/alergologoviaimunologoviaSK","article_modified_time":"2015-11-10T16:26:09+00:00","og_image":[{"width":640,"height":360,"url":"https:\/\/www.ssaki.eu\/wp-content\/uploads\/2021\/01\/STOP_COVID_SSAKI-e1609772027682.png","type":"image\/png"}],"twitter_card":"summary_large_image","twitter_misc":{"Predpokladan\u00fd \u010das \u010d\u00edtania":"2 min\u00faty"},"schema":{"@context":"https:\/\/schema.org","@graph":[{"@type":["WebPage","MedicalWebPage"],"@id":"https:\/\/www.ssaki.eu\/?page_id=944324","url":"https:\/\/www.ssaki.eu\/?page_id=944324","name":"N\u00e1vrh pr\u00edpravy alergick\u00fdch pacientov na vy\u0161etrenia kontrastn\u00fdmi l\u00e1tkami a oper\u00e1cie - Slovensk\u00e1 spolo\u010dnos\u0165 alergol\u00f3gie a klinickej imunol\u00f3gie","isPartOf":{"@id":"https:\/\/www.ssaki.eu\/#website"},"datePublished":"2015-11-10T16:23:50+00:00","dateModified":"2015-11-10T16:26:09+00:00","description":"Sme odborn\u00e1 splo\u010dnos\u0165, ktor\u00e1 zdru\u017euje klinick\u00fdch imunol\u00f3gov a alergol\u00f3gov, ako aj in\u00fdch odborn\u00edkov so z\u00e1ujmom o tento odbor. Na\u0161a spolo\u010dnos\u0165 je hlavn\u00fdm organiz\u00e1torom kontunu\u00e1lneho vzdel\u00e1vania v tomto odbore na Slovensku.","breadcrumb":{"@id":"https:\/\/www.ssaki.eu\/?page_id=944324#breadcrumb"},"inLanguage":"sk-SK","potentialAction":[{"@type":"ReadAction","target":["https:\/\/www.ssaki.eu\/?page_id=944324"]}]},{"@type":"BreadcrumbList","@id":"https:\/\/www.ssaki.eu\/?page_id=944324#breadcrumb","itemListElement":[{"@type":"ListItem","position":1,"name":"Domovsk\u00e1 str\u00e1nka","item":"https:\/\/www.ssaki.eu\/"},{"@type":"ListItem","position":2,"name":"N\u00e1vrh pr\u00edpravy alergick\u00fdch pacientov na vy\u0161etrenia kontrastn\u00fdmi l\u00e1tkami a oper\u00e1cie"}]},{"@type":"WebSite","@id":"https:\/\/www.ssaki.eu\/#website","url":"https:\/\/www.ssaki.eu\/","name":"Slovensk\u00e1 spolo\u010dnos\u0165 alergol\u00f3gie a klinickej imunol\u00f3gie","description":"","publisher":{"@id":"https:\/\/www.ssaki.eu\/#organization"},"potentialAction":[{"@type":"SearchAction","target":{"@type":"EntryPoint","urlTemplate":"https:\/\/www.ssaki.eu\/?s={search_term_string}"},"query-input":{"@type":"PropertyValueSpecification","valueRequired":true,"valueName":"search_term_string"}}],"inLanguage":"sk-SK"},{"@type":"Organization","@id":"https:\/\/www.ssaki.eu\/#organization","name":"Slovensk\u00e1 spolo\u010dnos\u0165 alergol\u00f3gie a klinickej imunol\u00f3gie","url":"https:\/\/www.ssaki.eu\/","logo":{"@type":"ImageObject","inLanguage":"sk-SK","@id":"https:\/\/www.ssaki.eu\/#\/schema\/logo\/image\/","url":"https:\/\/www.ssaki.eu\/wp-content\/uploads\/2021\/01\/LOGO-1.png","contentUrl":"https:\/\/www.ssaki.eu\/wp-content\/uploads\/2021\/01\/LOGO-1.png","width":1280,"height":720,"caption":"Slovensk\u00e1 spolo\u010dnos\u0165 alergol\u00f3gie a klinickej imunol\u00f3gie"},"image":{"@id":"https:\/\/www.ssaki.eu\/#\/schema\/logo\/image\/"},"sameAs":["https:\/\/www.facebook.com\/alergologoviaimunologoviaSK"]}]}},"_links":{"self":[{"href":"https:\/\/www.ssaki.eu\/index.php?rest_route=\/wp\/v2\/pages\/944324","targetHints":{"allow":["GET"]}}],"collection":[{"href":"https:\/\/www.ssaki.eu\/index.php?rest_route=\/wp\/v2\/pages"}],"about":[{"href":"https:\/\/www.ssaki.eu\/index.php?rest_route=\/wp\/v2\/types\/page"}],"author":[{"embeddable":true,"href":"https:\/\/www.ssaki.eu\/index.php?rest_route=\/wp\/v2\/users\/1"}],"replies":[{"embeddable":true,"href":"https:\/\/www.ssaki.eu\/index.php?rest_route=%2Fwp%2Fv2%2Fcomments&post=944324"}],"version-history":[{"count":4,"href":"https:\/\/www.ssaki.eu\/index.php?rest_route=\/wp\/v2\/pages\/944324\/revisions"}],"predecessor-version":[{"id":944414,"href":"https:\/\/www.ssaki.eu\/index.php?rest_route=\/wp\/v2\/pages\/944324\/revisions\/944414"}],"wp:attachment":[{"href":"https:\/\/www.ssaki.eu\/index.php?rest_route=%2Fwp%2Fv2%2Fmedia&parent=944324"}],"curies":[{"name":"wp","href":"https:\/\/api.w.org\/{rel}","templated":true}]}}